{"id":1005,"date":"2022-05-25T10:59:05","date_gmt":"2022-05-25T08:59:05","guid":{"rendered":"https:\/\/abc-cloud.de\/attina\/f1-hilfe\/?page_id=1005"},"modified":"2022-09-26T10:47:45","modified_gmt":"2022-09-26T08:47:45","slug":"monatsuebersicht-detail","status":"publish","type":"page","link":"https:\/\/abc-cloud.de\/attina\/f1-hilfe\/monatsuebersicht-detail\/","title":{"rendered":"Monats\u00fcbersicht Detail"},"content":{"rendered":"\n<h2 class=\"wp-block-heading\">Monats\u00fcbersicht \u2013 Detail<\/h2>\n\n\n\n<figure class=\"wp-block-image size-full\"><img loading=\"lazy\" decoding=\"async\" width=\"162\" height=\"25\" src=\"https:\/\/abc-cloud.de\/attina\/f1-hilfe\/wp-content\/uploads\/2022\/05\/MO1.png\" alt=\"\" class=\"wp-image-1006\"\/><\/figure>\n\n\n\n<div class=\"wp-block-group is-nowrap is-layout-flex wp-container-core-group-is-layout-ad2f72ca wp-block-group-is-layout-flex\">\n<div class=\"wp-block-group is-nowrap is-layout-flex wp-container-core-group-is-layout-ad2f72ca wp-block-group-is-layout-flex\">\n<figure class=\"wp-block-image size-full\"><a href=\"https:\/\/abc-cloud.de\/attina\/f1-hilfe\/wp-content\/uploads\/2022\/09\/Screenshot-Monatsuebersicht-Detail-w.webp\"><img loading=\"lazy\" decoding=\"async\" width=\"927\" height=\"912\" src=\"https:\/\/abc-cloud.de\/attina\/f1-hilfe\/wp-content\/uploads\/2022\/09\/Screenshot-Monatsuebersicht-Detail-w.webp\" alt=\"\" class=\"wp-image-1380\" srcset=\"https:\/\/abc-cloud.de\/attina\/f1-hilfe\/wp-content\/uploads\/2022\/09\/Screenshot-Monatsuebersicht-Detail-w.webp 927w, https:\/\/abc-cloud.de\/attina\/f1-hilfe\/wp-content\/uploads\/2022\/09\/Screenshot-Monatsuebersicht-Detail-w-300x295.webp 300w, https:\/\/abc-cloud.de\/attina\/f1-hilfe\/wp-content\/uploads\/2022\/09\/Screenshot-Monatsuebersicht-Detail-w-768x756.webp 768w\" sizes=\"auto, (max-width: 927px) 100vw, 927px\" \/><\/a><\/figure>\n<\/div>\n<\/div>\n\n\n\n<figure class=\"wp-block-image size-full\"><a href=\"https:\/\/abc-cloud.de\/attina\/f1-hilfe\/wp-content\/uploads\/2022\/09\/Screenshot-Monatsuebersicht-Detail-2-w.webp\"><img loading=\"lazy\" decoding=\"async\" width=\"990\" height=\"305\" src=\"https:\/\/abc-cloud.de\/attina\/f1-hilfe\/wp-content\/uploads\/2022\/09\/Screenshot-Monatsuebersicht-Detail-2-w.webp\" alt=\"\" class=\"wp-image-1382\" srcset=\"https:\/\/abc-cloud.de\/attina\/f1-hilfe\/wp-content\/uploads\/2022\/09\/Screenshot-Monatsuebersicht-Detail-2-w.webp 990w, https:\/\/abc-cloud.de\/attina\/f1-hilfe\/wp-content\/uploads\/2022\/09\/Screenshot-Monatsuebersicht-Detail-2-w-300x92.webp 300w, https:\/\/abc-cloud.de\/attina\/f1-hilfe\/wp-content\/uploads\/2022\/09\/Screenshot-Monatsuebersicht-Detail-2-w-768x237.webp 768w\" sizes=\"auto, (max-width: 990px) 100vw, 990px\" \/><\/a><\/figure>\n\n\n\n<p>Die Monats\u00fcbersicht-Detail kann f\u00fcr einen Zeitbereich ausgew\u00e4hlt werden .Die Liste l\u00e4sst sich nach Disponenten gruppieren, sowie Stunden oder LA-Typen (Auftrag, Krankheit, Urlaub, etc.) anzeigen. Mit der Vergr\u00f6\u00dferung erhalten Sie eine Voransicht und mit dem Druckersymbol drucken Sie die Liste aus. Ebenfalls w\u00e4re \u00fcber unser generelles Ausgabemodul, eine Excelausgabe m\u00f6glich.<\/p>\n","protected":false},"excerpt":{"rendered":"<p>Monats\u00fcbersicht \u2013 Detail Die Monats\u00fcbersicht-Detail kann f\u00fcr einen Zeitbereich ausgew\u00e4hlt werden .Die Liste l\u00e4sst sich nach Disponenten gruppieren, sowie Stunden oder LA-Typen (Auftrag, Krankheit, Urlaub, etc.) anzeigen. Mit der Vergr\u00f6\u00dferung erhalten Sie eine Voransicht und mit dem Druckersymbol drucken Sie die Liste aus. Ebenfalls w\u00e4re \u00fcber unser generelles Ausgabemodul, eine Excelausgabe m\u00f6glich.<\/p>\n","protected":false},"author":1,"featured_media":0,"parent":0,"menu_order":0,"comment_status":"closed","ping_status":"closed","template":"","meta":{"footnotes":""},"class_list":["post-1005","page","type-page","status-publish","hentry"],"_links":{"self":[{"href":"https:\/\/abc-cloud.de\/attina\/f1-hilfe\/wp-json\/wp\/v2\/pages\/1005","targetHints":{"allow":["GET"]}}],"collection":[{"href":"https:\/\/abc-cloud.de\/attina\/f1-hilfe\/wp-json\/wp\/v2\/pages"}],"about":[{"href":"https:\/\/abc-cloud.de\/attina\/f1-hilfe\/wp-json\/wp\/v2\/types\/page"}],"author":[{"embeddable":true,"href":"https:\/\/abc-cloud.de\/attina\/f1-hilfe\/wp-json\/wp\/v2\/users\/1"}],"replies":[{"embeddable":true,"href":"https:\/\/abc-cloud.de\/attina\/f1-hilfe\/wp-json\/wp\/v2\/comments?post=1005"}],"version-history":[{"count":2,"href":"https:\/\/abc-cloud.de\/attina\/f1-hilfe\/wp-json\/wp\/v2\/pages\/1005\/revisions"}],"predecessor-version":[{"id":1383,"href":"https:\/\/abc-cloud.de\/attina\/f1-hilfe\/wp-json\/wp\/v2\/pages\/1005\/revisions\/1383"}],"wp:attachment":[{"href":"https:\/\/abc-cloud.de\/attina\/f1-hilfe\/wp-json\/wp\/v2\/media?parent=1005"}],"curies":[{"name":"wp","href":"https:\/\/api.w.org\/{rel}","templated":true}]}}