{"id":1700,"date":"2025-01-08T10:24:48","date_gmt":"2025-01-08T09:24:48","guid":{"rendered":"https:\/\/abc-cloud.de\/attina\/f1-hilfe\/?page_id=1700"},"modified":"2025-01-21T13:54:29","modified_gmt":"2025-01-21T12:54:29","slug":"modul-verfuegbarkeit-in-pia","status":"publish","type":"page","link":"https:\/\/abc-cloud.de\/attina\/f1-hilfe\/modul-verfuegbarkeit-in-pia\/","title":{"rendered":"PIA &#8211; Verf\u00fcgbarkeiten"},"content":{"rendered":"\n<p>Ihre Mitarbeitenden k\u00f6nnen in diesem Modul angeben, zu welchen Zeiten innerhalb einer Woche sie f\u00fcr Jobeins\u00e4tze verf\u00fcgbar sind. <\/p>\n\n\n\n<p>Diese angegebenen Zeiten k\u00f6nnen die Mitarbeitenden an Sie senden, so dass Sie, bzw. die Disponent:innen, die Eins\u00e4tze einfacher planen k\u00f6nnen. <\/p>\n\n\n\n<p>In diesem kurzen Video zeigen wir Ihnen, wie es geht: <\/p>\n\n\n\n<figure class=\"wp-block-video\"><video height=\"1080\" style=\"aspect-ratio: 1920 \/ 1080;\" width=\"1920\" controls src=\"https:\/\/abc-cloud.de\/attina\/f1-hilfe\/wp-content\/uploads\/2025\/01\/Verfuegbarkeiten.mp4\"><\/video><\/figure>\n","protected":false},"excerpt":{"rendered":"<p>Ihre Mitarbeitenden k\u00f6nnen in diesem Modul angeben, zu welchen Zeiten innerhalb einer Woche sie f\u00fcr Jobeins\u00e4tze verf\u00fcgbar sind. Diese angegebenen Zeiten k\u00f6nnen die Mitarbeitenden an Sie senden, so dass Sie, bzw. die Disponent:innen, die Eins\u00e4tze einfacher planen k\u00f6nnen. In diesem kurzen Video zeigen wir Ihnen, wie es geht:<\/p>\n","protected":false},"author":4,"featured_media":0,"parent":0,"menu_order":0,"comment_status":"closed","ping_status":"closed","template":"","meta":{"footnotes":""},"class_list":["post-1700","page","type-page","status-publish","hentry"],"_links":{"self":[{"href":"https:\/\/abc-cloud.de\/attina\/f1-hilfe\/wp-json\/wp\/v2\/pages\/1700","targetHints":{"allow":["GET"]}}],"collection":[{"href":"https:\/\/abc-cloud.de\/attina\/f1-hilfe\/wp-json\/wp\/v2\/pages"}],"about":[{"href":"https:\/\/abc-cloud.de\/attina\/f1-hilfe\/wp-json\/wp\/v2\/types\/page"}],"author":[{"embeddable":true,"href":"https:\/\/abc-cloud.de\/attina\/f1-hilfe\/wp-json\/wp\/v2\/users\/4"}],"replies":[{"embeddable":true,"href":"https:\/\/abc-cloud.de\/attina\/f1-hilfe\/wp-json\/wp\/v2\/comments?post=1700"}],"version-history":[{"count":3,"href":"https:\/\/abc-cloud.de\/attina\/f1-hilfe\/wp-json\/wp\/v2\/pages\/1700\/revisions"}],"predecessor-version":[{"id":2125,"href":"https:\/\/abc-cloud.de\/attina\/f1-hilfe\/wp-json\/wp\/v2\/pages\/1700\/revisions\/2125"}],"wp:attachment":[{"href":"https:\/\/abc-cloud.de\/attina\/f1-hilfe\/wp-json\/wp\/v2\/media?parent=1700"}],"curies":[{"name":"wp","href":"https:\/\/api.w.org\/{rel}","templated":true}]}}