{"id":1733,"date":"2024-07-17T11:00:46","date_gmt":"2024-07-17T09:00:46","guid":{"rendered":"https:\/\/abc-cloud.de\/attina\/f1-hilfe\/?page_id=1733"},"modified":"2025-04-15T10:01:34","modified_gmt":"2025-04-15T08:01:34","slug":"praemie","status":"publish","type":"page","link":"https:\/\/abc-cloud.de\/attina\/f1-hilfe\/praemie\/","title":{"rendered":"Lohnart &#8222;Pr\u00e4mie&#8220;"},"content":{"rendered":"\n<p>Wenn Sie Ihren Mitarbeitern eine Pr\u00e4mie zahlen wollen, die nicht abh\u00e4ngig von Lohn und einem bestimmten Tag\/Zeitraum abh\u00e4ngig ist, zum Beispiel  einmalig Fahrgeld pro Auftrag, dann gehen Sie wie folgt vor:<\/p>\n\n\n\n<p>Klicken Sie im Men\u00fcband in attina auf &#8218;Stammdaten&#8216; und dann auf &#8218;Lohnarten u. Kundenzuschl\u00e4ge&#8216;. <\/p>\n\n\n\n<figure class=\"wp-block-image size-full is-resized\"><img loading=\"lazy\" decoding=\"async\" width=\"465\" height=\"387\" src=\"https:\/\/abc-cloud.de\/attina\/f1-hilfe\/wp-content\/uploads\/2024\/07\/image-6.png\" alt=\"\" class=\"wp-image-1734\" style=\"width:252px;height:auto\" srcset=\"https:\/\/abc-cloud.de\/attina\/f1-hilfe\/wp-content\/uploads\/2024\/07\/image-6.png 465w, https:\/\/abc-cloud.de\/attina\/f1-hilfe\/wp-content\/uploads\/2024\/07\/image-6-300x250.png 300w\" sizes=\"auto, (max-width: 465px) 100vw, 465px\" \/><\/figure>\n\n\n\n<p>Klicken Sie in diesem Modul oben links auf das &#8218;+&#8216; und erstellen Sie eine neue Lohnart. <br>WICHTIG: Gleichen Sie die LA-Nummer bitte mit Ihrem Steuerb\u00fcro ab! <\/p>\n\n\n\n<p>F\u00fcllen Sie die Maske wie folgt aus: <\/p>\n\n\n\n<figure class=\"wp-block-image size-full\"><img loading=\"lazy\" decoding=\"async\" width=\"895\" height=\"842\" src=\"https:\/\/abc-cloud.de\/attina\/f1-hilfe\/wp-content\/uploads\/2024\/07\/image-8.png\" alt=\"\" class=\"wp-image-1736\" srcset=\"https:\/\/abc-cloud.de\/attina\/f1-hilfe\/wp-content\/uploads\/2024\/07\/image-8.png 895w, https:\/\/abc-cloud.de\/attina\/f1-hilfe\/wp-content\/uploads\/2024\/07\/image-8-300x282.png 300w, https:\/\/abc-cloud.de\/attina\/f1-hilfe\/wp-content\/uploads\/2024\/07\/image-8-768x723.png 768w\" sizes=\"auto, (max-width: 895px) 100vw, 895px\" \/><\/figure>\n\n\n\n<p>Ist alles eingetragen, so speichern Sie die Angaben mit einem Klick auf den Haken oben links im Modulfenster. <\/p>\n\n\n\n<p>Nun \u00f6ffnen Sie das Modul &#8222;Fakturierung&#8220;. Klicken Sie hierzu auf die Kachel im attina-Desktop oder klicken Sie im Men\u00fcband auf &#8218;Abla\u00e4ufe&#8216; und dann auf  &#8218;Fakturierung&#8216; um das Modul zu \u00f6ffnen. <br>W\u00e4hlen Sie dort den gew\u00fcnschten Mitarbeiter und den gew\u00fcnschten Zeitbereich aus.<br>Wenn alle Daten hinterlegt sind, klicken Sie auf einen Tag im Monat, an dem der Mitarbeiter NICHT gearbeitet hat. Es ist auch ein Wochenendtag m\u00f6glich.<br>Im unteren Bereich klicken Sie auf das Plus-Zeichen und es \u00f6ffnet sich ein neues Fenster. (siehe Screenshot unten)<\/p>\n\n\n\n<p><br>Lohnart hinzuf\u00fcgen: geben Sie im PopUp-Fenster die Lohnart &#8222;Pr\u00e4mie&#8220; ein, bei Menge die Anzahl &#8222;1&#8220; und bei Summe den Betrag, den der Mitarbeiter erhalten soll. Best\u00e4tigen Sie anschlie\u00dfend Ihre Angabenn mit Klick auf &#8222;OK&#8220;.  (siehe unterer Screenshot)<\/p>\n\n\n\n<figure class=\"wp-block-image size-large is-resized\"><img loading=\"lazy\" decoding=\"async\" width=\"1024\" height=\"663\" src=\"https:\/\/abc-cloud.de\/attina\/f1-hilfe\/wp-content\/uploads\/2024\/07\/image-9-1024x663.png\" alt=\"\" class=\"wp-image-1737\" style=\"width:826px;height:auto\" srcset=\"https:\/\/abc-cloud.de\/attina\/f1-hilfe\/wp-content\/uploads\/2024\/07\/image-9-1024x663.png 1024w, https:\/\/abc-cloud.de\/attina\/f1-hilfe\/wp-content\/uploads\/2024\/07\/image-9-300x194.png 300w, https:\/\/abc-cloud.de\/attina\/f1-hilfe\/wp-content\/uploads\/2024\/07\/image-9-768x497.png 768w, https:\/\/abc-cloud.de\/attina\/f1-hilfe\/wp-content\/uploads\/2024\/07\/image-9.png 1049w\" sizes=\"auto, (max-width: 1024px) 100vw, 1024px\" \/><\/figure>\n","protected":false},"excerpt":{"rendered":"<p>Wenn Sie Ihren Mitarbeitern eine Pr\u00e4mie zahlen wollen, die nicht abh\u00e4ngig von Lohn und einem bestimmten Tag\/Zeitraum abh\u00e4ngig ist, zum Beispiel einmalig Fahrgeld pro Auftrag, dann gehen Sie wie folgt vor: Klicken Sie im Men\u00fcband in attina auf &#8218;Stammdaten&#8216; und dann auf &#8218;Lohnarten u. Kundenzuschl\u00e4ge&#8216;. Klicken Sie in diesem Modul oben links auf das &#8218;+&#8216; [&hellip;]<\/p>\n","protected":false},"author":4,"featured_media":0,"parent":0,"menu_order":0,"comment_status":"closed","ping_status":"closed","template":"","meta":{"footnotes":""},"class_list":["post-1733","page","type-page","status-publish","hentry"],"_links":{"self":[{"href":"https:\/\/abc-cloud.de\/attina\/f1-hilfe\/wp-json\/wp\/v2\/pages\/1733","targetHints":{"allow":["GET"]}}],"collection":[{"href":"https:\/\/abc-cloud.de\/attina\/f1-hilfe\/wp-json\/wp\/v2\/pages"}],"about":[{"href":"https:\/\/abc-cloud.de\/attina\/f1-hilfe\/wp-json\/wp\/v2\/types\/page"}],"author":[{"embeddable":true,"href":"https:\/\/abc-cloud.de\/attina\/f1-hilfe\/wp-json\/wp\/v2\/users\/4"}],"replies":[{"embeddable":true,"href":"https:\/\/abc-cloud.de\/attina\/f1-hilfe\/wp-json\/wp\/v2\/comments?post=1733"}],"version-history":[{"count":4,"href":"https:\/\/abc-cloud.de\/attina\/f1-hilfe\/wp-json\/wp\/v2\/pages\/1733\/revisions"}],"predecessor-version":[{"id":2491,"href":"https:\/\/abc-cloud.de\/attina\/f1-hilfe\/wp-json\/wp\/v2\/pages\/1733\/revisions\/2491"}],"wp:attachment":[{"href":"https:\/\/abc-cloud.de\/attina\/f1-hilfe\/wp-json\/wp\/v2\/media?parent=1733"}],"curies":[{"name":"wp","href":"https:\/\/api.w.org\/{rel}","templated":true}]}}