{"id":2006,"date":"2024-12-09T16:07:43","date_gmt":"2024-12-09T15:07:43","guid":{"rendered":"https:\/\/abc-cloud.de\/attina\/f1-hilfe\/?page_id=2006"},"modified":"2024-12-09T16:07:43","modified_gmt":"2024-12-09T15:07:43","slug":"app-daten-loeschen","status":"publish","type":"page","link":"https:\/\/abc-cloud.de\/attina\/f1-hilfe\/app-daten-loeschen\/","title":{"rendered":"App-Daten l\u00f6schen"},"content":{"rendered":"\n<h2 class=\"wp-block-heading\">Hat man Probleme mit der App, kann es unter Umst\u00e4nden helfen, alle Daten und auch die App zu l\u00f6schen und neu zu installieren.\u00a0<\/h2>\n\n\n\n<p class=\"has-large-font-size\"><br>Um alles nicht nur oberfl\u00e4chlich, sondern komplett zu l\u00f6schen, kann man folgende Anleitung nutzen:Als allererstes sollten die Daten neu aufgebaut werden, damit man lokale Fehler ausschlie\u00dfen kann. Dies muss f\u00fcr die verschiedenen Betriebssysteme wie folgt ausgef\u00fchrt werden:\u00a0<\/p>\n\n\n\n<h3 class=\"wp-block-heading\">F\u00fcr Android-User:<\/h3>\n\n\n\n<h4 class=\"wp-block-heading\"><strong>Schritt 1: Einstellungen \u00f6ffnen<\/strong><\/h4>\n\n\n\n<ul class=\"wp-block-list\">\n<li>\u00d6ffne die\u00a0<strong>Einstellungen<\/strong>-App deines Android-Ger\u00e4ts.<\/li>\n<\/ul>\n\n\n\n<h4 class=\"wp-block-heading\"><strong>Schritt 2: Apps oder Anwendungen suchen<\/strong><\/h4>\n\n\n\n<ul class=\"wp-block-list\">\n<li>Scrolle nach unten und tippe auf\u00a0<strong>Apps<\/strong>\u00a0oder\u00a0<strong>Anwendungen<\/strong>\u00a0(je nach Android-Version und Hersteller).<\/li>\n<\/ul>\n\n\n\n<h4 class=\"wp-block-heading\"><strong>Schritt 3: App ausw\u00e4hlen<\/strong><\/h4>\n\n\n\n<ul class=\"wp-block-list\">\n<li>Suche die Attina App, deren Daten du l\u00f6schen m\u00f6chtest, und tippe darauf.<\/li>\n<\/ul>\n\n\n\n<h4 class=\"wp-block-heading\"><strong>Schritt 4: Speicher oder Speicherplatz \u00f6ffnen<\/strong><\/h4>\n\n\n\n<ul class=\"wp-block-list\">\n<li>In den App-Informationen siehst du die Option\u00a0<strong>Speicher<\/strong>\u00a0oder\u00a0<strong>Speicherplatz<\/strong>. Tippe darauf.<\/li>\n<\/ul>\n\n\n\n<h4 class=\"wp-block-heading\"><strong>Schritt 5: Daten l\u00f6schen<\/strong><\/h4>\n\n\n\n<ul class=\"wp-block-list\">\n<li>Du siehst die Optionen\u00a0<strong>Cache l\u00f6schen<\/strong>\u00a0und\u00a0<strong>Daten l\u00f6schen<\/strong>:\n<ul class=\"wp-block-list\">\n<li><strong>Cache l\u00f6schen<\/strong>: L\u00f6scht tempor\u00e4re Dateien (das wirkt sich nicht auf deine gespeicherten Daten wie Logins aus).<\/li>\n\n\n\n<li><strong>Daten l\u00f6schen<\/strong>: Setzt die App zur\u00fcck (alle gespeicherten Daten wie Einstellungen und Logins gehen verloren, falls sie nicht in der Cloud gespeichert sind).<\/li>\n\n\n\n<li>Dort dann\u00a0<strong>Daten l\u00f6schen<\/strong>\u00a0ausw\u00e4hlen.<\/li>\n<\/ul>\n<\/li>\n<\/ul>\n\n\n\n<h4 class=\"wp-block-heading\"><strong>Schritt 6: Best\u00e4tigen<\/strong><\/h4>\n\n\n\n<ul class=\"wp-block-list\">\n<li>Tippe auf\u00a0<strong>Daten l\u00f6schen<\/strong>\u00a0und best\u00e4tige die Aktion.<\/li>\n<\/ul>\n\n\n\n<p>&#8212;&#8212;&#8212;&#8212;&#8212;&#8212;&#8212;&#8212;&#8212;&#8212;&#8212;&#8212;&#8212;&#8212;&#8212;&#8212;&#8212;&#8212;&#8212;&#8212;&#8212;&#8212;&#8212;&#8212;&#8212;-<\/p>\n\n\n\n<h3 class=\"wp-block-heading\">F\u00fcr Apple-iOS-User:<\/h3>\n\n\n\n<h4 class=\"wp-block-heading\"><strong>Schritt 1: Einstellungen \u00f6ffnen<\/strong><\/h4>\n\n\n\n<ul class=\"wp-block-list\">\n<li>\u00d6ffne die\u00a0<strong>Einstellungen<\/strong>-App auf deinem iPhone oder iPad.<\/li>\n<\/ul>\n\n\n\n<h4 class=\"wp-block-heading\"><strong>Schritt 2: Allgemein ausw\u00e4hlen<\/strong><\/h4>\n\n\n\n<ul class=\"wp-block-list\">\n<li>Gehe zu\u00a0<strong>Allgemein<\/strong>\u00a0und tippe darauf.<\/li>\n<\/ul>\n\n\n\n<h4 class=\"wp-block-heading\"><strong>Schritt 3: iPhone-Speicher oder iPad-Speicher \u00f6ffnen<\/strong><\/h4>\n\n\n\n<ul class=\"wp-block-list\">\n<li>Scrolle nach unten und w\u00e4hle\u00a0<strong>iPhone-Speicher<\/strong>\u00a0oder\u00a0<strong>iPad-Speicher<\/strong>.<\/li>\n<\/ul>\n\n\n\n<h4 class=\"wp-block-heading\"><strong>Schritt 4: App ausw\u00e4hlen<\/strong><\/h4>\n\n\n\n<ul class=\"wp-block-list\">\n<li>Suche die App, deren Daten du l\u00f6schen m\u00f6chtest, in der Liste und tippe darauf.<\/li>\n<\/ul>\n\n\n\n<h4 class=\"wp-block-heading\"><strong>Schritt 5: App l\u00f6schen<\/strong><\/h4>\n\n\n\n<ul class=\"wp-block-list\">\n<li>Du hast zwei Optionen:\n<ul class=\"wp-block-list\">\n<li><strong>App auslagern<\/strong>: Entfernt die App, beh\u00e4lt aber deren Daten (wenn du die App neu installierst, bleiben die Daten erhalten).<\/li>\n\n\n\n<li><strong>App l\u00f6schen<\/strong>: Entfernt die App komplett inklusive aller Daten.\u00a0<\/li>\n\n\n\n<li>Bitte w\u00e4hle hier\u00a0<strong>App l\u00f6schen<\/strong><\/li>\n<\/ul>\n<\/li>\n<\/ul>\n\n\n\n<h4 class=\"wp-block-heading\"><strong>Schritt 6: Neuinstallation<\/strong><\/h4>\n\n\n\n<ul class=\"wp-block-list\">\n<li>Um die App komplett zur\u00fcckzusetzen, installiere sie nach dem L\u00f6schen erneut aus dem App Store.<\/li>\n<\/ul>\n","protected":false},"excerpt":{"rendered":"<p>Hat man Probleme mit der App, kann es unter Umst\u00e4nden helfen, alle Daten und auch die App zu l\u00f6schen und neu zu installieren.\u00a0 Um alles nicht nur oberfl\u00e4chlich, sondern komplett zu l\u00f6schen, kann man folgende Anleitung nutzen:Als allererstes sollten die Daten neu aufgebaut werden, damit man lokale Fehler ausschlie\u00dfen kann. Dies muss f\u00fcr die verschiedenen [&hellip;]<\/p>\n","protected":false},"author":4,"featured_media":0,"parent":0,"menu_order":0,"comment_status":"closed","ping_status":"closed","template":"","meta":{"footnotes":""},"class_list":["post-2006","page","type-page","status-publish","hentry"],"_links":{"self":[{"href":"https:\/\/abc-cloud.de\/attina\/f1-hilfe\/wp-json\/wp\/v2\/pages\/2006","targetHints":{"allow":["GET"]}}],"collection":[{"href":"https:\/\/abc-cloud.de\/attina\/f1-hilfe\/wp-json\/wp\/v2\/pages"}],"about":[{"href":"https:\/\/abc-cloud.de\/attina\/f1-hilfe\/wp-json\/wp\/v2\/types\/page"}],"author":[{"embeddable":true,"href":"https:\/\/abc-cloud.de\/attina\/f1-hilfe\/wp-json\/wp\/v2\/users\/4"}],"replies":[{"embeddable":true,"href":"https:\/\/abc-cloud.de\/attina\/f1-hilfe\/wp-json\/wp\/v2\/comments?post=2006"}],"version-history":[{"count":1,"href":"https:\/\/abc-cloud.de\/attina\/f1-hilfe\/wp-json\/wp\/v2\/pages\/2006\/revisions"}],"predecessor-version":[{"id":2007,"href":"https:\/\/abc-cloud.de\/attina\/f1-hilfe\/wp-json\/wp\/v2\/pages\/2006\/revisions\/2007"}],"wp:attachment":[{"href":"https:\/\/abc-cloud.de\/attina\/f1-hilfe\/wp-json\/wp\/v2\/media?parent=2006"}],"curies":[{"name":"wp","href":"https:\/\/api.w.org\/{rel}","templated":true}]}}