{"id":2726,"date":"2025-07-23T08:28:34","date_gmt":"2025-07-23T06:28:34","guid":{"rendered":"https:\/\/abc-cloud.de\/attina\/f1-hilfe\/?page_id=2726"},"modified":"2025-07-23T08:28:34","modified_gmt":"2025-07-23T06:28:34","slug":"tabellen-und-listen-anpassen","status":"publish","type":"page","link":"https:\/\/abc-cloud.de\/attina\/f1-hilfe\/tabellen-und-listen-anpassen\/","title":{"rendered":"Tabellen und Listen anpassen"},"content":{"rendered":"\n<h2 class=\"wp-block-heading\">Tabellen und Listen anpassen<\/h2>\n\n\n\n<p>In der <strong>Attina-Software<\/strong> finden Sie an verschiedenen Stellen Tabellen und Listen, die Sie individuell nach Ihren Bed\u00fcrfnissen anpassen k\u00f6nnen. Die Vorgehensweise ist dabei immer gleich.<br><strong>Spalten ein- oder ausblenden<\/strong><\/p>\n\n\n\n<ol class=\"wp-block-list\">\n<li>\u00d6ffnen Sie die gew\u00fcnschte Tabelle oder Liste.<\/li>\n\n\n\n<li>Rechtsklick auf die oberste Zeile (Spaltenk\u00f6pfe).<\/li>\n\n\n\n<li>W\u00e4hlen Sie \u201eSpalten anpassen\u201c.<\/li>\n<\/ol>\n\n\n\n<figure class=\"wp-block-image size-full is-resized\"><img loading=\"lazy\" decoding=\"async\" width=\"419\" height=\"578\" src=\"https:\/\/abc-cloud.de\/attina\/f1-hilfe\/wp-content\/uploads\/2025\/07\/image-3.png\" alt=\"\" class=\"wp-image-2727\" style=\"width:295px;height:auto\" srcset=\"https:\/\/abc-cloud.de\/attina\/f1-hilfe\/wp-content\/uploads\/2025\/07\/image-3.png 419w, https:\/\/abc-cloud.de\/attina\/f1-hilfe\/wp-content\/uploads\/2025\/07\/image-3-217x300.png 217w\" sizes=\"auto, (max-width: 419px) 100vw, 419px\" \/><\/figure>\n\n\n\n<p>Im sich \u00f6ffnenden Fenster k\u00f6nnen Sie:<br>\u2022 H\u00e4kchen setzen bei den Spalten, die Sie anzeigen m\u00f6chten.<br>\u2022 Mit einem Rechtsklick auf ein H\u00e4kchen k\u00f6nnen Sie alle Spalten auf       einmal ein- oder ausblenden.<\/p>\n\n\n\n<figure class=\"wp-block-image size-full is-resized\"><img loading=\"lazy\" decoding=\"async\" width=\"454\" height=\"700\" src=\"https:\/\/abc-cloud.de\/attina\/f1-hilfe\/wp-content\/uploads\/2025\/07\/image-4.png\" alt=\"\" class=\"wp-image-2728\" style=\"width:308px;height:auto\" srcset=\"https:\/\/abc-cloud.de\/attina\/f1-hilfe\/wp-content\/uploads\/2025\/07\/image-4.png 454w, https:\/\/abc-cloud.de\/attina\/f1-hilfe\/wp-content\/uploads\/2025\/07\/image-4-195x300.png 195w\" sizes=\"auto, (max-width: 454px) 100vw, 454px\" \/><\/figure>\n\n\n\n<p><strong>Spaltenreihenfolge \u00e4ndern<\/strong><\/p>\n\n\n\n<ol class=\"wp-block-list\">\n<li>Markieren Sie die gew\u00fcnschte Spalte im Anpassen-Fenster.<\/li>\n\n\n\n<li>Nutzen Sie die blauen Pfeile oben im Fenster, um die Spalte nach oben oder unten zu verschieben.<\/li>\n<\/ol>\n\n\n\n<p><strong>Einzelne Spalten entfernen<\/strong><\/p>\n\n\n\n<ol class=\"wp-block-list\">\n<li>Rechtsklick auf die Spalten\u00fcberschrift der zu entfernenden Spalte.<\/li>\n\n\n\n<li>W\u00e4hlen Sie \u201eDiese Spalte entfernen\u201c.<\/li>\n<\/ol>\n\n\n\n<figure class=\"wp-block-image size-full is-resized\"><img loading=\"lazy\" decoding=\"async\" width=\"481\" height=\"629\" src=\"https:\/\/abc-cloud.de\/attina\/f1-hilfe\/wp-content\/uploads\/2025\/07\/image-5.png\" alt=\"\" class=\"wp-image-2729\" style=\"width:308px;height:auto\" srcset=\"https:\/\/abc-cloud.de\/attina\/f1-hilfe\/wp-content\/uploads\/2025\/07\/image-5.png 481w, https:\/\/abc-cloud.de\/attina\/f1-hilfe\/wp-content\/uploads\/2025\/07\/image-5-229x300.png 229w\" sizes=\"auto, (max-width: 481px) 100vw, 481px\" \/><\/figure>\n\n\n\n<p><strong>Einstellungen speichern<\/strong><br>\u2022 Nach Ihren Anpassungen klicken Sie auf \u201eOK\u201c.<br>\u2022 Ihre Einstellungen werden automatisch gespeichert und stehen Ihnen beim n\u00e4chsten \u00d6ffnen der Tabelle wieder zur Verf\u00fcgung.<\/p>\n","protected":false},"excerpt":{"rendered":"<p>Tabellen und Listen anpassen In der Attina-Software finden Sie an verschiedenen Stellen Tabellen und Listen, die Sie individuell nach Ihren Bed\u00fcrfnissen anpassen k\u00f6nnen. Die Vorgehensweise ist dabei immer gleich.Spalten ein- oder ausblenden Im sich \u00f6ffnenden Fenster k\u00f6nnen Sie:\u2022 H\u00e4kchen setzen bei den Spalten, die Sie anzeigen m\u00f6chten.\u2022 Mit einem Rechtsklick auf ein H\u00e4kchen k\u00f6nnen Sie [&hellip;]<\/p>\n","protected":false},"author":3,"featured_media":0,"parent":0,"menu_order":0,"comment_status":"closed","ping_status":"closed","template":"","meta":{"footnotes":""},"class_list":["post-2726","page","type-page","status-publish","hentry"],"_links":{"self":[{"href":"https:\/\/abc-cloud.de\/attina\/f1-hilfe\/wp-json\/wp\/v2\/pages\/2726","targetHints":{"allow":["GET"]}}],"collection":[{"href":"https:\/\/abc-cloud.de\/attina\/f1-hilfe\/wp-json\/wp\/v2\/pages"}],"about":[{"href":"https:\/\/abc-cloud.de\/attina\/f1-hilfe\/wp-json\/wp\/v2\/types\/page"}],"author":[{"embeddable":true,"href":"https:\/\/abc-cloud.de\/attina\/f1-hilfe\/wp-json\/wp\/v2\/users\/3"}],"replies":[{"embeddable":true,"href":"https:\/\/abc-cloud.de\/attina\/f1-hilfe\/wp-json\/wp\/v2\/comments?post=2726"}],"version-history":[{"count":1,"href":"https:\/\/abc-cloud.de\/attina\/f1-hilfe\/wp-json\/wp\/v2\/pages\/2726\/revisions"}],"predecessor-version":[{"id":2730,"href":"https:\/\/abc-cloud.de\/attina\/f1-hilfe\/wp-json\/wp\/v2\/pages\/2726\/revisions\/2730"}],"wp:attachment":[{"href":"https:\/\/abc-cloud.de\/attina\/f1-hilfe\/wp-json\/wp\/v2\/media?parent=2726"}],"curies":[{"name":"wp","href":"https:\/\/api.w.org\/{rel}","templated":true}]}}