{"id":2883,"date":"2025-12-05T08:49:37","date_gmt":"2025-12-05T07:49:37","guid":{"rendered":"https:\/\/abc-cloud.de\/attina\/f1-hilfe\/?page_id=2883"},"modified":"2025-12-05T09:39:05","modified_gmt":"2025-12-05T08:39:05","slug":"quereinsteiger","status":"publish","type":"page","link":"https:\/\/abc-cloud.de\/attina\/f1-hilfe\/quereinsteiger\/","title":{"rendered":"Quereinsteiger"},"content":{"rendered":"\n<p><strong>Was hei\u00dft Quereinsteiger in Attina?<\/strong><br>Ein Quereinsteiger ist ein neuer Mitarbeiter, der bereits Einsatzzeiten \u00fcber eine andere Zeitarbeitsfirma bei einem Ihrer Kunden \u201egesammelt\u201c hat und diese durch einen neuen Auftrag durch Sie fortf\u00fchrt.<br>Dieser Quereinstieg muss f\u00fcr den Branchenzuschlag, das EqualPay und die H\u00f6chst\u00fcberlassungsdauer<br>ber\u00fccksichtigt werden.<\/p>\n\n\n\n<p>Dazu im Modul \u201eMitarbeiter\u201c oben in der Men\u00fcleiste auf das Symbol \u201eBearbeiten\u201c (Zettel und Stift) klicken.<\/p>\n\n\n\n<figure class=\"wp-block-image size-full\"><a href=\"https:\/\/abc-cloud.de\/attina\/f1-hilfe\/wp-content\/uploads\/2025\/12\/Quereinsteiger-01.png\"><img loading=\"lazy\" decoding=\"async\" width=\"398\" height=\"62\" src=\"https:\/\/abc-cloud.de\/attina\/f1-hilfe\/wp-content\/uploads\/2025\/12\/Quereinsteiger-01.png\" alt=\"\" class=\"wp-image-2884\" srcset=\"https:\/\/abc-cloud.de\/attina\/f1-hilfe\/wp-content\/uploads\/2025\/12\/Quereinsteiger-01.png 398w, https:\/\/abc-cloud.de\/attina\/f1-hilfe\/wp-content\/uploads\/2025\/12\/Quereinsteiger-01-300x47.png 300w\" sizes=\"auto, (max-width: 398px) 100vw, 398px\" \/><\/a><\/figure>\n\n\n\n<p>W\u00e4hlen Sie anschlie\u00dfend <strong>\u201eBranchentarif \/ Equal Pay \u2013 Quereinsteiger\u201c <\/strong>aus.<\/p>\n\n\n\n<figure class=\"wp-block-image size-full\"><a href=\"https:\/\/abc-cloud.de\/attina\/f1-hilfe\/wp-content\/uploads\/2025\/12\/Quereinsteiger-02.png\"><img loading=\"lazy\" decoding=\"async\" width=\"377\" height=\"718\" src=\"https:\/\/abc-cloud.de\/attina\/f1-hilfe\/wp-content\/uploads\/2025\/12\/Quereinsteiger-02.png\" alt=\"\" class=\"wp-image-2885\" srcset=\"https:\/\/abc-cloud.de\/attina\/f1-hilfe\/wp-content\/uploads\/2025\/12\/Quereinsteiger-02.png 377w, https:\/\/abc-cloud.de\/attina\/f1-hilfe\/wp-content\/uploads\/2025\/12\/Quereinsteiger-02-158x300.png 158w\" sizes=\"auto, (max-width: 377px) 100vw, 377px\" \/><\/a><\/figure>\n\n\n\n<p>Es \u00f6ffnet sich ein neues Fenster, in dem Sie Angaben zum Branchentarif, Equal Pay und H\u00f6chst\u00fcberlassungsdauer machen k\u00f6nnen.<\/p>\n\n\n\n<p><br><strong>Wichtig: <\/strong>F\u00fcr die Berechnung der Maximal-\u00dcberlassungsdauer bei <strong>Gro\u00dfkunden mit vielen Unterfirmen<\/strong> muss bei den jeweiligen Unterfirmen im Modul Kunde \/ Reiter Erweitert ein Verband eingetragen sein. Der Verband ist die Hauptfirma. Damit alle Zeiten verkn\u00fcpft werden, muss der Verband korrekt gepflegt sein.<\/p>\n\n\n\n<figure class=\"wp-block-image size-full\"><a href=\"https:\/\/abc-cloud.de\/attina\/f1-hilfe\/wp-content\/uploads\/2025\/12\/Quereinsteiger-03.png\"><img loading=\"lazy\" decoding=\"async\" width=\"897\" height=\"816\" src=\"https:\/\/abc-cloud.de\/attina\/f1-hilfe\/wp-content\/uploads\/2025\/12\/Quereinsteiger-03.png\" alt=\"\" class=\"wp-image-2886\" srcset=\"https:\/\/abc-cloud.de\/attina\/f1-hilfe\/wp-content\/uploads\/2025\/12\/Quereinsteiger-03.png 897w, https:\/\/abc-cloud.de\/attina\/f1-hilfe\/wp-content\/uploads\/2025\/12\/Quereinsteiger-03-300x273.png 300w, https:\/\/abc-cloud.de\/attina\/f1-hilfe\/wp-content\/uploads\/2025\/12\/Quereinsteiger-03-768x699.png 768w\" sizes=\"auto, (max-width: 897px) 100vw, 897px\" \/><\/a><\/figure>\n\n\n\n<p><strong>So gehen Sie vor:<\/strong><\/p>\n\n\n\n<ol class=\"wp-block-list\">\n<li>Klicken Sie zuerst auf das <strong>Plus Zeichen<\/strong>.<\/li>\n\n\n\n<li>W\u00e4hlen Sie den Kunden \u00fcber den <strong>Bearbeiten Button<\/strong> (Zettel und Stift) aus, bei dem der Mitarbeitende bereits im Einsatz war und best\u00e4tigen sie mit<strong> OK<\/strong>.<\/li>\n<\/ol>\n\n\n\n<figure class=\"wp-block-image size-full\"><a href=\"https:\/\/abc-cloud.de\/attina\/f1-hilfe\/wp-content\/uploads\/2025\/12\/Quereinsteiger-04.png\"><img loading=\"lazy\" decoding=\"async\" width=\"936\" height=\"340\" src=\"https:\/\/abc-cloud.de\/attina\/f1-hilfe\/wp-content\/uploads\/2025\/12\/Quereinsteiger-04.png\" alt=\"\" class=\"wp-image-2888\" srcset=\"https:\/\/abc-cloud.de\/attina\/f1-hilfe\/wp-content\/uploads\/2025\/12\/Quereinsteiger-04.png 936w, https:\/\/abc-cloud.de\/attina\/f1-hilfe\/wp-content\/uploads\/2025\/12\/Quereinsteiger-04-300x109.png 300w, https:\/\/abc-cloud.de\/attina\/f1-hilfe\/wp-content\/uploads\/2025\/12\/Quereinsteiger-04-768x279.png 768w\" sizes=\"auto, (max-width: 936px) 100vw, 936px\" \/><\/a><\/figure>\n\n\n\n<ol start=\"3\" class=\"wp-block-list\">\n<li>Speichern Sie mit dem <strong>\u201eSchwarzen Haken\u201c<\/strong> Ihre Auswahl.<\/li>\n\n\n\n<li>Wechseln Sie zum Reiter <strong>\u201e\u00dcberlassungstage\u201c<\/strong> und klicken Sie auf das <strong>\u201eRechner\u201c-Symbol<\/strong>.<\/li>\n\n\n\n<li>Geben Sie den Zeitraum des vorherigen Einsatzes im neuen Fenster im Feld <strong>\u201eVon \u2013 Bis\u201c<\/strong> ein.<\/li>\n\n\n\n<li><strong>Schlie\u00dfen<\/strong> Sie das Fenster \u2013 die Anzahl der \u00dcberlassungstage wird automatisch \u00fcbernommen.<\/li>\n<\/ol>\n\n\n\n<figure class=\"wp-block-image size-full\"><a href=\"https:\/\/abc-cloud.de\/attina\/f1-hilfe\/wp-content\/uploads\/2025\/12\/Quereinsteiger-05.png\"><img loading=\"lazy\" decoding=\"async\" width=\"907\" height=\"322\" src=\"https:\/\/abc-cloud.de\/attina\/f1-hilfe\/wp-content\/uploads\/2025\/12\/Quereinsteiger-05.png\" alt=\"\" class=\"wp-image-2889\" srcset=\"https:\/\/abc-cloud.de\/attina\/f1-hilfe\/wp-content\/uploads\/2025\/12\/Quereinsteiger-05.png 907w, https:\/\/abc-cloud.de\/attina\/f1-hilfe\/wp-content\/uploads\/2025\/12\/Quereinsteiger-05-300x107.png 300w, https:\/\/abc-cloud.de\/attina\/f1-hilfe\/wp-content\/uploads\/2025\/12\/Quereinsteiger-05-768x273.png 768w\" sizes=\"auto, (max-width: 907px) 100vw, 907px\" \/><\/a><\/figure>\n\n\n\n<p>7. Speichern Sie den Eintrag mit dem <strong>schwarzen Haken<\/strong>.<\/p>\n\n\n\n<figure class=\"wp-block-image size-full\"><a href=\"https:\/\/abc-cloud.de\/attina\/f1-hilfe\/wp-content\/uploads\/2025\/12\/Quereinsteiger-06.png\"><img loading=\"lazy\" decoding=\"async\" width=\"910\" height=\"297\" src=\"https:\/\/abc-cloud.de\/attina\/f1-hilfe\/wp-content\/uploads\/2025\/12\/Quereinsteiger-06.png\" alt=\"\" class=\"wp-image-2890\" srcset=\"https:\/\/abc-cloud.de\/attina\/f1-hilfe\/wp-content\/uploads\/2025\/12\/Quereinsteiger-06.png 910w, https:\/\/abc-cloud.de\/attina\/f1-hilfe\/wp-content\/uploads\/2025\/12\/Quereinsteiger-06-300x98.png 300w, https:\/\/abc-cloud.de\/attina\/f1-hilfe\/wp-content\/uploads\/2025\/12\/Quereinsteiger-06-768x251.png 768w\" sizes=\"auto, (max-width: 910px) 100vw, 910px\" \/><\/a><\/figure>\n\n\n\n<ol start=\"8\" class=\"wp-block-list\">\n<li>Klicken Sie nun im oberen im Bereich <strong>\u201eBranchentarif\u201c<\/strong> in die leere Zeile neben der entsprechenden Branche. Daraufhin erscheint das <strong>Bearbeiten-Symbol<\/strong> (Zettel und Stift).<\/li>\n\n\n\n<li>Klicken Sie auf das <strong>Bearbeiten-Symbol<\/strong>.<\/li>\n<\/ol>\n\n\n\n<figure class=\"wp-block-image size-full\"><a href=\"https:\/\/abc-cloud.de\/attina\/f1-hilfe\/wp-content\/uploads\/2025\/12\/Quereinsteiger-07.png\"><img loading=\"lazy\" decoding=\"async\" width=\"908\" height=\"547\" src=\"https:\/\/abc-cloud.de\/attina\/f1-hilfe\/wp-content\/uploads\/2025\/12\/Quereinsteiger-07.png\" alt=\"\" class=\"wp-image-2891\" srcset=\"https:\/\/abc-cloud.de\/attina\/f1-hilfe\/wp-content\/uploads\/2025\/12\/Quereinsteiger-07.png 908w, https:\/\/abc-cloud.de\/attina\/f1-hilfe\/wp-content\/uploads\/2025\/12\/Quereinsteiger-07-300x181.png 300w, https:\/\/abc-cloud.de\/attina\/f1-hilfe\/wp-content\/uploads\/2025\/12\/Quereinsteiger-07-768x463.png 768w\" sizes=\"auto, (max-width: 908px) 100vw, 908px\" \/><\/a><\/figure>\n\n\n\n<ol start=\"10\" class=\"wp-block-list\">\n<li><strong>W\u00e4hlen <\/strong>Sie im neuen Fenster den gew\u00fcnschten <strong>Kunden<\/strong> per Doppelklick aus.<\/li>\n\n\n\n<li>Stellen Sie die korrekte Stufe ein. Klicken Sie in der <strong>Spalte \u201eStufe\u201c<\/strong> auf den Eintrag <strong>\u201eBrancheneinstieg\u201c<\/strong>. Es erscheint ein kleiner Pfeil. \u00dcber diesen k\u00f6nnen Sie die gew\u00fcnschte <strong>Stufe (1 bis 6) ausw\u00e4hlen<\/strong>.<\/li>\n\n\n\n<li>Die einzelnen <strong>Stufen m\u00fcssen manuell berechnet werden.<\/strong><\/li>\n\n\n\n<li>Bitte <strong>kontrollieren<\/strong> Sie den <strong>Stichtag<\/strong> im unteren Bereich. Dieser muss manuell eingetragen werden und einen Tag vor dem Auftragsbeginn liegen, damit das System die Zeiten f\u00fcr Maximal\u00fcberlassung und Equal-Pay korrekt anrechnen kann.<\/li>\n<\/ol>\n\n\n\n<p><strong>Wichtiger Hinweis:<\/strong><br><strong>Berechnen<\/strong> Sie die <strong>Stufe <\/strong>immer f\u00fcr die<strong> Zukunft<\/strong>. Liegt das Stufendatum vor dem Auftragsbeginn, kann das System die Werte nicht korrekt berechnen.<\/p>\n\n\n\n<p>Zur Kontrolle bitte in der Fakturierung pr\u00fcfen, ob das System bis zum angegebenen Datum den Branchenzuschlag von x Euro berechnet und ab dem eingetragenen Stufenbeginn den n\u00e4chsth\u00f6heren Branchenzuschlag ber\u00fccksichtigt.<\/p>\n\n\n\n<hr class=\"wp-block-separator has-alpha-channel-opacity\"\/>\n\n\n\n<p>erg\u00e4nzende Hilfe:<br><strong>Branchenzuschlag wird nicht berechnet<\/strong><br>Link: <a href=\"https:\/\/abc-cloud.de\/attina\/f1-hilfe\/branchenzuschlag-wird-nicht-berechnet\/\">https:\/\/abc-cloud.de\/attina\/f1-hilfe\/branchenzuschlag-wird-nicht-berechnet\/<\/a><\/p>\n","protected":false},"excerpt":{"rendered":"<p>Was hei\u00dft Quereinsteiger in Attina?Ein Quereinsteiger ist ein neuer Mitarbeiter, der bereits Einsatzzeiten \u00fcber eine andere Zeitarbeitsfirma bei einem Ihrer Kunden \u201egesammelt\u201c hat und diese durch einen neuen Auftrag durch Sie fortf\u00fchrt.Dieser Quereinstieg muss f\u00fcr den Branchenzuschlag, das EqualPay und die H\u00f6chst\u00fcberlassungsdauerber\u00fccksichtigt werden. Dazu im Modul \u201eMitarbeiter\u201c oben in der Men\u00fcleiste auf das Symbol \u201eBearbeiten\u201c [&hellip;]<\/p>\n","protected":false},"author":3,"featured_media":0,"parent":0,"menu_order":0,"comment_status":"closed","ping_status":"closed","template":"","meta":{"footnotes":""},"class_list":["post-2883","page","type-page","status-publish","hentry"],"_links":{"self":[{"href":"https:\/\/abc-cloud.de\/attina\/f1-hilfe\/wp-json\/wp\/v2\/pages\/2883","targetHints":{"allow":["GET"]}}],"collection":[{"href":"https:\/\/abc-cloud.de\/attina\/f1-hilfe\/wp-json\/wp\/v2\/pages"}],"about":[{"href":"https:\/\/abc-cloud.de\/attina\/f1-hilfe\/wp-json\/wp\/v2\/types\/page"}],"author":[{"embeddable":true,"href":"https:\/\/abc-cloud.de\/attina\/f1-hilfe\/wp-json\/wp\/v2\/users\/3"}],"replies":[{"embeddable":true,"href":"https:\/\/abc-cloud.de\/attina\/f1-hilfe\/wp-json\/wp\/v2\/comments?post=2883"}],"version-history":[{"count":3,"href":"https:\/\/abc-cloud.de\/attina\/f1-hilfe\/wp-json\/wp\/v2\/pages\/2883\/revisions"}],"predecessor-version":[{"id":2902,"href":"https:\/\/abc-cloud.de\/attina\/f1-hilfe\/wp-json\/wp\/v2\/pages\/2883\/revisions\/2902"}],"wp:attachment":[{"href":"https:\/\/abc-cloud.de\/attina\/f1-hilfe\/wp-json\/wp\/v2\/media?parent=2883"}],"curies":[{"name":"wp","href":"https:\/\/api.w.org\/{rel}","templated":true}]}}