{"id":2932,"date":"2025-12-16T11:07:09","date_gmt":"2025-12-16T10:07:09","guid":{"rendered":"https:\/\/abc-cloud.de\/attina\/f1-hilfe\/?page_id=2932"},"modified":"2025-12-16T11:07:09","modified_gmt":"2025-12-16T10:07:09","slug":"mitarbeiter-einstufen","status":"publish","type":"page","link":"https:\/\/abc-cloud.de\/attina\/f1-hilfe\/mitarbeiter-einstufen\/","title":{"rendered":"Mitarbeiter einstufen"},"content":{"rendered":"\n<p><strong>Wechsel von Tarif IGZ zu GVP: Einstufung der Mitarbeiter<\/strong><\/p>\n\n\n\n<p>Wenn Sie vom Tarif <strong>IGZ<\/strong> zu <strong>GVP <\/strong>wechseln, m\u00fcssen Sie die Einstufung Ihrer Mitarbeiter selbst vornehmen. Gehen Sie dazu wie folgt vor:<\/p>\n\n\n\n<p><strong>1. Modul \u00f6ffnen<\/strong><\/p>\n\n\n\n<ul class=\"wp-block-list\">\n<li>\u00d6ffnen Sie das Modul <strong>MA<\/strong> und wechseln Sie zum Reiter <strong>Lohndaten<\/strong>.<\/li>\n<\/ul>\n\n\n\n<p><strong>2. Lohndetails anzeigen<\/strong><\/p>\n\n\n\n<ul class=\"wp-block-list\">\n<li>Auf der rechten Seite sehen Sie die Lohndetails zu den aktuellen Auftr\u00e4gen des Mitarbeiters.<\/li>\n\n\n\n<li>In der Zeile <strong>\u201eEinstufung\u201c<\/strong> klicken Sie auf den <strong>Bearbeiten-Button<\/strong> (Symbol: Zettel und Stift).<\/li>\n<\/ul>\n\n\n\n<figure class=\"wp-block-image size-full\"><img loading=\"lazy\" decoding=\"async\" width=\"500\" height=\"547\" src=\"https:\/\/abc-cloud.de\/attina\/f1-hilfe\/wp-content\/uploads\/2025\/12\/Mitarbeiter-einstufen-01.png\" alt=\"\" class=\"wp-image-2933\" srcset=\"https:\/\/abc-cloud.de\/attina\/f1-hilfe\/wp-content\/uploads\/2025\/12\/Mitarbeiter-einstufen-01.png 500w, https:\/\/abc-cloud.de\/attina\/f1-hilfe\/wp-content\/uploads\/2025\/12\/Mitarbeiter-einstufen-01-274x300.png 274w\" sizes=\"auto, (max-width: 500px) 100vw, 500px\" \/><\/figure>\n\n\n\n<p><strong>3. Einstufung ansehen<\/strong><\/p>\n\n\n\n<ul class=\"wp-block-list\">\n<li>In der \u00dcbersicht sehen Sie, zu welchem Datum Einstufungs\u00e4nderungen geplant oder erfolgt sind.<\/li>\n<\/ul>\n\n\n\n<p><strong>4. Neue Einstufung ab 01.01.2026<\/strong><\/p>\n\n\n\n<ul class=\"wp-block-list\">\n<li>Klicken Sie auf das <strong>Plus-Zeichen (+)<\/strong>.<\/li>\n\n\n\n<li>W\u00e4hlen Sie den Tarifvertrag <strong>GVP<\/strong> aus und klicken Sie auf <strong>Speichern<\/strong>.<\/li>\n<\/ul>\n\n\n\n<figure class=\"wp-block-image size-full\"><img loading=\"lazy\" decoding=\"async\" width=\"345\" height=\"210\" src=\"https:\/\/abc-cloud.de\/attina\/f1-hilfe\/wp-content\/uploads\/2025\/12\/Mitarbeiter-einstufen-02.png\" alt=\"\" class=\"wp-image-2934\" srcset=\"https:\/\/abc-cloud.de\/attina\/f1-hilfe\/wp-content\/uploads\/2025\/12\/Mitarbeiter-einstufen-02.png 345w, https:\/\/abc-cloud.de\/attina\/f1-hilfe\/wp-content\/uploads\/2025\/12\/Mitarbeiter-einstufen-02-300x183.png 300w\" sizes=\"auto, (max-width: 345px) 100vw, 345px\" \/><\/figure>\n\n\n\n<ul class=\"wp-block-list\">\n<li>Im neuen Fenster:\n<ul class=\"wp-block-list\">\n<li>Tragen Sie bei <strong>\u201eG\u00fcltig ab\u201c<\/strong> den <strong>01.01.2026<\/strong> ein.<\/li>\n\n\n\n<li>Geben Sie anschlie\u00dfend alle weiteren Angaben zur Einstufungs\u00e4nderung ein.<\/li>\n<\/ul>\n<\/li>\n\n\n\n<li>Speichern und schlie\u00dfen.<\/li>\n<\/ul>\n\n\n\n<figure class=\"wp-block-image size-full\"><img loading=\"lazy\" decoding=\"async\" width=\"487\" height=\"212\" src=\"https:\/\/abc-cloud.de\/attina\/f1-hilfe\/wp-content\/uploads\/2025\/12\/Mitarbeiter-einstufen-03.png\" alt=\"\" class=\"wp-image-2935\" srcset=\"https:\/\/abc-cloud.de\/attina\/f1-hilfe\/wp-content\/uploads\/2025\/12\/Mitarbeiter-einstufen-03.png 487w, https:\/\/abc-cloud.de\/attina\/f1-hilfe\/wp-content\/uploads\/2025\/12\/Mitarbeiter-einstufen-03-300x131.png 300w\" sizes=\"auto, (max-width: 487px) 100vw, 487px\" \/><\/figure>\n\n\n\n<p><strong>Hinweis<\/strong>:<\/p>\n\n\n\n<p>F\u00fchren Sie diese Schritte <strong>f\u00fcr jeden einzelnen Mitarbeiter<\/strong> durch.<\/p>\n","protected":false},"excerpt":{"rendered":"<p>Wechsel von Tarif IGZ zu GVP: Einstufung der Mitarbeiter Wenn Sie vom Tarif IGZ zu GVP wechseln, m\u00fcssen Sie die Einstufung Ihrer Mitarbeiter selbst vornehmen. Gehen Sie dazu wie folgt vor: 1. Modul \u00f6ffnen 2. Lohndetails anzeigen 3. Einstufung ansehen 4. Neue Einstufung ab 01.01.2026 Hinweis: F\u00fchren Sie diese Schritte f\u00fcr jeden einzelnen Mitarbeiter durch.<\/p>\n","protected":false},"author":3,"featured_media":0,"parent":0,"menu_order":0,"comment_status":"closed","ping_status":"closed","template":"","meta":{"footnotes":""},"class_list":["post-2932","page","type-page","status-publish","hentry"],"_links":{"self":[{"href":"https:\/\/abc-cloud.de\/attina\/f1-hilfe\/wp-json\/wp\/v2\/pages\/2932","targetHints":{"allow":["GET"]}}],"collection":[{"href":"https:\/\/abc-cloud.de\/attina\/f1-hilfe\/wp-json\/wp\/v2\/pages"}],"about":[{"href":"https:\/\/abc-cloud.de\/attina\/f1-hilfe\/wp-json\/wp\/v2\/types\/page"}],"author":[{"embeddable":true,"href":"https:\/\/abc-cloud.de\/attina\/f1-hilfe\/wp-json\/wp\/v2\/users\/3"}],"replies":[{"embeddable":true,"href":"https:\/\/abc-cloud.de\/attina\/f1-hilfe\/wp-json\/wp\/v2\/comments?post=2932"}],"version-history":[{"count":2,"href":"https:\/\/abc-cloud.de\/attina\/f1-hilfe\/wp-json\/wp\/v2\/pages\/2932\/revisions"}],"predecessor-version":[{"id":2937,"href":"https:\/\/abc-cloud.de\/attina\/f1-hilfe\/wp-json\/wp\/v2\/pages\/2932\/revisions\/2937"}],"wp:attachment":[{"href":"https:\/\/abc-cloud.de\/attina\/f1-hilfe\/wp-json\/wp\/v2\/media?parent=2932"}],"curies":[{"name":"wp","href":"https:\/\/api.w.org\/{rel}","templated":true}]}}