{"id":2955,"date":"2026-01-22T11:17:06","date_gmt":"2026-01-22T10:17:06","guid":{"rendered":"https:\/\/abc-cloud.de\/attina\/f1-hilfe\/?page_id=2955"},"modified":"2026-01-22T11:17:06","modified_gmt":"2026-01-22T10:17:06","slug":"entgeltfortzahlungsreport-durchschnittslohn","status":"publish","type":"page","link":"https:\/\/abc-cloud.de\/attina\/f1-hilfe\/entgeltfortzahlungsreport-durchschnittslohn\/","title":{"rendered":"Entgeltfortzahlungsreport (Durchschnittslohn)"},"content":{"rendered":"\n<p>Der Entgeltfortzahlungsreport zeigt, wie Attina die Zeiten f\u00fcr Urlaub oder Krankheit berechnet hat. Um den Report aufzurufen, \u00f6ffnen Sie die <strong>Fakturierung<\/strong>, w\u00e4hlen <strong>einen Mitarbeiter mit hinterlegten Zeiten<\/strong> aus und machen einen <strong>Rechtsklick auf einen Tag<\/strong> im Monat, um das Kontextmen\u00fc zu \u00f6ffnen. W\u00e4hlen Sie dann <strong>&#8222;Entgeltfortzahlungsreport&#8220;<\/strong> aus.<\/p>\n\n\n\n<p>Im ge\u00f6ffneten Formular werden alle Berechnungen des <strong>Entgeltfortzahlungsreports (Durchschnittslohn) <\/strong>f\u00fcr den ausgew\u00e4hlten Zeitraum angezeigt, einschlie\u00dflich der Berechnungsgrundlagen.<\/p>\n\n\n\n<figure class=\"wp-block-image size-full\"><img loading=\"lazy\" decoding=\"async\" width=\"628\" height=\"538\" src=\"https:\/\/abc-cloud.de\/attina\/f1-hilfe\/wp-content\/uploads\/2026\/01\/Entgeltfortzahlungsreport_Durchschnittslohn.png\" alt=\"\" class=\"wp-image-2956\" srcset=\"https:\/\/abc-cloud.de\/attina\/f1-hilfe\/wp-content\/uploads\/2026\/01\/Entgeltfortzahlungsreport_Durchschnittslohn.png 628w, https:\/\/abc-cloud.de\/attina\/f1-hilfe\/wp-content\/uploads\/2026\/01\/Entgeltfortzahlungsreport_Durchschnittslohn-300x257.png 300w\" sizes=\"auto, (max-width: 628px) 100vw, 628px\" \/><\/figure>\n\n\n\n<p>Zu den Standardinformationen geh\u00f6ren:<\/p>\n\n\n\n<ul class=\"wp-block-list\">\n<li><strong>Aktuelle Wochenstunden des Mitarbeiters<\/strong><\/li>\n\n\n\n<li><strong>Aktuelle Arbeitstage pro Woche<\/strong><\/li>\n\n\n\n<li><strong>Aktueller Mindesttariflohn<\/strong><\/li>\n<\/ul>\n\n\n\n<p>Diese Werte sind wichtig f\u00fcr die Kontrolle, da nicht alle Informationen f\u00fcr einzelne Monate angezeigt werden.<\/p>\n\n\n\n<p>&#8212;<\/p>\n\n\n\n<p>Wichtige Werte:<\/p>\n\n\n\n<ul class=\"wp-block-list\">\n<li><strong>Mindesttariflohn<\/strong>:\u00a0Dies ist der Tariflohn gem\u00e4\u00df der Einstufung nach GVP oder GVP (IGZ Altregelung).<\/li>\n\n\n\n<li><strong>Wochenstunden und Arbeitstage<\/strong>:\u00a0Diese Werte sind entscheidend und werden im Report detailliert dargestellt.<\/li>\n<\/ul>\n\n\n\n<p>&#8212;<\/p>\n\n\n\n<p><strong>Stundenberechnung:<\/strong><\/p>\n\n\n\n<p>Es werden alle Stunden im Monat zusammengez\u00e4hlt.<\/p>\n\n\n\n<p>AZK z\u00e4hlt nur dann, wenn es sich um einen <strong>AZK-Tag<\/strong> handelt.<\/p>\n\n\n\n<p>Ein Tag ohne Arbeitsstunden, aber <strong>mit AZK-Buchung<\/strong> = <strong>AZK\u2011Freizeitausgleich<\/strong> \u2192 wird mitgerechnet.<\/p>\n\n\n\n<p>&#8212;<\/p>\n\n\n\n<p><strong>Durchschnittslohn:<\/strong><\/p>\n\n\n\n<p>Der Durchschnittslohn wird aus den <strong>letzten drei Monaten<\/strong> berechnet.<br>Daf\u00fcr schauen wir:<\/p>\n\n\n\n<ul class=\"wp-block-list\">\n<li><strong>Wie viele Stunden hat der Mitarbeiter im Durchschnitt gearbeitet, <\/strong>und<\/li>\n\n\n\n<li><strong>Wie gro\u00df war die Abweichung zur normalen Arbeitszeit<\/strong> (zum Beispiel: Bei einer 35-Stunden-Woche a 5 Tage und 7 Std. t\u00e4glich)             siehe Modul Mitarbeiter, Reiter Lohndaten<\/li>\n<\/ul>\n\n\n\n<figure class=\"wp-block-image size-full\"><img loading=\"lazy\" decoding=\"async\" width=\"408\" height=\"97\" src=\"https:\/\/abc-cloud.de\/attina\/f1-hilfe\/wp-content\/uploads\/2026\/01\/Entgeltfortzahlungsreport_Durchschnittslohn-02.png\" alt=\"\" class=\"wp-image-2959\" srcset=\"https:\/\/abc-cloud.de\/attina\/f1-hilfe\/wp-content\/uploads\/2026\/01\/Entgeltfortzahlungsreport_Durchschnittslohn-02.png 408w, https:\/\/abc-cloud.de\/attina\/f1-hilfe\/wp-content\/uploads\/2026\/01\/Entgeltfortzahlungsreport_Durchschnittslohn-02-300x71.png 300w\" sizes=\"auto, (max-width: 408px) 100vw, 408px\" \/><\/figure>\n\n\n\n<p>Aus diesen beiden Werten wird anschlie\u00dfend der Durchschnittslohn ermittelt.<\/p>\n\n\n\n<p><strong>Beispiel: 35 Stunden Woche a 5 Tage \/ Tarifentgelt nach GVP (EG 1, 14,96 \u20ac)<\/strong><\/p>\n\n\n\n<p>35 \u00f7 5 = 7 Stunden t\u00e4glich<br>Januar 2026 22 Arbeitstage davon 1 Tag Urlaub<br>Also 21 x 7 x 14,96 = 2199,12\u20ac<br>Der andere Tag wird Schnitt aus Schnitt berechnet.<\/p>\n\n\n\n<p>&#8212;<\/p>\n\n\n\n<p><strong>Zus\u00e4tzliche Zuschl\u00e4ge<\/strong><\/p>\n\n\n\n<p>Folgende Stunden werden real berechnet und im Report ber\u00fccksichtigt:<\/p>\n\n\n\n<ul class=\"wp-block-list\">\n<li>Urlaubsstunden<\/li>\n\n\n\n<li>Krankheitsstunden<\/li>\n\n\n\n<li>Feiertagsstunden<\/li>\n\n\n\n<li>Weitere Zuschl\u00e4ge (z.\u202fB. Nacht\u2011 oder Sonntagszuschl\u00e4ge)<\/li>\n<\/ul>\n\n\n\n<p>&#8212;<\/p>\n\n\n\n<p><strong>Entgeltsumme:<\/strong><\/p>\n\n\n\n<p>Die Entgeltsumme wird so berechnet:<\/p>\n\n\n\n<ul class=\"wp-block-list\">\n<li><strong>Gesamtes Entgelt \u00f7 Arbeitstage<\/strong> = Entgelt pro Tag<\/li>\n\n\n\n<li>Dieses Tagesentgelt wird dann <strong>um die Differenz zwischen vertraglicher t\u00e4glicher und durchschnittlicher t\u00e4glicher Arbeitszeit angepasst<\/strong>.<\/li>\n<\/ul>\n","protected":false},"excerpt":{"rendered":"<p>Der Entgeltfortzahlungsreport zeigt, wie Attina die Zeiten f\u00fcr Urlaub oder Krankheit berechnet hat. Um den Report aufzurufen, \u00f6ffnen Sie die Fakturierung, w\u00e4hlen einen Mitarbeiter mit hinterlegten Zeiten aus und machen einen Rechtsklick auf einen Tag im Monat, um das Kontextmen\u00fc zu \u00f6ffnen. W\u00e4hlen Sie dann &#8222;Entgeltfortzahlungsreport&#8220; aus. Im ge\u00f6ffneten Formular werden alle Berechnungen des Entgeltfortzahlungsreports [&hellip;]<\/p>\n","protected":false},"author":3,"featured_media":0,"parent":0,"menu_order":0,"comment_status":"closed","ping_status":"closed","template":"","meta":{"footnotes":""},"class_list":["post-2955","page","type-page","status-publish","hentry"],"_links":{"self":[{"href":"https:\/\/abc-cloud.de\/attina\/f1-hilfe\/wp-json\/wp\/v2\/pages\/2955","targetHints":{"allow":["GET"]}}],"collection":[{"href":"https:\/\/abc-cloud.de\/attina\/f1-hilfe\/wp-json\/wp\/v2\/pages"}],"about":[{"href":"https:\/\/abc-cloud.de\/attina\/f1-hilfe\/wp-json\/wp\/v2\/types\/page"}],"author":[{"embeddable":true,"href":"https:\/\/abc-cloud.de\/attina\/f1-hilfe\/wp-json\/wp\/v2\/users\/3"}],"replies":[{"embeddable":true,"href":"https:\/\/abc-cloud.de\/attina\/f1-hilfe\/wp-json\/wp\/v2\/comments?post=2955"}],"version-history":[{"count":1,"href":"https:\/\/abc-cloud.de\/attina\/f1-hilfe\/wp-json\/wp\/v2\/pages\/2955\/revisions"}],"predecessor-version":[{"id":2960,"href":"https:\/\/abc-cloud.de\/attina\/f1-hilfe\/wp-json\/wp\/v2\/pages\/2955\/revisions\/2960"}],"wp:attachment":[{"href":"https:\/\/abc-cloud.de\/attina\/f1-hilfe\/wp-json\/wp\/v2\/media?parent=2955"}],"curies":[{"name":"wp","href":"https:\/\/api.w.org\/{rel}","templated":true}]}}