{"id":2969,"date":"2026-02-04T10:52:33","date_gmt":"2026-02-04T09:52:33","guid":{"rendered":"https:\/\/abc-cloud.de\/attina\/f1-hilfe\/?page_id=2969"},"modified":"2026-02-04T11:03:54","modified_gmt":"2026-02-04T10:03:54","slug":"einstellungen-durchschnitt-fuer-krankheit-und-urlaub","status":"publish","type":"page","link":"https:\/\/abc-cloud.de\/attina\/f1-hilfe\/einstellungen-durchschnitt-fuer-krankheit-und-urlaub\/","title":{"rendered":"Einstellungen Durchschnitt f\u00fcr Krankheit und Urlaub"},"content":{"rendered":"\n<p>In der Fakturierung werden \u00fcber den Werkzeug Button individuelle Einstellungen gespeichert.<\/p>\n\n\n\n<p>Zuschl\u00e4ge nach \u00a7 10 b) MTV GVP (ohne Mehrarbeitszuschl\u00e4ge) sowie sonstige Zulagen und Zuschl\u00e4ge gem\u00e4\u00df den Bestimmungen des Bundesurlaubsgesetzes.<\/p>\n\n\n\n<p><strong>Schritt 1: Vorgehensweise \u2013 Grundeinstellungen<\/strong><br>Auswahl der Lohnarten, die in die Durchschnittsberechnung der jeweiligen LA-Typen einflie\u00dfen sollen.<\/p>\n\n\n\n<ol class=\"wp-block-list\">\n<li><strong>Modul Fakturierung<\/strong> \u00f6ffnen.<\/li>\n\n\n\n<li>In der Men\u00fcleiste auf <strong>Einstellungen<\/strong> (Symbol mit Werkzeug) klicken.<\/li>\n<\/ol>\n\n\n\n<figure class=\"wp-block-image size-full\"><img loading=\"lazy\" decoding=\"async\" width=\"725\" height=\"232\" src=\"https:\/\/abc-cloud.de\/attina\/f1-hilfe\/wp-content\/uploads\/2026\/02\/Einstellungen-Durchschnittsberechnung-fuer-Krankheit-und-Urlaub-01.png\" alt=\"\" class=\"wp-image-2971\" srcset=\"https:\/\/abc-cloud.de\/attina\/f1-hilfe\/wp-content\/uploads\/2026\/02\/Einstellungen-Durchschnittsberechnung-fuer-Krankheit-und-Urlaub-01.png 725w, https:\/\/abc-cloud.de\/attina\/f1-hilfe\/wp-content\/uploads\/2026\/02\/Einstellungen-Durchschnittsberechnung-fuer-Krankheit-und-Urlaub-01-300x96.png 300w\" sizes=\"auto, (max-width: 725px) 100vw, 725px\" \/><\/figure>\n\n\n\n<p>3. Im neuen Fenster w\u00e4hlen sie Ihren aktuellen Tarif aus.<\/p>\n\n\n\n<p>\u201e<strong>GVP \u2013 Sonderlohnberechnung\u2026<\/strong>\u201c<br>oder<br>\u201e<strong>GVP (IGZ Altregelung) \u2013 Sonderlohnberechnung\u2026<\/strong>\u201c<\/p>\n\n\n\n<figure class=\"wp-block-image size-full\"><img loading=\"lazy\" decoding=\"async\" width=\"465\" height=\"516\" src=\"https:\/\/abc-cloud.de\/attina\/f1-hilfe\/wp-content\/uploads\/2026\/02\/Einstellungen-Durchschnittsberechnung-fuer-Krankheit-und-Urlaub-02.png\" alt=\"\" class=\"wp-image-2972\" srcset=\"https:\/\/abc-cloud.de\/attina\/f1-hilfe\/wp-content\/uploads\/2026\/02\/Einstellungen-Durchschnittsberechnung-fuer-Krankheit-und-Urlaub-02.png 465w, https:\/\/abc-cloud.de\/attina\/f1-hilfe\/wp-content\/uploads\/2026\/02\/Einstellungen-Durchschnittsberechnung-fuer-Krankheit-und-Urlaub-02-270x300.png 270w\" sizes=\"auto, (max-width: 465px) 100vw, 465px\" \/><\/figure>\n\n\n\n<p>4. Bitte pr\u00fcfen Sie dort, welche Lohnarten in die Durchschnittsberechnung der jeweiligen LA-Typen einflie\u00dfen sollen, und setzen Sie den entsprechenden Haken in den Reitern <strong>Urlaub<\/strong>, <strong>Krankheit<\/strong> und <strong>Feiertag<\/strong>.<\/p>\n\n\n\n<p>5. <strong><u>Hinweis:<\/u> Schnitt aus Schnitt<\/strong> sowie der <strong>Stundenlohn<\/strong> m\u00fcssen nicht eingestellt werden; diese werden von uns beim Softwarestart definiert.<\/p>\n\n\n\n<p><em>Bitte haben Sie Verst\u00e4ndnis daf\u00fcr, dass wir hierzu keine inhaltliche Beratung anbieten k\u00f6nnen.<br>Da die Auswahl von Ihren vertraglichen sowie rechtlichen Rahmenbedingungen abh\u00e4ngt, kl\u00e4ren Sie bitte direkt mit Ihrem Tarifpartner oder Ihren rechtlichen Vertretern (z.\u202fB. Anw\u00e4lten), welche Angaben bzw. Optionen korrekt auszuw\u00e4hlen sind.<\/em><\/p>\n\n\n\n<p>6. Nach der \u00c4nderung mit <strong>OK<\/strong> best\u00e4tigen.<\/p>\n\n\n\n<p>7. Damit die \u00c4nderungen aktiv werden, <strong>Attina schlie\u00dfen und neu starten.<\/strong><\/p>\n\n\n\n<hr class=\"wp-block-separator has-alpha-channel-opacity\"\/>\n\n\n\n<p><strong>Schritt 2: Vorgehensweise \u2013 Konfiguration<\/strong><\/p>\n\n\n\n<p>Legen Sie nun fest, welche <strong>LA-Typ-Erweitert<\/strong>, von der Durchschnittsberechnung bei Tag und Lohn ausgenommen werden sollen.<\/p>\n\n\n\n<ol class=\"wp-block-list\">\n<li>Modul <strong>Fakturierung<\/strong> \u00f6ffnen<\/li>\n\n\n\n<li>In der Men\u00fcleiste auf <strong>Einstellungen<\/strong> (Symbol mit Werkzeug) klicken.<\/li>\n<\/ol>\n\n\n\n<figure class=\"wp-block-image size-full\"><img loading=\"lazy\" decoding=\"async\" width=\"725\" height=\"232\" src=\"https:\/\/abc-cloud.de\/attina\/f1-hilfe\/wp-content\/uploads\/2026\/02\/Einstellungen-Durchschnittsberechnung-fuer-Krankheit-und-Urlaub-01-1.png\" alt=\"\" class=\"wp-image-2973\" srcset=\"https:\/\/abc-cloud.de\/attina\/f1-hilfe\/wp-content\/uploads\/2026\/02\/Einstellungen-Durchschnittsberechnung-fuer-Krankheit-und-Urlaub-01-1.png 725w, https:\/\/abc-cloud.de\/attina\/f1-hilfe\/wp-content\/uploads\/2026\/02\/Einstellungen-Durchschnittsberechnung-fuer-Krankheit-und-Urlaub-01-1-300x96.png 300w\" sizes=\"auto, (max-width: 725px) 100vw, 725px\" \/><\/figure>\n\n\n\n<p>3. W\u00e4hlen Sie im neuen Fenster diesmal: <strong>\u201eLA-Typ-Erw. Ausnahmen der Durchschnittsberechnung\u2026\u201c<\/strong><\/p>\n\n\n\n<figure class=\"wp-block-image size-full\"><img loading=\"lazy\" decoding=\"async\" width=\"465\" height=\"516\" src=\"https:\/\/abc-cloud.de\/attina\/f1-hilfe\/wp-content\/uploads\/2026\/02\/Einstellungen-Durchschnittsberechnung-fuer-Krankheit-und-Urlaub-03.png\" alt=\"\" class=\"wp-image-2974\" srcset=\"https:\/\/abc-cloud.de\/attina\/f1-hilfe\/wp-content\/uploads\/2026\/02\/Einstellungen-Durchschnittsberechnung-fuer-Krankheit-und-Urlaub-03.png 465w, https:\/\/abc-cloud.de\/attina\/f1-hilfe\/wp-content\/uploads\/2026\/02\/Einstellungen-Durchschnittsberechnung-fuer-Krankheit-und-Urlaub-03-270x300.png 270w\" sizes=\"auto, (max-width: 465px) 100vw, 465px\" \/><\/figure>\n\n\n\n<p>4. Haken Sie im neuen Fenster den entsprechenden LA-Typ an und schlie\u00dfen Sie mit <strong>OK<\/strong>.<\/p>\n\n\n\n<figure class=\"wp-block-image size-full\"><img loading=\"lazy\" decoding=\"async\" width=\"460\" height=\"458\" src=\"https:\/\/abc-cloud.de\/attina\/f1-hilfe\/wp-content\/uploads\/2026\/02\/Einstellungen-Durchschnittsberechnung-fuer-Krankheit-und-Urlaub-04.png\" alt=\"\" class=\"wp-image-2975\" srcset=\"https:\/\/abc-cloud.de\/attina\/f1-hilfe\/wp-content\/uploads\/2026\/02\/Einstellungen-Durchschnittsberechnung-fuer-Krankheit-und-Urlaub-04.png 460w, https:\/\/abc-cloud.de\/attina\/f1-hilfe\/wp-content\/uploads\/2026\/02\/Einstellungen-Durchschnittsberechnung-fuer-Krankheit-und-Urlaub-04-300x300.png 300w, https:\/\/abc-cloud.de\/attina\/f1-hilfe\/wp-content\/uploads\/2026\/02\/Einstellungen-Durchschnittsberechnung-fuer-Krankheit-und-Urlaub-04-150x150.png 150w\" sizes=\"auto, (max-width: 460px) 100vw, 460px\" \/><\/figure>\n\n\n\n<p><strong>Hinweis: Fehlenden LA-Typ Erw. anlegen<\/strong><br>Ein fehlender <strong>LA-Typ Erw<\/strong>. kann wie folgt nachgetragen werden:<\/p>\n\n\n\n<ol class=\"wp-block-list\">\n<li>\u00d6ffnen Sie <strong>Datei \u2192 Konfiguration \u2192 Haupt Konfiguration<\/strong>.<\/li>\n\n\n\n<li>Suchen Sie in der <strong>linken Spalte<\/strong> den Eintrag <strong>LA-ERW<\/strong> und klicken Sie diesen einmal an.<\/li>\n\n\n\n<li>Tragen Sie im <strong>rechten Hauptfenster<\/strong> den fehlenden <strong>LA-Typ<\/strong> ein<br>(z.\u202fB. Freier Tag oder Nicht beachten).<\/li>\n\n\n\n<li>Erfassen Sie daneben ein \u201e<strong>=<\/strong>\u201c sowie eine <strong>Zahl<\/strong>, die in der Liste noch nicht vorhanden ist.<\/li>\n\n\n\n<li>Best\u00e4tigen Sie die Eingabe durch <strong>Setzen des schwarzen Hakens<\/strong>.<\/li>\n<\/ol>\n\n\n\n<hr class=\"wp-block-separator has-alpha-channel-opacity\"\/>\n\n\n\n<p><strong>Schritt 3: Vorgehensweise \u2013 Einstufung der Mitarbeiter<\/strong><\/p>\n\n\n\n<p>F\u00fcr die korrekte Berechnung von Krankheit und Urlaub ist die richtige Einstufung der Mitarbeitenden notwendig.<br>Hier noch einmal der Ablauf im \u00dcberblick.<\/p>\n\n\n\n<p><strong>Einstufung der Mitarbeiter<\/strong><\/p>\n\n\n\n<p><strong>1. Modul \u00f6ffnen<\/strong><\/p>\n\n\n\n<ul class=\"wp-block-list\">\n<li>\u00d6ffnen Sie das <strong>Modul<\/strong> <strong>MA<\/strong> und wechseln Sie zum <strong>Reiter<\/strong> <strong>Lohndaten<\/strong>.<\/li>\n<\/ul>\n\n\n\n<p><strong>2. Lohndetails anzeigen<\/strong><\/p>\n\n\n\n<ul class=\"wp-block-list\">\n<li>Auf der rechten Seite sehen Sie die <strong>Lohndetails<\/strong> zu den aktuellen Auftr\u00e4gen des Mitarbeiters.<\/li>\n\n\n\n<li>In der Zeile <strong>\u201eEinstufung\u201c<\/strong> klicken Sie auf den <strong>Bearbeiten-Button<\/strong> (Symbol: Zettel und Stift).<\/li>\n<\/ul>\n\n\n\n<figure class=\"wp-block-image size-full\"><img loading=\"lazy\" decoding=\"async\" width=\"500\" height=\"547\" src=\"https:\/\/abc-cloud.de\/attina\/f1-hilfe\/wp-content\/uploads\/2026\/02\/Mitarbeiter-einstufen-01.png\" alt=\"\" class=\"wp-image-2980\" srcset=\"https:\/\/abc-cloud.de\/attina\/f1-hilfe\/wp-content\/uploads\/2026\/02\/Mitarbeiter-einstufen-01.png 500w, https:\/\/abc-cloud.de\/attina\/f1-hilfe\/wp-content\/uploads\/2026\/02\/Mitarbeiter-einstufen-01-274x300.png 274w\" sizes=\"auto, (max-width: 500px) 100vw, 500px\" \/><\/figure>\n\n\n\n<p><strong>3. Einstufung ansehen<\/strong><\/p>\n\n\n\n<ul class=\"wp-block-list\">\n<li>In der \u00dcbersicht sehen Sie, zu welchem Datum Einstufungs\u00e4nderungen geplant oder erfolgt sind.<\/li>\n<\/ul>\n\n\n\n<p><strong>4. Neue Einstufung Datumsbezogen<\/strong><\/p>\n\n\n\n<ul class=\"wp-block-list\">\n<li>Klicken Sie auf das <strong>Plus-Zeichen (+)<\/strong>.<\/li>\n\n\n\n<li>W\u00e4hlen Sie Ihren Tarifvertrag (z.B. GVP)aus und klicken Sie auf <strong>Speichern<\/strong>.<\/li>\n<\/ul>\n\n\n\n<figure class=\"wp-block-image size-full\"><img loading=\"lazy\" decoding=\"async\" width=\"345\" height=\"210\" src=\"https:\/\/abc-cloud.de\/attina\/f1-hilfe\/wp-content\/uploads\/2026\/02\/Mitarbeiter-einstufen-02.png\" alt=\"\" class=\"wp-image-2981\" srcset=\"https:\/\/abc-cloud.de\/attina\/f1-hilfe\/wp-content\/uploads\/2026\/02\/Mitarbeiter-einstufen-02.png 345w, https:\/\/abc-cloud.de\/attina\/f1-hilfe\/wp-content\/uploads\/2026\/02\/Mitarbeiter-einstufen-02-300x183.png 300w\" sizes=\"auto, (max-width: 345px) 100vw, 345px\" \/><\/figure>\n\n\n\n<ul class=\"wp-block-list\">\n<li>Im neuen Fenster:\n<ul class=\"wp-block-list\">\n<li>Tragen Sie bei <strong>\u201eG\u00fcltig ab\u201c<\/strong> das entsprechende Datum ein.<\/li>\n\n\n\n<li>Geben Sie anschlie\u00dfend alle weiteren Angaben zur Einstufungs\u00e4nderung ein.<\/li>\n<\/ul>\n<\/li>\n\n\n\n<li><strong>Speichern<\/strong> und <strong>schlie\u00dfen<\/strong>.<\/li>\n<\/ul>\n\n\n\n<figure class=\"wp-block-image size-full\"><img loading=\"lazy\" decoding=\"async\" width=\"487\" height=\"212\" src=\"https:\/\/abc-cloud.de\/attina\/f1-hilfe\/wp-content\/uploads\/2026\/02\/Mitarbeiter-einstufen-03.png\" alt=\"\" class=\"wp-image-2982\" srcset=\"https:\/\/abc-cloud.de\/attina\/f1-hilfe\/wp-content\/uploads\/2026\/02\/Mitarbeiter-einstufen-03.png 487w, https:\/\/abc-cloud.de\/attina\/f1-hilfe\/wp-content\/uploads\/2026\/02\/Mitarbeiter-einstufen-03-300x131.png 300w\" sizes=\"auto, (max-width: 487px) 100vw, 487px\" \/><\/figure>\n","protected":false},"excerpt":{"rendered":"<p>In der Fakturierung werden \u00fcber den Werkzeug Button individuelle Einstellungen gespeichert. Zuschl\u00e4ge nach \u00a7 10 b) MTV GVP (ohne Mehrarbeitszuschl\u00e4ge) sowie sonstige Zulagen und Zuschl\u00e4ge gem\u00e4\u00df den Bestimmungen des Bundesurlaubsgesetzes. Schritt 1: Vorgehensweise \u2013 GrundeinstellungenAuswahl der Lohnarten, die in die Durchschnittsberechnung der jeweiligen LA-Typen einflie\u00dfen sollen. 3. Im neuen Fenster w\u00e4hlen sie Ihren aktuellen Tarif [&hellip;]<\/p>\n","protected":false},"author":3,"featured_media":0,"parent":0,"menu_order":0,"comment_status":"closed","ping_status":"closed","template":"","meta":{"footnotes":""},"class_list":["post-2969","page","type-page","status-publish","hentry"],"_links":{"self":[{"href":"https:\/\/abc-cloud.de\/attina\/f1-hilfe\/wp-json\/wp\/v2\/pages\/2969","targetHints":{"allow":["GET"]}}],"collection":[{"href":"https:\/\/abc-cloud.de\/attina\/f1-hilfe\/wp-json\/wp\/v2\/pages"}],"about":[{"href":"https:\/\/abc-cloud.de\/attina\/f1-hilfe\/wp-json\/wp\/v2\/types\/page"}],"author":[{"embeddable":true,"href":"https:\/\/abc-cloud.de\/attina\/f1-hilfe\/wp-json\/wp\/v2\/users\/3"}],"replies":[{"embeddable":true,"href":"https:\/\/abc-cloud.de\/attina\/f1-hilfe\/wp-json\/wp\/v2\/comments?post=2969"}],"version-history":[{"count":8,"href":"https:\/\/abc-cloud.de\/attina\/f1-hilfe\/wp-json\/wp\/v2\/pages\/2969\/revisions"}],"predecessor-version":[{"id":2988,"href":"https:\/\/abc-cloud.de\/attina\/f1-hilfe\/wp-json\/wp\/v2\/pages\/2969\/revisions\/2988"}],"wp:attachment":[{"href":"https:\/\/abc-cloud.de\/attina\/f1-hilfe\/wp-json\/wp\/v2\/media?parent=2969"}],"curies":[{"name":"wp","href":"https:\/\/api.w.org\/{rel}","templated":true}]}}