{"id":3027,"date":"2026-03-04T11:41:58","date_gmt":"2026-03-04T10:41:58","guid":{"rendered":"https:\/\/abc-cloud.de\/attina\/f1-hilfe\/?page_id=3027"},"modified":"2026-03-04T11:41:58","modified_gmt":"2026-03-04T10:41:58","slug":"standardlohnarten-im-auftrag-nachtraeglich-verringern","status":"publish","type":"page","link":"https:\/\/abc-cloud.de\/attina\/f1-hilfe\/standardlohnarten-im-auftrag-nachtraeglich-verringern\/","title":{"rendered":"Standardlohnarten im Auftrag nachtr\u00e4glich verringern"},"content":{"rendered":"\n<p>Die Standardlohnarten im Auftrag setzen sich zusammen aus den Lohnarten im Mitarbeiter und im Kunden.<\/p>\n\n\n\n<p>1.) Um bei zuk\u00fcnftigen Auftr\u00e4gen einzelne Lohnarten nicht mehr aufzulisten unter<br><strong>Stammdaten \u2013 Lohnarten u.Kundenzuschl\u00e4ge<\/strong><br>In der linken Spalte die einzelnen Lohnarten aufrufen und den Haken bei<br><strong>Verf\u00fcgbar f\u00fcr<\/strong><br><strong>bei Neuanlage zuordnen<\/strong> f\u00fcr Standardlohnarten setzen, bei nicht h\u00e4ufig verwendeten Lohnarten den Haken entnehmen.<\/p>\n\n\n\n<figure class=\"wp-block-image size-full\"><img loading=\"lazy\" decoding=\"async\" width=\"799\" height=\"773\" src=\"https:\/\/abc-cloud.de\/attina\/f1-hilfe\/wp-content\/uploads\/2026\/03\/Standardlohnarten-im-Auftrag-01.png\" alt=\"\" class=\"wp-image-3028\" srcset=\"https:\/\/abc-cloud.de\/attina\/f1-hilfe\/wp-content\/uploads\/2026\/03\/Standardlohnarten-im-Auftrag-01.png 799w, https:\/\/abc-cloud.de\/attina\/f1-hilfe\/wp-content\/uploads\/2026\/03\/Standardlohnarten-im-Auftrag-01-300x290.png 300w, https:\/\/abc-cloud.de\/attina\/f1-hilfe\/wp-content\/uploads\/2026\/03\/Standardlohnarten-im-Auftrag-01-768x743.png 768w\" sizes=\"auto, (max-width: 799px) 100vw, 799px\" \/><\/figure>\n\n\n\n<p>2.) Damit auch bei schon bestehenden Auftr\u00e4gen nicht so viele unn\u00f6tige Lohnarten erscheinen, im <strong>Modul MA<\/strong> die \u00fcberfl\u00fcssigen Lohnarten im <strong>Reiter Lohndaten<\/strong> <strong>mit dem Minus l\u00f6schen<\/strong>. <\/p>\n\n\n\n<ol class=\"wp-block-list\"><\/ol>\n\n\n\n<figure class=\"wp-block-image size-full\"><img loading=\"lazy\" decoding=\"async\" width=\"888\" height=\"875\" src=\"https:\/\/abc-cloud.de\/attina\/f1-hilfe\/wp-content\/uploads\/2026\/03\/Standardlohnarten-im-Auftrag-02.png\" alt=\"\" class=\"wp-image-3029\" srcset=\"https:\/\/abc-cloud.de\/attina\/f1-hilfe\/wp-content\/uploads\/2026\/03\/Standardlohnarten-im-Auftrag-02.png 888w, https:\/\/abc-cloud.de\/attina\/f1-hilfe\/wp-content\/uploads\/2026\/03\/Standardlohnarten-im-Auftrag-02-300x296.png 300w, https:\/\/abc-cloud.de\/attina\/f1-hilfe\/wp-content\/uploads\/2026\/03\/Standardlohnarten-im-Auftrag-02-768x757.png 768w\" sizes=\"auto, (max-width: 888px) 100vw, 888px\" \/><\/figure>\n\n\n\n<p><strong>WICHTIG:<\/strong> zum Speichern auf den Haken klicken!<\/p>\n\n\n\n<p>3.) Zuletzt noch im <strong>Modul Kunde<\/strong> im <strong>Reiter Einsatzstelle<\/strong>,<br>Doppelklick auf die Einsatzstelle,<br>im Bereich <strong>Kundenzuschl\u00e4ge<\/strong>,<br>\u00fcberfl\u00fcssige Lohnarten mit dem <strong>Minus<\/strong> l\u00f6schen.<\/p>\n\n\n\n<figure class=\"wp-block-image size-large\"><img loading=\"lazy\" decoding=\"async\" width=\"1024\" height=\"681\" src=\"https:\/\/abc-cloud.de\/attina\/f1-hilfe\/wp-content\/uploads\/2026\/03\/Standardlohnarten-im-Auftrag-03-1024x681.png\" alt=\"\" class=\"wp-image-3030\" srcset=\"https:\/\/abc-cloud.de\/attina\/f1-hilfe\/wp-content\/uploads\/2026\/03\/Standardlohnarten-im-Auftrag-03-1024x681.png 1024w, https:\/\/abc-cloud.de\/attina\/f1-hilfe\/wp-content\/uploads\/2026\/03\/Standardlohnarten-im-Auftrag-03-300x200.png 300w, https:\/\/abc-cloud.de\/attina\/f1-hilfe\/wp-content\/uploads\/2026\/03\/Standardlohnarten-im-Auftrag-03-768x511.png 768w, https:\/\/abc-cloud.de\/attina\/f1-hilfe\/wp-content\/uploads\/2026\/03\/Standardlohnarten-im-Auftrag-03-1200x798.png 1200w, https:\/\/abc-cloud.de\/attina\/f1-hilfe\/wp-content\/uploads\/2026\/03\/Standardlohnarten-im-Auftrag-03.png 1347w\" sizes=\"auto, (max-width: 1024px) 100vw, 1024px\" \/><\/figure>\n\n\n\n<p><strong>WICHTIG:<\/strong> zum Speichern auf den Haken klicken!<\/p>\n","protected":false},"excerpt":{"rendered":"<p>Die Standardlohnarten im Auftrag setzen sich zusammen aus den Lohnarten im Mitarbeiter und im Kunden. 1.) Um bei zuk\u00fcnftigen Auftr\u00e4gen einzelne Lohnarten nicht mehr aufzulisten unterStammdaten \u2013 Lohnarten u.Kundenzuschl\u00e4geIn der linken Spalte die einzelnen Lohnarten aufrufen und den Haken beiVerf\u00fcgbar f\u00fcrbei Neuanlage zuordnen f\u00fcr Standardlohnarten setzen, bei nicht h\u00e4ufig verwendeten Lohnarten den Haken entnehmen. 2.) [&hellip;]<\/p>\n","protected":false},"author":3,"featured_media":0,"parent":0,"menu_order":0,"comment_status":"closed","ping_status":"closed","template":"","meta":{"footnotes":""},"class_list":["post-3027","page","type-page","status-publish","hentry"],"_links":{"self":[{"href":"https:\/\/abc-cloud.de\/attina\/f1-hilfe\/wp-json\/wp\/v2\/pages\/3027","targetHints":{"allow":["GET"]}}],"collection":[{"href":"https:\/\/abc-cloud.de\/attina\/f1-hilfe\/wp-json\/wp\/v2\/pages"}],"about":[{"href":"https:\/\/abc-cloud.de\/attina\/f1-hilfe\/wp-json\/wp\/v2\/types\/page"}],"author":[{"embeddable":true,"href":"https:\/\/abc-cloud.de\/attina\/f1-hilfe\/wp-json\/wp\/v2\/users\/3"}],"replies":[{"embeddable":true,"href":"https:\/\/abc-cloud.de\/attina\/f1-hilfe\/wp-json\/wp\/v2\/comments?post=3027"}],"version-history":[{"count":1,"href":"https:\/\/abc-cloud.de\/attina\/f1-hilfe\/wp-json\/wp\/v2\/pages\/3027\/revisions"}],"predecessor-version":[{"id":3031,"href":"https:\/\/abc-cloud.de\/attina\/f1-hilfe\/wp-json\/wp\/v2\/pages\/3027\/revisions\/3031"}],"wp:attachment":[{"href":"https:\/\/abc-cloud.de\/attina\/f1-hilfe\/wp-json\/wp\/v2\/media?parent=3027"}],"curies":[{"name":"wp","href":"https:\/\/api.w.org\/{rel}","templated":true}]}}