{"id":3063,"date":"2026-04-14T11:31:38","date_gmt":"2026-04-14T09:31:38","guid":{"rendered":"https:\/\/abc-cloud.de\/attina\/f1-hilfe\/?page_id=3063"},"modified":"2026-04-14T11:39:35","modified_gmt":"2026-04-14T09:39:35","slug":"monatseinsatzliste","status":"publish","type":"page","link":"https:\/\/abc-cloud.de\/attina\/f1-hilfe\/monatseinsatzliste\/","title":{"rendered":"MonatsEinsatzliste"},"content":{"rendered":"\n<p><strong>1. Aufruf und Grundeinstellung<\/strong><\/p>\n\n\n\n<p>Die <strong>Monatseinsatzliste<\/strong> \u00f6ffnen Sie \u00fcber<br><strong>Abl\u00e4ufe \u2192 MonatsEinsatzliste (Einsatzliste Mitarbeiter)<\/strong>.<\/p>\n\n\n\n<figure class=\"wp-block-image size-full\"><img loading=\"lazy\" decoding=\"async\" width=\"900\" height=\"322\" src=\"https:\/\/abc-cloud.de\/attina\/f1-hilfe\/wp-content\/uploads\/2026\/04\/Monatseinsatzliste-01.png\" alt=\"\" class=\"wp-image-3064\" srcset=\"https:\/\/abc-cloud.de\/attina\/f1-hilfe\/wp-content\/uploads\/2026\/04\/Monatseinsatzliste-01.png 900w, https:\/\/abc-cloud.de\/attina\/f1-hilfe\/wp-content\/uploads\/2026\/04\/Monatseinsatzliste-01-300x107.png 300w, https:\/\/abc-cloud.de\/attina\/f1-hilfe\/wp-content\/uploads\/2026\/04\/Monatseinsatzliste-01-768x275.png 768w\" sizes=\"auto, (max-width: 900px) 100vw, 900px\" \/><\/figure>\n\n\n\n<p><strong>Darstellung und Einstellungen anpassen<\/strong><\/p>\n\n\n\n<p>\u00dcber den <strong>Werkzeug-Button<\/strong> in der oberen Leiste k\u00f6nnen Sie die Ansicht der Monatseinsatzliste individuell konfigurieren.<\/p>\n\n\n\n<figure class=\"wp-block-image size-full\"><img loading=\"lazy\" decoding=\"async\" width=\"670\" height=\"241\" src=\"https:\/\/abc-cloud.de\/attina\/f1-hilfe\/wp-content\/uploads\/2026\/04\/Monatseinsatzliste-02.png\" alt=\"\" class=\"wp-image-3065\" srcset=\"https:\/\/abc-cloud.de\/attina\/f1-hilfe\/wp-content\/uploads\/2026\/04\/Monatseinsatzliste-02.png 670w, https:\/\/abc-cloud.de\/attina\/f1-hilfe\/wp-content\/uploads\/2026\/04\/Monatseinsatzliste-02-300x108.png 300w\" sizes=\"auto, (max-width: 670px) 100vw, 670px\" \/><\/figure>\n\n\n\n<p>Hier legen Sie fest,<\/p>\n\n\n\n<ul class=\"wp-block-list\">\n<li>welche Informationen angezeigt werden sollen und<\/li>\n\n\n\n<li>f\u00fcr welchen Zweck Sie die Liste nutzen m\u00f6chten.<\/li>\n<\/ul>\n\n\n\n<p><strong>Verwendung festlegen:<\/strong><\/p>\n\n\n\n<ul class=\"wp-block-list\">\n<li><strong>F\u00fcr Auftragsdaten<\/strong><br>Aktivieren Sie unter <strong>Weitere Einstellungen<\/strong> die Option<br><strong>\u201eAuftragsdaten statt Einsatzdaten beziehen\u201c<\/strong>.<\/li>\n\n\n\n<li><strong>F\u00fcr Plan\u2011B\u2011Eins\u00e4tze<\/strong><br>Entfernen Sie den Haken bei<br><strong>\u201eAuftragsdaten statt Einsatzdaten beziehen\u201c<\/strong>.<\/li>\n<\/ul>\n\n\n\n<p>Speichern Sie Ihre Auswahl mit <strong>\u201e\u00dcbernehmen\u201c<\/strong>.<\/p>\n\n\n\n<figure class=\"wp-block-image size-full\"><img loading=\"lazy\" decoding=\"async\" width=\"756\" height=\"655\" src=\"https:\/\/abc-cloud.de\/attina\/f1-hilfe\/wp-content\/uploads\/2026\/04\/Monatseinsatzliste-03.png\" alt=\"\" class=\"wp-image-3066\" srcset=\"https:\/\/abc-cloud.de\/attina\/f1-hilfe\/wp-content\/uploads\/2026\/04\/Monatseinsatzliste-03.png 756w, https:\/\/abc-cloud.de\/attina\/f1-hilfe\/wp-content\/uploads\/2026\/04\/Monatseinsatzliste-03-300x260.png 300w\" sizes=\"auto, (max-width: 756px) 100vw, 756px\" \/><\/figure>\n\n\n\n<p><strong>Spalten hinzuf\u00fcgen und anpassen<\/strong><\/p>\n\n\n\n<p>Per <strong>Rechtsklick<\/strong> auf eine Spalten\u00fcberschrift (z.\u202fB. <em>Vorname, Nachname, Pers.-Nr., Beruf<\/em>) k\u00f6nnen Sie \u00fcber <strong>\u201eSpalten anpassen\u201c<\/strong> weitere Spalten einblenden.<\/p>\n\n\n\n<figure class=\"wp-block-image size-full\"><img loading=\"lazy\" decoding=\"async\" width=\"305\" height=\"305\" src=\"https:\/\/abc-cloud.de\/attina\/f1-hilfe\/wp-content\/uploads\/2026\/04\/Monatseinsatzliste-03-01.png\" alt=\"\" class=\"wp-image-3067\" srcset=\"https:\/\/abc-cloud.de\/attina\/f1-hilfe\/wp-content\/uploads\/2026\/04\/Monatseinsatzliste-03-01.png 305w, https:\/\/abc-cloud.de\/attina\/f1-hilfe\/wp-content\/uploads\/2026\/04\/Monatseinsatzliste-03-01-300x300.png 300w, https:\/\/abc-cloud.de\/attina\/f1-hilfe\/wp-content\/uploads\/2026\/04\/Monatseinsatzliste-03-01-150x150.png 150w\" sizes=\"auto, (max-width: 305px) 100vw, 305px\" \/><\/figure>\n\n\n\n<ul class=\"wp-block-list\">\n<li>Gew\u00fcnschte Spalten anhaken<\/li>\n\n\n\n<li>Mit <strong>OK<\/strong> best\u00e4tigen<\/li>\n<\/ul>\n\n\n\n<figure class=\"wp-block-image size-full\"><img loading=\"lazy\" decoding=\"async\" width=\"328\" height=\"473\" src=\"https:\/\/abc-cloud.de\/attina\/f1-hilfe\/wp-content\/uploads\/2026\/04\/Monatseinsatzliste-03-02.png\" alt=\"\" class=\"wp-image-3068\" srcset=\"https:\/\/abc-cloud.de\/attina\/f1-hilfe\/wp-content\/uploads\/2026\/04\/Monatseinsatzliste-03-02.png 328w, https:\/\/abc-cloud.de\/attina\/f1-hilfe\/wp-content\/uploads\/2026\/04\/Monatseinsatzliste-03-02-208x300.png 208w\" sizes=\"auto, (max-width: 328px) 100vw, 328px\" \/><\/figure>\n\n\n\n<p>Anschlie\u00dfend:<\/p>\n\n\n\n<ul class=\"wp-block-list\">\n<li>Rechtsklick auf die Kopfzeile<\/li>\n\n\n\n<li><strong>\u201eBeste Anpassung (alle Spalten)\u201c<\/strong> ausw\u00e4hlen<\/li>\n<\/ul>\n\n\n\n<figure class=\"wp-block-image size-full\"><img loading=\"lazy\" decoding=\"async\" width=\"514\" height=\"553\" src=\"https:\/\/abc-cloud.de\/attina\/f1-hilfe\/wp-content\/uploads\/2026\/04\/Monatseinsatzliste-04.png\" alt=\"\" class=\"wp-image-3069\" srcset=\"https:\/\/abc-cloud.de\/attina\/f1-hilfe\/wp-content\/uploads\/2026\/04\/Monatseinsatzliste-04.png 514w, https:\/\/abc-cloud.de\/attina\/f1-hilfe\/wp-content\/uploads\/2026\/04\/Monatseinsatzliste-04-279x300.png 279w\" sizes=\"auto, (max-width: 514px) 100vw, 514px\" \/><\/figure>\n\n\n\n<p><strong>Zeitraum ausw\u00e4hlen und Daten laden<\/strong><\/p>\n\n\n\n<ol start=\"1\" class=\"wp-block-list\">\n<li>W\u00e4hlen Sie den gew\u00fcnschten <strong>Zeitraum<\/strong> aus<br>(siehe Screenshot, Pfeil <strong>1<\/strong>.).<\/li>\n\n\n\n<li>Klicken Sie anschlie\u00dfend auf <strong>\u201eDaten auswerten\u201c<\/strong><br>(Symbol mit gr\u00fcnem Kreispfeil, Pfeil <strong>2<\/strong>.).<\/li>\n<\/ol>\n\n\n\n<figure class=\"wp-block-image size-full\"><img loading=\"lazy\" decoding=\"async\" width=\"616\" height=\"169\" src=\"https:\/\/abc-cloud.de\/attina\/f1-hilfe\/wp-content\/uploads\/2026\/04\/Monatseinsatzliste-05.png\" alt=\"\" class=\"wp-image-3070\" srcset=\"https:\/\/abc-cloud.de\/attina\/f1-hilfe\/wp-content\/uploads\/2026\/04\/Monatseinsatzliste-05.png 616w, https:\/\/abc-cloud.de\/attina\/f1-hilfe\/wp-content\/uploads\/2026\/04\/Monatseinsatzliste-05-300x82.png 300w\" sizes=\"auto, (max-width: 616px) 100vw, 616px\" \/><\/figure>\n\n\n\n<p><strong>2. Ansicht der Monatseinsatzliste<\/strong><\/p>\n\n\n\n<p>Die Liste zeigt nun eine <strong>vollst\u00e4ndige \u00dcbersicht aller Mitarbeitereins\u00e4tze<\/strong>.<br>Sie erkennen auf einen Blick:<\/p>\n\n\n\n<ul class=\"wp-block-list\">\n<li>welcher Mitarbeiter welchem Auftrag zugeordnet ist<\/li>\n\n\n\n<li>welche Mitarbeiter abwesend sind<\/li>\n<\/ul>\n\n\n\n<p><strong>Voraussetzung:<\/strong><br>Alle Auftr\u00e4ge m\u00fcssen angelegt sein und Abwesenheiten (z.\u202fB. Krankheit, Urlaub) m\u00fcssen in der <strong>Disposition<\/strong> beim Mitarbeiter gepflegt sein.<\/p>\n\n\n\n<p><strong>Haupt\u00fcbersicht (linker Bereich)<\/strong><\/p>\n\n\n\n<p>In der Haupt\u00fcbersicht sehen Sie u.\u202fa.:<\/p>\n\n\n\n<ul class=\"wp-block-list\">\n<li>Vorname, Nachname<\/li>\n\n\n\n<li>Personalnummer<\/li>\n\n\n\n<li>Beruf<\/li>\n\n\n\n<li>Disponent<\/li>\n\n\n\n<li>Telefon- und Mobilnummer<\/li>\n\n\n\n<li><strong>Soll\u2011 und Ist\u2011Stunden<\/strong><\/li>\n<\/ul>\n\n\n\n<p><strong>Sollstunden<\/strong><br>Diese stammen aus den Einstellungen im <strong>MA-Modul<\/strong>, Reiter <strong>Lohndaten<\/strong>, Bereich <strong>Wochen-\/Monatsstunden<\/strong>.<\/p>\n\n\n\n<p><strong>Iststunden<\/strong><br>Sobald Arbeitszeiten in der <strong>Fakturierung<\/strong> erfasst wurden, sehen Sie:<\/p>\n\n\n\n<ul class=\"wp-block-list\">\n<li>wie viele Stunden bereits geleistet wurden<\/li>\n\n\n\n<li>ob und in welcher H\u00f6he <strong>Differenzstunden<\/strong> bestehen<\/li>\n<\/ul>\n\n\n\n<figure class=\"wp-block-image size-large\"><img loading=\"lazy\" decoding=\"async\" width=\"1024\" height=\"529\" src=\"https:\/\/abc-cloud.de\/attina\/f1-hilfe\/wp-content\/uploads\/2026\/04\/Monatseinsatzliste-06-1024x529.png\" alt=\"\" class=\"wp-image-3071\" srcset=\"https:\/\/abc-cloud.de\/attina\/f1-hilfe\/wp-content\/uploads\/2026\/04\/Monatseinsatzliste-06-1024x529.png 1024w, https:\/\/abc-cloud.de\/attina\/f1-hilfe\/wp-content\/uploads\/2026\/04\/Monatseinsatzliste-06-300x155.png 300w, https:\/\/abc-cloud.de\/attina\/f1-hilfe\/wp-content\/uploads\/2026\/04\/Monatseinsatzliste-06-768x397.png 768w, https:\/\/abc-cloud.de\/attina\/f1-hilfe\/wp-content\/uploads\/2026\/04\/Monatseinsatzliste-06-1536x794.png 1536w, https:\/\/abc-cloud.de\/attina\/f1-hilfe\/wp-content\/uploads\/2026\/04\/Monatseinsatzliste-06-1200x620.png 1200w, https:\/\/abc-cloud.de\/attina\/f1-hilfe\/wp-content\/uploads\/2026\/04\/Monatseinsatzliste-06.png 1907w\" sizes=\"auto, (max-width: 1024px) 100vw, 1024px\" \/><\/figure>\n\n\n\n<p><strong>Detailfenster (rechter Bereich)<\/strong><\/p>\n\n\n\n<p>Am rechten Rand der Liste befinden sich <strong>untereinanderstehende Punkte<\/strong>, \u00fcber die ein zus\u00e4tzliches Detailfenster aufgeklappt werden kann.<\/p>\n\n\n\n<figure class=\"wp-block-image size-full\"><img loading=\"lazy\" decoding=\"async\" width=\"348\" height=\"980\" src=\"https:\/\/abc-cloud.de\/attina\/f1-hilfe\/wp-content\/uploads\/2026\/04\/Monatseinsatzliste-07.png\" alt=\"\" class=\"wp-image-3072\" srcset=\"https:\/\/abc-cloud.de\/attina\/f1-hilfe\/wp-content\/uploads\/2026\/04\/Monatseinsatzliste-07.png 348w, https:\/\/abc-cloud.de\/attina\/f1-hilfe\/wp-content\/uploads\/2026\/04\/Monatseinsatzliste-07-107x300.png 107w\" sizes=\"auto, (max-width: 348px) 100vw, 348px\" \/><\/figure>\n\n\n\n<ul class=\"wp-block-list\">\n<li>Klicken Sie auf die Punkte, um das Fenster zu \u00f6ffnen.<\/li>\n\n\n\n<li>W\u00e4hlen Sie einen <strong>Einsatztag<\/strong>, werden rechts Detailinformationen angezeigt zu:\n<ul class=\"wp-block-list\">\n<li>Mitarbeiter<\/li>\n\n\n\n<li>Kunde<\/li>\n\n\n\n<li>Einsatz<\/li>\n\n\n\n<li>Disposition \/ Faktura<\/li>\n\n\n\n<li>Verf\u00fcgbarkeiten<\/li>\n<\/ul>\n<\/li>\n<\/ul>\n\n\n\n<p><strong><u>Hinweis zu \u201eVerf\u00fcgbarkeiten\u201c:<\/u><\/strong><br><strong><u>F\u00fcr Auftragsdaten<\/u><\/strong> m\u00fcssen die Verf\u00fcgbarkeiten der Mitarbeitenden vom Disponenten im MA\u2011Modul unter \u201eMitarbeiter\u2011Verf\u00fcgbarkeiten\u201c hinterlegt werden. (Dies ist nur in Verbindung mit der PIA\u2011Verf\u00fcgbarkeiten\u2011App m\u00f6glich.)<\/p>\n\n\n\n<p><strong><u>F\u00fcr Plan-B-Eins\u00e4tze<\/u><\/strong> tr\u00e4gt der Mitarbeiter seine Verf\u00fcgbarkeit selbstst\u00e4ndig \u00fcber die PIA\u2011App auf seinem Smartphone ein, damit sie hier angezeigt wird.<\/p>\n\n\n\n<figure class=\"wp-block-image size-full\"><img loading=\"lazy\" decoding=\"async\" width=\"593\" height=\"881\" src=\"https:\/\/abc-cloud.de\/attina\/f1-hilfe\/wp-content\/uploads\/2026\/04\/Monatseinsatzliste-08.png\" alt=\"\" class=\"wp-image-3073\" srcset=\"https:\/\/abc-cloud.de\/attina\/f1-hilfe\/wp-content\/uploads\/2026\/04\/Monatseinsatzliste-08.png 593w, https:\/\/abc-cloud.de\/attina\/f1-hilfe\/wp-content\/uploads\/2026\/04\/Monatseinsatzliste-08-202x300.png 202w\" sizes=\"auto, (max-width: 593px) 100vw, 593px\" \/><\/figure>\n\n\n\n<p><strong>Berechnete Daten anzeigen<\/strong><\/p>\n\n\n\n<p>In diesem Bereich k\u00f6nnen Sie u.\u202fa. folgende Informationen einsehen:<\/p>\n\n\n\n<ul class=\"wp-block-list\">\n<li>Datum der <strong>Maximal\u00fcberlassung<\/strong><\/li>\n\n\n\n<li>Beginn von <strong>Equal Pay<\/strong><\/li>\n<\/ul>\n\n\n\n<p>Dazu stehen in der oberen Leiste zwei Taschenrechner-Symbole zur Verf\u00fcgung:<\/p>\n\n\n\n<ul class=\"wp-block-list\">\n<li><strong>Linkes Symbol:<\/strong><br><em>Alle Datens\u00e4tze berechnen<\/em><\/li>\n\n\n\n<li><strong>Rechtes Symbol:<\/strong><br><em>Gew\u00e4hlten Datensatz berechnen<\/em><\/li>\n<\/ul>\n\n\n\n<figure class=\"wp-block-image size-large\"><img loading=\"lazy\" decoding=\"async\" width=\"1024\" height=\"310\" src=\"https:\/\/abc-cloud.de\/attina\/f1-hilfe\/wp-content\/uploads\/2026\/04\/Monatseinsatzliste-08-01-1024x310.png\" alt=\"\" class=\"wp-image-3074\" srcset=\"https:\/\/abc-cloud.de\/attina\/f1-hilfe\/wp-content\/uploads\/2026\/04\/Monatseinsatzliste-08-01-1024x310.png 1024w, https:\/\/abc-cloud.de\/attina\/f1-hilfe\/wp-content\/uploads\/2026\/04\/Monatseinsatzliste-08-01-300x91.png 300w, https:\/\/abc-cloud.de\/attina\/f1-hilfe\/wp-content\/uploads\/2026\/04\/Monatseinsatzliste-08-01-768x232.png 768w, https:\/\/abc-cloud.de\/attina\/f1-hilfe\/wp-content\/uploads\/2026\/04\/Monatseinsatzliste-08-01.png 1071w\" sizes=\"auto, (max-width: 1024px) 100vw, 1024px\" \/><\/figure>\n\n\n\n<p>Nach der Berechnung werden die entsprechenden Daten in der rechten Detailspalte angezeigt.<\/p>\n\n\n\n<figure class=\"wp-block-image size-full\"><img loading=\"lazy\" decoding=\"async\" width=\"468\" height=\"817\" src=\"https:\/\/abc-cloud.de\/attina\/f1-hilfe\/wp-content\/uploads\/2026\/04\/Monatseinsatzliste-08-02.png\" alt=\"\" class=\"wp-image-3075\" srcset=\"https:\/\/abc-cloud.de\/attina\/f1-hilfe\/wp-content\/uploads\/2026\/04\/Monatseinsatzliste-08-02.png 468w, https:\/\/abc-cloud.de\/attina\/f1-hilfe\/wp-content\/uploads\/2026\/04\/Monatseinsatzliste-08-02-172x300.png 172w\" sizes=\"auto, (max-width: 468px) 100vw, 468px\" \/><\/figure>\n\n\n\n<p>Am unteren Rand der Detailspalte finden Sie die Felder <strong>Datum<\/strong>, <strong>Gruppe<\/strong> und <strong>Info<\/strong>.<br>Diese Informationen stammen aus dem Mitarbeitermodul (Reiter <strong>\u201eInfo\u201c<\/strong>).<\/p>\n\n\n\n<p><strong>3. Direkte Bearbeitung in der Monatseinsatzliste<\/strong><\/p>\n\n\n\n<p>Eintr\u00e4ge k\u00f6nnen direkt in der Monatseinsatzliste bearbeitet oder erg\u00e4nzt werden.<\/p>\n\n\n\n<p>Ist bei einem Mitarbeiter ein <strong>freies Feld<\/strong> sichtbar, k\u00f6nnen Sie per <strong>Rechtsklick \u2192 Disposition<\/strong> z.\u202fB. folgende Eintr\u00e4ge vornehmen:<\/p>\n\n\n\n<ul class=\"wp-block-list\">\n<li>AZK<\/li>\n\n\n\n<li>Urlaub<\/li>\n\n\n\n<li>Krankheit<\/li>\n<\/ul>\n\n\n\n<p><strong>Hinweis:<\/strong><br>Eins\u00e4tze selbst k\u00f6nnen hier <strong>nicht<\/strong> angelegt werden. Es stehen ausschlie\u00dflich die Eintr\u00e4ge zur Verf\u00fcgung, die sonst im <strong>MA-Modul<\/strong> im Reiter <strong>Disposition<\/strong> gepflegt werden.<\/p>\n\n\n\n<figure class=\"wp-block-image size-full\"><img loading=\"lazy\" decoding=\"async\" width=\"515\" height=\"432\" src=\"https:\/\/abc-cloud.de\/attina\/f1-hilfe\/wp-content\/uploads\/2026\/04\/Monatseinsatzliste-09.png\" alt=\"\" class=\"wp-image-3076\" srcset=\"https:\/\/abc-cloud.de\/attina\/f1-hilfe\/wp-content\/uploads\/2026\/04\/Monatseinsatzliste-09.png 515w, https:\/\/abc-cloud.de\/attina\/f1-hilfe\/wp-content\/uploads\/2026\/04\/Monatseinsatzliste-09-300x252.png 300w\" sizes=\"auto, (max-width: 515px) 100vw, 515px\" \/><\/figure>\n\n\n\n<figure class=\"wp-block-image size-full\"><img loading=\"lazy\" decoding=\"async\" width=\"527\" height=\"307\" src=\"https:\/\/abc-cloud.de\/attina\/f1-hilfe\/wp-content\/uploads\/2026\/04\/Monatseinsatzliste-10.png\" alt=\"\" class=\"wp-image-3077\" srcset=\"https:\/\/abc-cloud.de\/attina\/f1-hilfe\/wp-content\/uploads\/2026\/04\/Monatseinsatzliste-10.png 527w, https:\/\/abc-cloud.de\/attina\/f1-hilfe\/wp-content\/uploads\/2026\/04\/Monatseinsatzliste-10-300x175.png 300w\" sizes=\"auto, (max-width: 527px) 100vw, 527px\" \/><\/figure>\n\n\n\n<p><strong>Urlaubseintr\u00e4ge<\/strong><\/p>\n\n\n\n<p>Bei Urlaub stehen folgende Optionen zur Verf\u00fcgung:<\/p>\n\n\n\n<ul class=\"wp-block-list\">\n<li>Ganzer Tag<\/li>\n\n\n\n<li>Halber Tag<\/li>\n\n\n\n<li>Sonderurlaub<\/li>\n<\/ul>\n\n\n\n<p>Wird eine <strong>Bemerkung<\/strong> eingetragen (z.\u202fB. \u201eJahresurlaub\u201c), erscheint ein <strong>Pin\u2011Symbol<\/strong> im Feld.<\/p>\n\n\n\n<figure class=\"wp-block-image size-full\"><img loading=\"lazy\" decoding=\"async\" width=\"508\" height=\"312\" src=\"https:\/\/abc-cloud.de\/attina\/f1-hilfe\/wp-content\/uploads\/2026\/04\/Monatseinsatzliste-11.png\" alt=\"\" class=\"wp-image-3078\" srcset=\"https:\/\/abc-cloud.de\/attina\/f1-hilfe\/wp-content\/uploads\/2026\/04\/Monatseinsatzliste-11.png 508w, https:\/\/abc-cloud.de\/attina\/f1-hilfe\/wp-content\/uploads\/2026\/04\/Monatseinsatzliste-11-300x184.png 300w\" sizes=\"auto, (max-width: 508px) 100vw, 508px\" \/><\/figure>\n\n\n\n<figure class=\"wp-block-image size-full\"><img loading=\"lazy\" decoding=\"async\" width=\"145\" height=\"162\" src=\"https:\/\/abc-cloud.de\/attina\/f1-hilfe\/wp-content\/uploads\/2026\/04\/Monatseinsatzliste-12.png\" alt=\"\" class=\"wp-image-3079\"\/><\/figure>\n\n\n\n<ul class=\"wp-block-list\">\n<li>Per <strong>Rechtsklick<\/strong> auf das Pin\u2011Symbol \u00f6ffnet sich das Fenster<\/li>\n\n\n\n<li>\u00dcber <strong>Disposition<\/strong> kann der gespeicherte Eintrag erneut eingesehen werden<\/li>\n<\/ul>\n","protected":false},"excerpt":{"rendered":"<p>1. Aufruf und Grundeinstellung Die Monatseinsatzliste \u00f6ffnen Sie \u00fcberAbl\u00e4ufe \u2192 MonatsEinsatzliste (Einsatzliste Mitarbeiter). Darstellung und Einstellungen anpassen \u00dcber den Werkzeug-Button in der oberen Leiste k\u00f6nnen Sie die Ansicht der Monatseinsatzliste individuell konfigurieren. Hier legen Sie fest, Verwendung festlegen: Speichern Sie Ihre Auswahl mit \u201e\u00dcbernehmen\u201c. Spalten hinzuf\u00fcgen und anpassen Per Rechtsklick auf eine Spalten\u00fcberschrift (z.\u202fB. Vorname, [&hellip;]<\/p>\n","protected":false},"author":3,"featured_media":0,"parent":0,"menu_order":0,"comment_status":"closed","ping_status":"closed","template":"","meta":{"footnotes":""},"class_list":["post-3063","page","type-page","status-publish","hentry"],"_links":{"self":[{"href":"https:\/\/abc-cloud.de\/attina\/f1-hilfe\/wp-json\/wp\/v2\/pages\/3063","targetHints":{"allow":["GET"]}}],"collection":[{"href":"https:\/\/abc-cloud.de\/attina\/f1-hilfe\/wp-json\/wp\/v2\/pages"}],"about":[{"href":"https:\/\/abc-cloud.de\/attina\/f1-hilfe\/wp-json\/wp\/v2\/types\/page"}],"author":[{"embeddable":true,"href":"https:\/\/abc-cloud.de\/attina\/f1-hilfe\/wp-json\/wp\/v2\/users\/3"}],"replies":[{"embeddable":true,"href":"https:\/\/abc-cloud.de\/attina\/f1-hilfe\/wp-json\/wp\/v2\/comments?post=3063"}],"version-history":[{"count":3,"href":"https:\/\/abc-cloud.de\/attina\/f1-hilfe\/wp-json\/wp\/v2\/pages\/3063\/revisions"}],"predecessor-version":[{"id":3083,"href":"https:\/\/abc-cloud.de\/attina\/f1-hilfe\/wp-json\/wp\/v2\/pages\/3063\/revisions\/3083"}],"wp:attachment":[{"href":"https:\/\/abc-cloud.de\/attina\/f1-hilfe\/wp-json\/wp\/v2\/media?parent=3063"}],"curies":[{"name":"wp","href":"https:\/\/api.w.org\/{rel}","templated":true}]}}