{"id":409,"date":"2025-04-09T16:48:38","date_gmt":"2025-04-09T14:48:38","guid":{"rendered":"https:\/\/abc-cloud.de\/attina\/f1-hilfe\/?page_id=409"},"modified":"2025-04-14T08:44:20","modified_gmt":"2025-04-14T06:44:20","slug":"benutzer-und-rechteverwaltung","status":"publish","type":"page","link":"https:\/\/abc-cloud.de\/attina\/f1-hilfe\/benutzer-und-rechteverwaltung\/","title":{"rendered":"Benutzer- und Rechteverwaltung"},"content":{"rendered":"\n<p>Hier k\u00f6nnen Sie einzelne User von Attina verwalten, deren Daten erg\u00e4nzen\/ver\u00e4ndern, Berechtigungen geben oder nehmen, oder auch neue Passw\u00f6rter f\u00fcr den Attina-Zugang vergeben. <\/p>\n\n\n\n<p>Um die Benutzer- und Rechteverwaltung aufzurufen, folgen Sie bitte dem Pfad: Datei &#8211; Einstellungen &#8211; System &#8211; Benutzer- und Rechteverwaltung. <\/p>\n\n\n\n<figure class=\"wp-block-image size-full\"><img loading=\"lazy\" decoding=\"async\" width=\"662\" height=\"134\" src=\"https:\/\/abc-cloud.de\/attina\/f1-hilfe\/wp-content\/uploads\/2025\/04\/image-13.png\" alt=\"\" class=\"wp-image-2426\" srcset=\"https:\/\/abc-cloud.de\/attina\/f1-hilfe\/wp-content\/uploads\/2025\/04\/image-13.png 662w, https:\/\/abc-cloud.de\/attina\/f1-hilfe\/wp-content\/uploads\/2025\/04\/image-13-300x61.png 300w\" sizes=\"auto, (max-width: 662px) 100vw, 662px\" \/><\/figure>\n\n\n\n<div class=\"spoiler-wrap\">\n\t\t\t\t<div class=\"spoiler-head folded\">Rechteverwaltung<\/div>\n\t\t\t\t<div class=\"spoiler-body\"><\/p>\n\n\n\n<figure class=\"wp-block-image size-large\"><img loading=\"lazy\" decoding=\"async\" width=\"1024\" height=\"369\" src=\"https:\/\/abc-cloud.de\/attina\/f1-hilfe\/wp-content\/uploads\/2025\/04\/image-15-1024x369.png\" alt=\"\" class=\"wp-image-2428\" srcset=\"https:\/\/abc-cloud.de\/attina\/f1-hilfe\/wp-content\/uploads\/2025\/04\/image-15-1024x369.png 1024w, https:\/\/abc-cloud.de\/attina\/f1-hilfe\/wp-content\/uploads\/2025\/04\/image-15-300x108.png 300w, https:\/\/abc-cloud.de\/attina\/f1-hilfe\/wp-content\/uploads\/2025\/04\/image-15-768x277.png 768w, https:\/\/abc-cloud.de\/attina\/f1-hilfe\/wp-content\/uploads\/2025\/04\/image-15.png 1188w\" sizes=\"auto, (max-width: 1024px) 100vw, 1024px\" \/><\/figure>\n\n\n\n<p>Im oberen Teil haben sehen Sie alle Funktionen von Attina aufgelistet. Setzen Sie in der entsprechenden Zeile den Haken rechts, wenn Sie m\u00f6chten, dass eine bestimmte Nutzergruppe diese Funktion ausf\u00fchren darf. Nehmen Sie den Haken raus, wenn die ausgew\u00e4hlte Funktion f\u00fcr eine bestimmte Nutzergruppe nicht genutzt werden soll. <\/p>\n\n\n\n<p>Sie k\u00f6nnen neue Gruppen erstellen, indem Sie die Toolbar oben links nutzen. Sollten Sie sich unsicher sein, sprechen Sie uns gerne an. Wir helfen Ihnen bei der Erstellung. <\/p>\n\n\n\n<p>Die Zuordnung der Benutzer in eine jeweilige Gruppe erfolgt im unteren Teil, in der Benutzerverwaltung. <\/p>\n\n\n\n<p><\/div>\n\t\t\t<\/div>\n\n\n\n<div class=\"spoiler-wrap\">\n\t\t\t\t<div class=\"spoiler-head folded\">Benutzerverwaltung<\/div>\n\t\t\t\t<div class=\"spoiler-body\"><\/p>\n\n\n\n<figure class=\"wp-block-image size-large\"><img loading=\"lazy\" decoding=\"async\" width=\"1024\" height=\"255\" src=\"https:\/\/abc-cloud.de\/attina\/f1-hilfe\/wp-content\/uploads\/2025\/04\/image-16-1024x255.png\" alt=\"\" class=\"wp-image-2429\" srcset=\"https:\/\/abc-cloud.de\/attina\/f1-hilfe\/wp-content\/uploads\/2025\/04\/image-16-1024x255.png 1024w, https:\/\/abc-cloud.de\/attina\/f1-hilfe\/wp-content\/uploads\/2025\/04\/image-16-300x75.png 300w, https:\/\/abc-cloud.de\/attina\/f1-hilfe\/wp-content\/uploads\/2025\/04\/image-16-768x192.png 768w, https:\/\/abc-cloud.de\/attina\/f1-hilfe\/wp-content\/uploads\/2025\/04\/image-16.png 1179w\" sizes=\"auto, (max-width: 1024px) 100vw, 1024px\" \/><\/figure>\n\n\n\n<p>Im unteren Teil, der Benutzerverwaltung, sehen Sie alle Attina-Benutzer aufgelistet. Mit Klick auf das dicke Plus unten in der Toolbar, k\u00f6nnen Sie Benutzer hinzuf\u00fcgen. Es werden automatisch bei Neuanlage von Benutzern die wichtigsten Angaben verlangt, z. B. Benutzername, Zuordnung von User- oder Adminrechten und der zust\u00e4ndigen Filiale. Zum Schluss des Prozesses k\u00f6nnen Sie ein Passwort frei w\u00e4hlen. <\/p>\n\n\n\n<p>Des Weiteren k\u00f6nnen Sie in der Benutzerverwaltung entscheiden, ob ein User als &#8222;Aktiv&#8220; eingestuft werden soll. Nehmen Sie bei Ausscheiden eines Users den Haken bei &#8222;Aktiv&#8220; raus. Dann wird dieser Nutzer nicht mehr in der Anmeldemaske erscheinen und auch nicht mehr als Ansprechparter im Attina-Programm ausw\u00e4hlbar sein. <\/p>\n\n\n\n<p>Erg\u00e4nzen Sie Angaben zu den Usern, indem Sie in das betreffende Feld klicken, die gew\u00fcnschte Angabe hineinschreiben und mit Klick auf den Haken in der Toolbar speichern. <\/p>\n\n\n\n<p>Wenn Sie einem User, oder auch sich selbst, nachtr\u00e4glich ein neues Passwort vergeben m\u00f6chten, so klicken Sie auf das Schl\u00fcsselsymbol und folgen Sie den Anweisungen im PopUp-Fensterchen. Schauen Sie sich dazu auch den Beitrag unter folgendem Link an: <\/p>\n\n\n\n<p><a href=\"https:\/\/abc-cloud.de\/attina\/f1-hilfe\/neues-passwort-fuer-attina-zugang-vergeben\/\">Neues Passwort f\u00fcr attina-Zugang vergeben \u2013 Attina Hilfe<\/a><\/p>\n\n\n\n<p>Wenn Sie Einstellungen eines Users f\u00fcr einen anderen\/neuen User \u00fcbernehmen m\u00f6chten, so klicken Sie auf den Kopieren-Button (wei\u00dfe Bl\u00e4tter, \u00fcbereinanderliegend).<\/p>\n\n\n\n<p>Sichern Sie Ihre Einstellungen und \u00c4nderungen stets mit Klick auf den dicken schwarzen Haken in der Toolbar. <\/p>\n\n\n\n<p><\/div>\n\t\t\t<\/div>\n","protected":false},"excerpt":{"rendered":"<p>Hier k\u00f6nnen Sie einzelne User von Attina verwalten, deren Daten erg\u00e4nzen\/ver\u00e4ndern, Berechtigungen geben oder nehmen, oder auch neue Passw\u00f6rter f\u00fcr den Attina-Zugang vergeben. Um die Benutzer- und Rechteverwaltung aufzurufen, folgen Sie bitte dem Pfad: Datei &#8211; Einstellungen &#8211; System &#8211; Benutzer- und Rechteverwaltung.<\/p>\n","protected":false},"author":4,"featured_media":0,"parent":0,"menu_order":0,"comment_status":"closed","ping_status":"closed","template":"","meta":{"footnotes":""},"class_list":["post-409","page","type-page","status-publish","hentry"],"_links":{"self":[{"href":"https:\/\/abc-cloud.de\/attina\/f1-hilfe\/wp-json\/wp\/v2\/pages\/409","targetHints":{"allow":["GET"]}}],"collection":[{"href":"https:\/\/abc-cloud.de\/attina\/f1-hilfe\/wp-json\/wp\/v2\/pages"}],"about":[{"href":"https:\/\/abc-cloud.de\/attina\/f1-hilfe\/wp-json\/wp\/v2\/types\/page"}],"author":[{"embeddable":true,"href":"https:\/\/abc-cloud.de\/attina\/f1-hilfe\/wp-json\/wp\/v2\/users\/4"}],"replies":[{"embeddable":true,"href":"https:\/\/abc-cloud.de\/attina\/f1-hilfe\/wp-json\/wp\/v2\/comments?post=409"}],"version-history":[{"count":10,"href":"https:\/\/abc-cloud.de\/attina\/f1-hilfe\/wp-json\/wp\/v2\/pages\/409\/revisions"}],"predecessor-version":[{"id":2434,"href":"https:\/\/abc-cloud.de\/attina\/f1-hilfe\/wp-json\/wp\/v2\/pages\/409\/revisions\/2434"}],"wp:attachment":[{"href":"https:\/\/abc-cloud.de\/attina\/f1-hilfe\/wp-json\/wp\/v2\/media?parent=409"}],"curies":[{"name":"wp","href":"https:\/\/api.w.org\/{rel}","templated":true}]}}