{"id":513,"date":"2022-03-22T09:23:15","date_gmt":"2022-03-22T08:23:15","guid":{"rendered":"https:\/\/abc-cloud.de\/attina\/f1-hilfe\/?page_id=513"},"modified":"2022-09-28T14:06:52","modified_gmt":"2022-09-28T12:06:52","slug":"dokumentenmanagement-teil-3-2-von-4","status":"publish","type":"page","link":"https:\/\/abc-cloud.de\/attina\/f1-hilfe\/dokumentenmanagement-teil-3-2-von-4\/","title":{"rendered":"Dokumenten &#8211; Management Teil 3.2 von 4"},"content":{"rendered":"\n<h2 class=\"wp-block-heading\">Vorlagen speichern im Modul Mitarbeiter<\/h2>\n\n\n\n<p style=\"font-size:20px\"><strong><u>Alle Dokumente, die in Attina erstellt werden, werden automatisch auch in Attina abgelegt, WENN der Haken bei <em>Dokument speichern<\/em> gesetzt wurde.<\/u><\/strong><\/p>\n\n\n\n<p style=\"font-size:20px\">Den Haken setzen Sie in den <strong>Modulen Mitarbeiter, Kunden<\/strong> und <strong>Auftrag<\/strong>.<\/p>\n\n\n\n<figure class=\"wp-block-video w-50\"><video height=\"720\" style=\"aspect-ratio: 1280 \/ 720;\" width=\"1280\" controls src=\"https:\/\/abc-cloud.de\/attina\/f1-hilfe\/wp-content\/uploads\/2022\/03\/3.2-Vorlage-speichern-MA.mp4\"><\/video><\/figure>\n\n\n\n<p style=\"font-size:20px\">\u00d6ffnen Sie das <strong>Modul Mitarbeiter<\/strong> und klicken oben rechts auf die <strong>Diskette<\/strong>.<\/p>\n\n\n\n<figure class=\"wp-block-image size-large is-resized\"><a href=\"https:\/\/abc-cloud.de\/attina\/f1-hilfe\/wp-content\/uploads\/2022\/03\/Bild-04-DMS-fuer-KD-MA-01.png\"><img loading=\"lazy\" decoding=\"async\" src=\"https:\/\/abc-cloud.de\/attina\/f1-hilfe\/wp-content\/uploads\/2022\/03\/Bild-04-DMS-fuer-KD-MA-01-1024x194.png\" alt=\"\" class=\"wp-image-526\" width=\"768\" height=\"146\" srcset=\"https:\/\/abc-cloud.de\/attina\/f1-hilfe\/wp-content\/uploads\/2022\/03\/Bild-04-DMS-fuer-KD-MA-01-1024x194.png 1024w, https:\/\/abc-cloud.de\/attina\/f1-hilfe\/wp-content\/uploads\/2022\/03\/Bild-04-DMS-fuer-KD-MA-01-300x57.png 300w, https:\/\/abc-cloud.de\/attina\/f1-hilfe\/wp-content\/uploads\/2022\/03\/Bild-04-DMS-fuer-KD-MA-01-768x146.png 768w, https:\/\/abc-cloud.de\/attina\/f1-hilfe\/wp-content\/uploads\/2022\/03\/Bild-04-DMS-fuer-KD-MA-01-1200x228.png 1200w, https:\/\/abc-cloud.de\/attina\/f1-hilfe\/wp-content\/uploads\/2022\/03\/Bild-04-DMS-fuer-KD-MA-01.png 1390w\" sizes=\"auto, (max-width: 768px) 100vw, 768px\" \/><\/a><\/figure>\n\n\n\n<p style=\"font-size:20px\">Es \u00f6ffnet sich ein neues Fenster.<\/p>\n\n\n\n<figure class=\"wp-block-image size-full is-resized\"><a href=\"https:\/\/abc-cloud.de\/attina\/f1-hilfe\/wp-content\/uploads\/2022\/03\/Bild-05-DMS-fuer-KD-MA-02.png\"><img loading=\"lazy\" decoding=\"async\" src=\"https:\/\/abc-cloud.de\/attina\/f1-hilfe\/wp-content\/uploads\/2022\/03\/Bild-05-DMS-fuer-KD-MA-02.png\" alt=\"\" class=\"wp-image-525\" width=\"315\" height=\"171\" srcset=\"https:\/\/abc-cloud.de\/attina\/f1-hilfe\/wp-content\/uploads\/2022\/03\/Bild-05-DMS-fuer-KD-MA-02.png 420w, https:\/\/abc-cloud.de\/attina\/f1-hilfe\/wp-content\/uploads\/2022\/03\/Bild-05-DMS-fuer-KD-MA-02-300x163.png 300w\" sizes=\"auto, (max-width: 315px) 100vw, 315px\" \/><\/a><\/figure>\n\n\n\n<p style=\"font-size:20px\">Klicken Sie ganz unten auf <strong>Neue Vorlage erzeugen<\/strong>.<\/p>\n\n\n\n<p style=\"font-size:20px\">Es \u00f6ffnet sich der Office Export.<\/p>\n\n\n\n<figure class=\"wp-block-image size-full is-resized\"><a href=\"https:\/\/abc-cloud.de\/attina\/f1-hilfe\/wp-content\/uploads\/2022\/03\/Bild-06-DMS-fuer-KD-MA-03.png\"><img loading=\"lazy\" decoding=\"async\" src=\"https:\/\/abc-cloud.de\/attina\/f1-hilfe\/wp-content\/uploads\/2022\/03\/Bild-06-DMS-fuer-KD-MA-03.png\" alt=\"\" class=\"wp-image-524\" width=\"351\" height=\"402\" srcset=\"https:\/\/abc-cloud.de\/attina\/f1-hilfe\/wp-content\/uploads\/2022\/03\/Bild-06-DMS-fuer-KD-MA-03.png 468w, https:\/\/abc-cloud.de\/attina\/f1-hilfe\/wp-content\/uploads\/2022\/03\/Bild-06-DMS-fuer-KD-MA-03-262x300.png 262w\" sizes=\"auto, (max-width: 351px) 100vw, 351px\" \/><\/a><\/figure>\n\n\n\n<p style=\"font-size:20px\">Klicken Sie nun auf die <strong>Mappe<\/strong> neben der Zeile<\/p>\n\n\n\n<p style=\"font-size:20px\"><strong>aus Dokument erzeugen<\/strong><\/p>\n\n\n\n<p style=\"font-size:20px\">und es \u00f6ffnet sich ein neues Fenster.<\/p>\n\n\n\n<figure class=\"wp-block-image size-full is-resized\"><a href=\"https:\/\/abc-cloud.de\/attina\/f1-hilfe\/wp-content\/uploads\/2022\/03\/Bild-07-DMS-fuer-KD-MA-04.png\"><img loading=\"lazy\" decoding=\"async\" src=\"https:\/\/abc-cloud.de\/attina\/f1-hilfe\/wp-content\/uploads\/2022\/03\/Bild-07-DMS-fuer-KD-MA-04.png\" alt=\"\" class=\"wp-image-528\" width=\"718\" height=\"614\" srcset=\"https:\/\/abc-cloud.de\/attina\/f1-hilfe\/wp-content\/uploads\/2022\/03\/Bild-07-DMS-fuer-KD-MA-04.png 957w, https:\/\/abc-cloud.de\/attina\/f1-hilfe\/wp-content\/uploads\/2022\/03\/Bild-07-DMS-fuer-KD-MA-04-300x257.png 300w, https:\/\/abc-cloud.de\/attina\/f1-hilfe\/wp-content\/uploads\/2022\/03\/Bild-07-DMS-fuer-KD-MA-04-768x657.png 768w\" sizes=\"auto, (max-width: 718px) 100vw, 718px\" \/><\/a><\/figure>\n\n\n\n<p style=\"font-size:20px\">Stellen Sie die Ansicht zuerst auf <strong>Alle Dateien<\/strong>, denn dadurch werden Ihnen auch Worddokumente angezeigt.<\/p>\n\n\n\n<figure class=\"wp-block-image size-full is-resized\"><a href=\"https:\/\/abc-cloud.de\/attina\/f1-hilfe\/wp-content\/uploads\/2022\/03\/Bild-08-DMS-fuer-KD-MA-05.png\"><img loading=\"lazy\" decoding=\"async\" src=\"https:\/\/abc-cloud.de\/attina\/f1-hilfe\/wp-content\/uploads\/2022\/03\/Bild-08-DMS-fuer-KD-MA-05.png\" alt=\"\" class=\"wp-image-529\" width=\"719\" height=\"575\" srcset=\"https:\/\/abc-cloud.de\/attina\/f1-hilfe\/wp-content\/uploads\/2022\/03\/Bild-08-DMS-fuer-KD-MA-05.png 959w, https:\/\/abc-cloud.de\/attina\/f1-hilfe\/wp-content\/uploads\/2022\/03\/Bild-08-DMS-fuer-KD-MA-05-300x240.png 300w, https:\/\/abc-cloud.de\/attina\/f1-hilfe\/wp-content\/uploads\/2022\/03\/Bild-08-DMS-fuer-KD-MA-05-768x613.png 768w\" sizes=\"auto, (max-width: 719px) 100vw, 719px\" \/><\/a><\/figure>\n\n\n\n<p style=\"font-size:20px\">Hier k\u00f6nnen Sie, von Ihrem PC das gew\u00fcnschte Dokument ausw\u00e4hlen und klicken Sie auf <strong>\u00d6ffnen<\/strong>.<\/p>\n\n\n\n<figure class=\"wp-block-image size-full is-resized\"><a href=\"https:\/\/abc-cloud.de\/attina\/f1-hilfe\/wp-content\/uploads\/2022\/03\/Bild-09-DMS-fuer-KD-MA-06.png\"><img loading=\"lazy\" decoding=\"async\" src=\"https:\/\/abc-cloud.de\/attina\/f1-hilfe\/wp-content\/uploads\/2022\/03\/Bild-09-DMS-fuer-KD-MA-06.png\" alt=\"\" class=\"wp-image-530\" width=\"339\" height=\"392\" srcset=\"https:\/\/abc-cloud.de\/attina\/f1-hilfe\/wp-content\/uploads\/2022\/03\/Bild-09-DMS-fuer-KD-MA-06.png 452w, https:\/\/abc-cloud.de\/attina\/f1-hilfe\/wp-content\/uploads\/2022\/03\/Bild-09-DMS-fuer-KD-MA-06-260x300.png 260w\" sizes=\"auto, (max-width: 339px) 100vw, 339px\" \/><\/a><\/figure>\n\n\n\n<p style=\"font-size:20px\">Geben Sie neben Vorlagenname den gew\u00fcnschten Namen f\u00fcr das Dokument ein und klicken Sie f\u00fcr den Speicherpfad in das wei\u00dfe Feld daneben.<\/p>\n\n\n\n<p style=\"font-size:20px\">Da Sie sich im Modul Mitarbeiter befinden, wird als Gruppierungstyp&nbsp;&nbsp;&nbsp;&nbsp;&nbsp;&nbsp;&nbsp;&nbsp;&nbsp;&nbsp; <strong>Mitarbeiter<\/strong> angezeigt.<\/p>\n\n\n\n<figure class=\"wp-block-image size-full is-resized\"><a href=\"https:\/\/abc-cloud.de\/attina\/f1-hilfe\/wp-content\/uploads\/2022\/03\/Bild-10-DMS-fuer-KD-MA-07.png\"><img loading=\"lazy\" decoding=\"async\" src=\"https:\/\/abc-cloud.de\/attina\/f1-hilfe\/wp-content\/uploads\/2022\/03\/Bild-10-DMS-fuer-KD-MA-07.png\" alt=\"\" class=\"wp-image-531\" width=\"342\" height=\"390\" srcset=\"https:\/\/abc-cloud.de\/attina\/f1-hilfe\/wp-content\/uploads\/2022\/03\/Bild-10-DMS-fuer-KD-MA-07.png 456w, https:\/\/abc-cloud.de\/attina\/f1-hilfe\/wp-content\/uploads\/2022\/03\/Bild-10-DMS-fuer-KD-MA-07-263x300.png 263w\" sizes=\"auto, (max-width: 342px) 100vw, 342px\" \/><\/a><\/figure>\n\n\n\n<p style=\"font-size:20px\">Ganz rechts neben Gruppe k\u00f6nnen Sie eine Auswahl \u00f6ffnen, indem Sie auf den kleinen Pfeil klicken.&nbsp; Sie k\u00f6nnen w\u00e4hlen, ob das Dokument <strong>ungruppiert<\/strong>, als <strong>ausgehend<\/strong> oder als <strong>eingehend<\/strong> hinterlegt werden soll.<\/p>\n\n\n\n<figure class=\"wp-block-image size-full is-resized\"><a href=\"https:\/\/abc-cloud.de\/attina\/f1-hilfe\/wp-content\/uploads\/2022\/03\/Bild-11-DMS-fuer-KD-MA-08.png\"><img loading=\"lazy\" decoding=\"async\" src=\"https:\/\/abc-cloud.de\/attina\/f1-hilfe\/wp-content\/uploads\/2022\/03\/Bild-11-DMS-fuer-KD-MA-08.png\" alt=\"\" class=\"wp-image-532\" width=\"342\" height=\"388\" srcset=\"https:\/\/abc-cloud.de\/attina\/f1-hilfe\/wp-content\/uploads\/2022\/03\/Bild-11-DMS-fuer-KD-MA-08.png 456w, https:\/\/abc-cloud.de\/attina\/f1-hilfe\/wp-content\/uploads\/2022\/03\/Bild-11-DMS-fuer-KD-MA-08-265x300.png 265w\" sizes=\"auto, (max-width: 342px) 100vw, 342px\" \/><\/a><\/figure>\n\n\n\n<p style=\"font-size:20px\">Zum Schluss setzen Sie den Haken neben <strong>Dokument speichern<\/strong> und schlie\u00dfen mit <strong>Ok<\/strong>.<\/p>\n\n\n\n<p style=\"font-size:20px\">Da wir zu Beginn <strong>Neue Vorlage erzeugen <\/strong>gew\u00e4hlt hatten, \u00f6ffnet sich nun das gew\u00fcnschte Word Dokument.<\/p>\n\n\n\n<figure class=\"wp-block-image size-large is-resized\"><a href=\"https:\/\/abc-cloud.de\/attina\/f1-hilfe\/wp-content\/uploads\/2022\/03\/Bild-12-DMS-fuer-KD-MA-09.png\"><img loading=\"lazy\" decoding=\"async\" src=\"https:\/\/abc-cloud.de\/attina\/f1-hilfe\/wp-content\/uploads\/2022\/03\/Bild-12-DMS-fuer-KD-MA-09-1024x617.png\" alt=\"\" class=\"wp-image-533\" width=\"768\" height=\"463\" srcset=\"https:\/\/abc-cloud.de\/attina\/f1-hilfe\/wp-content\/uploads\/2022\/03\/Bild-12-DMS-fuer-KD-MA-09-1024x617.png 1024w, https:\/\/abc-cloud.de\/attina\/f1-hilfe\/wp-content\/uploads\/2022\/03\/Bild-12-DMS-fuer-KD-MA-09-300x181.png 300w, https:\/\/abc-cloud.de\/attina\/f1-hilfe\/wp-content\/uploads\/2022\/03\/Bild-12-DMS-fuer-KD-MA-09-768x463.png 768w, https:\/\/abc-cloud.de\/attina\/f1-hilfe\/wp-content\/uploads\/2022\/03\/Bild-12-DMS-fuer-KD-MA-09.png 1076w\" sizes=\"auto, (max-width: 768px) 100vw, 768px\" \/><\/a><\/figure>\n\n\n\n<p style=\"font-size:20px\">Wenn im Bild das Fenster <strong>Warte auf Ende der Bearbeitung<\/strong> erscheint, kann unten schon das Word Dokument mit einem Klick ge\u00f6ffnet werden.<\/p>\n","protected":false},"excerpt":{"rendered":"<p>Vorlagen speichern im Modul Mitarbeiter Alle Dokumente, die in Attina erstellt werden, werden automatisch auch in Attina abgelegt, WENN der Haken bei Dokument speichern gesetzt wurde. Den Haken setzen Sie in den Modulen Mitarbeiter, Kunden und Auftrag. \u00d6ffnen Sie das Modul Mitarbeiter und klicken oben rechts auf die Diskette. Es \u00f6ffnet sich ein neues Fenster. [&hellip;]<\/p>\n","protected":false},"author":3,"featured_media":0,"parent":0,"menu_order":0,"comment_status":"closed","ping_status":"closed","template":"","meta":{"footnotes":""},"class_list":["post-513","page","type-page","status-publish","hentry"],"_links":{"self":[{"href":"https:\/\/abc-cloud.de\/attina\/f1-hilfe\/wp-json\/wp\/v2\/pages\/513","targetHints":{"allow":["GET"]}}],"collection":[{"href":"https:\/\/abc-cloud.de\/attina\/f1-hilfe\/wp-json\/wp\/v2\/pages"}],"about":[{"href":"https:\/\/abc-cloud.de\/attina\/f1-hilfe\/wp-json\/wp\/v2\/types\/page"}],"author":[{"embeddable":true,"href":"https:\/\/abc-cloud.de\/attina\/f1-hilfe\/wp-json\/wp\/v2\/users\/3"}],"replies":[{"embeddable":true,"href":"https:\/\/abc-cloud.de\/attina\/f1-hilfe\/wp-json\/wp\/v2\/comments?post=513"}],"version-history":[{"count":11,"href":"https:\/\/abc-cloud.de\/attina\/f1-hilfe\/wp-json\/wp\/v2\/pages\/513\/revisions"}],"predecessor-version":[{"id":1429,"href":"https:\/\/abc-cloud.de\/attina\/f1-hilfe\/wp-json\/wp\/v2\/pages\/513\/revisions\/1429"}],"wp:attachment":[{"href":"https:\/\/abc-cloud.de\/attina\/f1-hilfe\/wp-json\/wp\/v2\/media?parent=513"}],"curies":[{"name":"wp","href":"https:\/\/api.w.org\/{rel}","templated":true}]}}