{"id":704,"date":"2025-04-15T09:35:51","date_gmt":"2025-04-15T07:35:51","guid":{"rendered":"https:\/\/abc-cloud.de\/attina\/f1-hilfe\/?page_id=704"},"modified":"2025-08-29T11:32:53","modified_gmt":"2025-08-29T09:32:53","slug":"tarif","status":"publish","type":"page","link":"https:\/\/abc-cloud.de\/attina\/f1-hilfe\/tarif\/","title":{"rendered":"Tarif"},"content":{"rendered":"\n<p>In diesem Modul, dass Sie aufrufen unter <em>Stammdaten &#8211; Tarife<\/em> k\u00f6nnen Sie sich einen \u00dcberblick \u00fcber die aktuellen Tarifwerte verschaffen.<\/p>\n\n\n\n<figure class=\"wp-block-image size-full is-resized\"><img loading=\"lazy\" decoding=\"async\" width=\"325\" height=\"292\" src=\"https:\/\/abc-cloud.de\/attina\/f1-hilfe\/wp-content\/uploads\/2025\/04\/image-26.png\" alt=\"\" class=\"wp-image-2485\" style=\"width:269px;height:auto\" srcset=\"https:\/\/abc-cloud.de\/attina\/f1-hilfe\/wp-content\/uploads\/2025\/04\/image-26.png 325w, https:\/\/abc-cloud.de\/attina\/f1-hilfe\/wp-content\/uploads\/2025\/04\/image-26-300x270.png 300w\" sizes=\"auto, (max-width: 325px) 100vw, 325px\" \/><\/figure>\n\n\n\n<p>Sie werden vom Support-Team der Abc GmbH im Newsletter rechtzeitig auf Tarifver\u00e4nderungen der GVP (IGZ und BAP) hingewiesen. Die Tarifupdates werden dann vom Support-Team durchgef\u00fchrt. <\/p>\n\n\n\n<p>Sollten Sie eigene Tarife nutzen wollen, so k\u00f6nnen Sie sie in Attina anlegen. Unser Support-Team steht Ihnen bei der Einrichtung gerne mit Rat und Tat zur Seite. <\/p>\n\n\n\n<p><\/p>\n","protected":false},"excerpt":{"rendered":"<p>In diesem Modul, dass Sie aufrufen unter Stammdaten &#8211; Tarife k\u00f6nnen Sie sich einen \u00dcberblick \u00fcber die aktuellen Tarifwerte verschaffen. Sie werden vom Support-Team der Abc GmbH im Newsletter rechtzeitig auf Tarifver\u00e4nderungen der GVP (IGZ und BAP) hingewiesen. Die Tarifupdates werden dann vom Support-Team durchgef\u00fchrt. Sollten Sie eigene Tarife nutzen wollen, so k\u00f6nnen Sie sie [&hellip;]<\/p>\n","protected":false},"author":1,"featured_media":0,"parent":0,"menu_order":0,"comment_status":"closed","ping_status":"closed","template":"","meta":{"footnotes":""},"class_list":["post-704","page","type-page","status-publish","hentry"],"_links":{"self":[{"href":"https:\/\/abc-cloud.de\/attina\/f1-hilfe\/wp-json\/wp\/v2\/pages\/704","targetHints":{"allow":["GET"]}}],"collection":[{"href":"https:\/\/abc-cloud.de\/attina\/f1-hilfe\/wp-json\/wp\/v2\/pages"}],"about":[{"href":"https:\/\/abc-cloud.de\/attina\/f1-hilfe\/wp-json\/wp\/v2\/types\/page"}],"author":[{"embeddable":true,"href":"https:\/\/abc-cloud.de\/attina\/f1-hilfe\/wp-json\/wp\/v2\/users\/1"}],"replies":[{"embeddable":true,"href":"https:\/\/abc-cloud.de\/attina\/f1-hilfe\/wp-json\/wp\/v2\/comments?post=704"}],"version-history":[{"count":14,"href":"https:\/\/abc-cloud.de\/attina\/f1-hilfe\/wp-json\/wp\/v2\/pages\/704\/revisions"}],"predecessor-version":[{"id":2828,"href":"https:\/\/abc-cloud.de\/attina\/f1-hilfe\/wp-json\/wp\/v2\/pages\/704\/revisions\/2828"}],"wp:attachment":[{"href":"https:\/\/abc-cloud.de\/attina\/f1-hilfe\/wp-json\/wp\/v2\/media?parent=704"}],"curies":[{"name":"wp","href":"https:\/\/api.w.org\/{rel}","templated":true}]}}