{"id":812,"date":"2022-05-25T10:57:22","date_gmt":"2022-05-25T08:57:22","guid":{"rendered":"https:\/\/abc-cloud.de\/attina\/f1-hilfe\/?page_id=812"},"modified":"2024-08-13T16:26:46","modified_gmt":"2024-08-13T14:26:46","slug":"mahnliste","status":"publish","type":"page","link":"https:\/\/abc-cloud.de\/attina\/f1-hilfe\/mahnliste\/","title":{"rendered":"Mahnliste"},"content":{"rendered":"\n<h2 class=\"wp-block-heading has-large-font-size\">Mahnliste<\/h2>\n\n\n\n<p>Um zur Mahnliste zu gelangen haben Sie zwei M\u00f6glichkeiten:<br>1.: Gehen Sie im attina-Men\u00fc auf &#8222;Finanzen&#8220; und w\u00e4hlen dann &#8222;Mahnliste&#8220;, oder:<br>2.: Machen Sie in der Opos-Liste einen Rechtsklick auf einen offenen Posten, den Sie anmahnen m\u00f6chten und rufen dann &#8222;Mahnen&#8220; auf. Geben Sie ein Datum ein und dann \u00f6ffnet sich automatisch die Mahnliste. Alternativ k\u00f6nnen Sie in der oberen Button-Leiste in der Opos-Liste den Button &#8222;Mahnliste&#8220; klicken. <\/p>\n\n\n\n<p>Diese Liste zeigt Ihnen alle Mahnungen an. <br>Machen Sie einen Rechtsklick auf eine bestimmte Zeile. Es \u00f6ffnet sich das Kontextmen\u00fc, \u00fcber das Sie weitere Optionen zur Be- und Verarbeitung haben: <\/p>\n\n\n\n<figure class=\"wp-block-image size-full is-resized\"><img loading=\"lazy\" decoding=\"async\" width=\"490\" height=\"451\" src=\"https:\/\/abc-cloud.de\/attina\/f1-hilfe\/wp-content\/uploads\/2024\/08\/image-51.png\" alt=\"\" class=\"wp-image-1933\" style=\"width:330px;height:auto\" srcset=\"https:\/\/abc-cloud.de\/attina\/f1-hilfe\/wp-content\/uploads\/2024\/08\/image-51.png 490w, https:\/\/abc-cloud.de\/attina\/f1-hilfe\/wp-content\/uploads\/2024\/08\/image-51-300x276.png 300w\" sizes=\"auto, (max-width: 490px) 100vw, 490px\" \/><\/figure>\n\n\n\n<p>Alle diese Optionen finden Sie auch in der oberen Button-Leiste: <\/p>\n\n\n\n<figure class=\"wp-block-image size-full is-resized\"><img loading=\"lazy\" decoding=\"async\" width=\"674\" height=\"140\" src=\"https:\/\/abc-cloud.de\/attina\/f1-hilfe\/wp-content\/uploads\/2024\/08\/image-52.png\" alt=\"\" class=\"wp-image-1934\" style=\"width:396px;height:auto\" srcset=\"https:\/\/abc-cloud.de\/attina\/f1-hilfe\/wp-content\/uploads\/2024\/08\/image-52.png 674w, https:\/\/abc-cloud.de\/attina\/f1-hilfe\/wp-content\/uploads\/2024\/08\/image-52-300x62.png 300w\" sizes=\"auto, (max-width: 674px) 100vw, 674px\" \/><\/figure>\n\n\n\n<p>Sie haben die M\u00f6glichkeiten, markierte Mahnungen wieder zu l\u00f6schen, sich den betreffenden Kunden zu der Mahnung aufzurufen, die Liste zu drucken und\/oder zu exportieren. Klicken Sie auf den Filter um nach bestimmten Parametern die Liste anzeigen zu lassen. <\/p>\n\n\n\n<p>NUR \u00fcber die Option &#8222;Mahnungsdetails&#8220; l\u00e4sst sich eine Mahnung schreiben und versenden. <br>Klicken Sie im Kontextmen\u00fc darauf, oder klicken Sie den entsprechenden Button in der Leiste (blaue Mappe-Symbol), dann \u00f6ffnet sich ein weiteres Fenster:<\/p>\n\n\n\n<figure class=\"wp-block-image size-full\"><img loading=\"lazy\" decoding=\"async\" width=\"608\" height=\"280\" src=\"https:\/\/abc-cloud.de\/attina\/f1-hilfe\/wp-content\/uploads\/2024\/08\/image-54.png\" alt=\"\" class=\"wp-image-1936\" srcset=\"https:\/\/abc-cloud.de\/attina\/f1-hilfe\/wp-content\/uploads\/2024\/08\/image-54.png 608w, https:\/\/abc-cloud.de\/attina\/f1-hilfe\/wp-content\/uploads\/2024\/08\/image-54-300x138.png 300w\" sizes=\"auto, (max-width: 608px) 100vw, 608px\" \/><\/figure>\n\n\n\n<p>Hier bekommen Sie nun allerhand Detail-Informationen zu der Mahnung. Sie k\u00f6nnen noch \u00c4nderungen vornehme, z. B. den Titel \u00e4ndern (Betreffzeile in dem Mahnschreiben). Durch einen Rechtklick in die Liste der Positionen k\u00f6nnen Sie sich die dazugeh\u00f6rige Rechnung aufrufen lassen. <\/p>\n\n\n\n<p>Im Reiter &#8222;Text Kopfbereich&#8220; k\u00f6nnen Sie einen eigenen Text verfassen und z. B. Ablaufdatum einer Frist einf\u00fcgen und was Sie sonst in dem Schreiben mitteilen wollen. <\/p>\n\n\n\n<p>Im Reiter &#8222;Text Fu\u00dfbereich&#8220; k\u00f6nnen Sie auch einen Text frei verfassen, der im Mahnschreiben unten auf der Seite erscheinen soll. <\/p>\n\n\n\n<p>Dann k\u00f6nnen Sie \u00fcber das Drucksymbol die Mahnung drucken, per pdf speichern, oder per E-Mail versenden. <\/p>\n","protected":false},"excerpt":{"rendered":"<p>Mahnliste Um zur Mahnliste zu gelangen haben Sie zwei M\u00f6glichkeiten:1.: Gehen Sie im attina-Men\u00fc auf &#8222;Finanzen&#8220; und w\u00e4hlen dann &#8222;Mahnliste&#8220;, oder:2.: Machen Sie in der Opos-Liste einen Rechtsklick auf einen offenen Posten, den Sie anmahnen m\u00f6chten und rufen dann &#8222;Mahnen&#8220; auf. Geben Sie ein Datum ein und dann \u00f6ffnet sich automatisch die Mahnliste. Alternativ k\u00f6nnen [&hellip;]<\/p>\n","protected":false},"author":1,"featured_media":0,"parent":0,"menu_order":0,"comment_status":"closed","ping_status":"closed","template":"","meta":{"footnotes":""},"class_list":["post-812","page","type-page","status-publish","hentry"],"_links":{"self":[{"href":"https:\/\/abc-cloud.de\/attina\/f1-hilfe\/wp-json\/wp\/v2\/pages\/812","targetHints":{"allow":["GET"]}}],"collection":[{"href":"https:\/\/abc-cloud.de\/attina\/f1-hilfe\/wp-json\/wp\/v2\/pages"}],"about":[{"href":"https:\/\/abc-cloud.de\/attina\/f1-hilfe\/wp-json\/wp\/v2\/types\/page"}],"author":[{"embeddable":true,"href":"https:\/\/abc-cloud.de\/attina\/f1-hilfe\/wp-json\/wp\/v2\/users\/1"}],"replies":[{"embeddable":true,"href":"https:\/\/abc-cloud.de\/attina\/f1-hilfe\/wp-json\/wp\/v2\/comments?post=812"}],"version-history":[{"count":9,"href":"https:\/\/abc-cloud.de\/attina\/f1-hilfe\/wp-json\/wp\/v2\/pages\/812\/revisions"}],"predecessor-version":[{"id":1938,"href":"https:\/\/abc-cloud.de\/attina\/f1-hilfe\/wp-json\/wp\/v2\/pages\/812\/revisions\/1938"}],"wp:attachment":[{"href":"https:\/\/abc-cloud.de\/attina\/f1-hilfe\/wp-json\/wp\/v2\/media?parent=812"}],"curies":[{"name":"wp","href":"https:\/\/api.w.org\/{rel}","templated":true}]}}