{"id":839,"date":"2022-05-25T10:18:33","date_gmt":"2022-05-25T08:18:33","guid":{"rendered":"https:\/\/abc-cloud.de\/attina\/f1-hilfe\/?page_id=839"},"modified":"2025-03-11T12:12:03","modified_gmt":"2025-03-11T11:12:03","slug":"auftrag","status":"publish","type":"page","link":"https:\/\/abc-cloud.de\/attina\/f1-hilfe\/auftrag\/","title":{"rendered":"Auftrag"},"content":{"rendered":"\n<h2 class=\"wp-block-heading\">Auftr\u00e4ge<\/h2>\n\n\n\n<figure class=\"wp-block-video\"><video height=\"1080\" style=\"aspect-ratio: 1920 \/ 1080;\" width=\"1920\" controls src=\"https:\/\/abc-cloud.de\/attina\/f1-hilfe\/wp-content\/uploads\/2022\/05\/Endgueltiges-Video-2.mp4\"><\/video><\/figure>\n\n\n\n<p>Erstellen Sie Auftr\u00e4ge f\u00fcr Ihre Mitarbeitenden und geben Sie dort alle Daten an, die f\u00fcr den Einsatz im Kundenbetrieb wichtig sind. <\/p>\n\n\n\n<p>Rufen Sie das Auftragsmodul auf, indem Sie auf die Kachel im Desktop klicken, oder im Men\u00fc auf &#8222;Abl\u00e4ufe&#8220; und dann &#8222;Auftrag&#8220; ausw\u00e4hlen:<\/p>\n\n\n\n<figure class=\"wp-block-image size-full is-resized\"><img loading=\"lazy\" decoding=\"async\" width=\"718\" height=\"477\" src=\"https:\/\/abc-cloud.de\/attina\/f1-hilfe\/wp-content\/uploads\/2025\/02\/image.png\" alt=\"\" class=\"wp-image-2181\" style=\"width:351px;height:auto\" srcset=\"https:\/\/abc-cloud.de\/attina\/f1-hilfe\/wp-content\/uploads\/2025\/02\/image.png 718w, https:\/\/abc-cloud.de\/attina\/f1-hilfe\/wp-content\/uploads\/2025\/02\/image-300x199.png 300w\" sizes=\"auto, (max-width: 718px) 100vw, 718px\" \/><\/figure>\n\n\n\n<p>Im Auftragsmodul k\u00f6nnen bereits erstellte Auftr\u00e4ge angezeigt, oder neue Auftr\u00e4ge erzeugt werden. Mit einem Klick auf das Fernglas in der Suchzeile oben im Fenster zeigt Attina Ihnen ihre bereits angelegten Auftr\u00e4ge an.<br>Sobald Sie auf einen der Auftr\u00e4ge klicken, erscheint dieser rechts im Fenster und kann bearbeitet werden.<\/p>\n\n\n\n<p>Im oberen Teil des Moduls haben Sie alle Grunddaten zum Auftrag im \u00dcberblick. Dieser Teil des Moduls bleibt immer sichtbar. <br>Weitere Informationen zum Auftrag k\u00f6nnen Sie \u00fcber die einzelnen Kartenreitern (Auftrag, Einsatzstelle, Erweitert &amp; \u00c4nderungen) im unteren Bereich des Fensters einsehen, eingeben und ver\u00e4ndern.<\/p>\n\n\n\n<div class=\"spoiler-wrap\">\n\t\t\t\t<div class=\"spoiler-head folded\">neuen Auftrag anlegen<\/div>\n\t\t\t\t<div class=\"spoiler-body\"><\/p>\n\n\n\n<p>Wenn Sie einen neuen Auftrag anlegen m\u00f6chten, klicken Sie im oberen Bereich des Fensters auf das \u201e<strong>+<\/strong>\u201c in der Toolbar.<\/p>\n\n\n\n<figure class=\"wp-block-image size-full\"><img loading=\"lazy\" decoding=\"async\" width=\"949\" height=\"694\" src=\"https:\/\/abc-cloud.de\/attina\/f1-hilfe\/wp-content\/uploads\/2025\/03\/image-20.png\" alt=\"\" class=\"wp-image-2365\" srcset=\"https:\/\/abc-cloud.de\/attina\/f1-hilfe\/wp-content\/uploads\/2025\/03\/image-20.png 949w, https:\/\/abc-cloud.de\/attina\/f1-hilfe\/wp-content\/uploads\/2025\/03\/image-20-300x219.png 300w, https:\/\/abc-cloud.de\/attina\/f1-hilfe\/wp-content\/uploads\/2025\/03\/image-20-768x562.png 768w\" sizes=\"auto, (max-width: 949px) 100vw, 949px\" \/><\/figure>\n\n\n\n<p><br>Es \u00f6ffnet sich das Dialogfenster:<\/p>\n\n\n\n<figure class=\"wp-block-image size-full is-resized\"><img loading=\"lazy\" decoding=\"async\" width=\"949\" height=\"967\" src=\"https:\/\/abc-cloud.de\/attina\/f1-hilfe\/wp-content\/uploads\/2025\/02\/image-2.png\" alt=\"\" class=\"wp-image-2183\" style=\"width:414px;height:auto\" srcset=\"https:\/\/abc-cloud.de\/attina\/f1-hilfe\/wp-content\/uploads\/2025\/02\/image-2.png 949w, https:\/\/abc-cloud.de\/attina\/f1-hilfe\/wp-content\/uploads\/2025\/02\/image-2-294x300.png 294w, https:\/\/abc-cloud.de\/attina\/f1-hilfe\/wp-content\/uploads\/2025\/02\/image-2-768x783.png 768w\" sizes=\"auto, (max-width: 949px) 100vw, 949px\" \/><\/figure>\n\n\n\n<p>(1) W\u00e4hlen Sie zuerst einen Kunden aus, indem Sie auf die Lupe klicken. Im Feld darunter kann die Einsatzstelle des Kunden ausgew\u00e4hlt werden. <\/p>\n\n\n\n<p>(2) W\u00e4hlen Sie ein passendes Arbeitszeitmodell aus, indem Sie auf die oberste Zeile im Feld &#8222;Arbeitszeitenmodell&#8220; klicken.<br>Im Feld &#8222;Berufe&#8220; sehen Sie alle Berufe, die diesem Kunden und der ausgesuchten Einsatzstelle zugeordnet wurden. Markieren Sie einen Beruf, indem Sie einmal darauf klicken. Dieser Beruf wird in die weiteren Schritte \u00fcbernommen, kann aber auch noch ge\u00e4ndert werden, solang der Auftrag noch nicht final gespeichert wurde. <\/p>\n\n\n\n<p>(3) \u00dcber die drei kleinen Icons unten im Fenster k\u00f6nnen Sie sich Zusatzinformationen zum Kunden anzeigen lassen: <br>Offene Posten, Zusatzinformationen und bisherige Auftr\u00e4ge.<\/p>\n\n\n\n<p>Haben Sie alles eingestellt und ausgew\u00e4hlt, klicken Sie bitte auf &#8222;Weiter&#8220;. <\/p>\n\n\n\n<p>Im n\u00e4chsten Fenster sehen Sie im oberen Bereich die Felder, in denen Sie die Daten f\u00fcr den Beginn, die Dauer und die Erstellung ausw\u00e4hlen k\u00f6nnen. <br>Mit Klick auf das dicke Plus &#8222;<strong>x<\/strong>&#8220; k\u00f6nnen Sie dem Auftrag sogenannte Skills zuordnen, die ein Mitarbeiter unbedingt f\u00fcr diesen Einsatz\/Auftrag haben muss. <br>Unten im Fenster k\u00f6nnen Sie den vorher ausgew\u00e4hlten Beruf \u00e4ndern, sofern n\u00f6tig und entsprechende Berufsmerkmale zuordnen.<br>&#8222;Berufslohnarten&#8220; bedeutet, dass einem Beruf eventuell vorher bestimmte Lohnarten zugeordnet wuden. Setzen Sie in dem K\u00e4stchen einen Haken, so werden diese Lohnarten f\u00fcr diesen Auftrag verwendet. <br>Definieren Sie hier bitte auch den Verrechnungs- und \u00dcberstunden-Satz.<\/p>\n\n\n\n<figure class=\"wp-block-image size-full is-resized\"><img loading=\"lazy\" decoding=\"async\" width=\"935\" height=\"692\" src=\"https:\/\/abc-cloud.de\/attina\/f1-hilfe\/wp-content\/uploads\/2025\/02\/image-6.png\" alt=\"\" class=\"wp-image-2188\" style=\"width:435px;height:auto\" srcset=\"https:\/\/abc-cloud.de\/attina\/f1-hilfe\/wp-content\/uploads\/2025\/02\/image-6.png 935w, https:\/\/abc-cloud.de\/attina\/f1-hilfe\/wp-content\/uploads\/2025\/02\/image-6-300x222.png 300w, https:\/\/abc-cloud.de\/attina\/f1-hilfe\/wp-content\/uploads\/2025\/02\/image-6-768x568.png 768w\" sizes=\"auto, (max-width: 935px) 100vw, 935px\" \/><\/figure>\n\n\n\n<p>Mit Klick auf die Lupe in der Zeile &#8222;Mitarbeiter&#8220; \u00f6ffnet sich ein Men\u00fcfenster, in dem Sie dem Auftrag betimmte Mitarbeiter zuordnen k\u00f6nnen:<\/p>\n\n\n\n<figure class=\"wp-block-image size-full is-resized\"><img loading=\"lazy\" decoding=\"async\" width=\"949\" height=\"690\" src=\"https:\/\/abc-cloud.de\/attina\/f1-hilfe\/wp-content\/uploads\/2025\/02\/image-4.png\" alt=\"\" class=\"wp-image-2185\" style=\"width:437px;height:auto\" srcset=\"https:\/\/abc-cloud.de\/attina\/f1-hilfe\/wp-content\/uploads\/2025\/02\/image-4.png 949w, https:\/\/abc-cloud.de\/attina\/f1-hilfe\/wp-content\/uploads\/2025\/02\/image-4-300x218.png 300w, https:\/\/abc-cloud.de\/attina\/f1-hilfe\/wp-content\/uploads\/2025\/02\/image-4-768x558.png 768w\" sizes=\"auto, (max-width: 949px) 100vw, 949px\" \/><\/figure>\n\n\n\n<p>Im Feld &#8222;Status&#8220; k\u00f6nnen Sie anhaken, ob Sie die Mitarbeiter nach einem oder mehreren bestimmten Status filtern wollen. <br>Weisen Sie zudem diesem Auftrag einen Disponenten zu und \u00e4ndern Sie ggf. nochmals den Beruf zu dem Aufrag. <br>Auf der rechten Seite werden Ihnen alle Mitarbeiter angezeigt, die Ihren Filterkriterien entsprechen. Durch einfachen Klick w\u00e4hlen Sie einen Mitarbeiter aus. <br>Klicken Sie auf &#8222;Schlie\u00dfen&#8220;, gelangen Sie zum vorherigen Fenster zur\u00fcck, in dem die Mitarbeiter-Angaben dann \u00fcbernommen wurden. <\/p>\n\n\n\n<p><\/div>\n\t\t\t<\/div>\n\n\n\n<div class=\"spoiler-wrap\">\n\t\t\t\t<div class=\"spoiler-head folded\">Reiter - Auftrag<\/div>\n\t\t\t\t<div class=\"spoiler-body\"><\/p>\n\n\n\n<h3 class=\"wp-block-heading has-normal-font-size\">Auftrag<\/h3>\n\n\n\n<p>Im Feld &#8222;Mitarbeiter&#8220; kann man den \u00dcberlassungsberuf, die Zusatzqualifikation, eine Ausl\u00f6se oder auch das Kilometergeld eintragen.<br>Die Meldeuhrzeit in der Einsatzstelle des Kunden und die zus\u00e4tzliche Abwesenheit (geplante Fehlstunden) k\u00f6nnen im Feld &#8222;Melden&#8220; eingetragen werden.<br>Im rechten Bereich unter \u201eLohnarten\u201c k\u00f6nnen nochmals die Lohnarten des Auftrags angepasst werden. Jede \u00c4nderung bez\u00fcglich der Lohnarten muss mit Klick auf den dicken Pfeil in der Toolbar gespeichert werden. <\/p>\n\n\n\n<figure class=\"wp-block-image size-full is-resized\"><img loading=\"lazy\" decoding=\"async\" width=\"688\" height=\"494\" src=\"https:\/\/abc-cloud.de\/attina\/f1-hilfe\/wp-content\/uploads\/2025\/03\/image.png\" alt=\"\" class=\"wp-image-2306\" style=\"width:550px;height:auto\" srcset=\"https:\/\/abc-cloud.de\/attina\/f1-hilfe\/wp-content\/uploads\/2025\/03\/image.png 688w, https:\/\/abc-cloud.de\/attina\/f1-hilfe\/wp-content\/uploads\/2025\/03\/image-300x215.png 300w\" sizes=\"auto, (max-width: 688px) 100vw, 688px\" \/><\/figure>\n\n\n\n<p><\/div>\n\t\t\t<\/div>\n\n\n\n<div class=\"spoiler-wrap\">\n\t\t\t\t<div class=\"spoiler-head folded\">Reiter - Einsatzstelle<\/div>\n\t\t\t\t<div class=\"spoiler-body\"><\/p>\n\n\n\n<h3 class=\"wp-block-heading has-normal-font-size\">Einsatzstelle<\/h3>\n\n\n\n<p>Im Reiter Einsatzstelle sind Details zur Stelle einsehbar und auch Details zum geplanten Arbeitszeitmodell. <\/p>\n\n\n\n<figure class=\"wp-block-image size-full\"><img loading=\"lazy\" decoding=\"async\" width=\"697\" height=\"428\" src=\"https:\/\/abc-cloud.de\/attina\/f1-hilfe\/wp-content\/uploads\/2025\/03\/image-1.png\" alt=\"\" class=\"wp-image-2307\" srcset=\"https:\/\/abc-cloud.de\/attina\/f1-hilfe\/wp-content\/uploads\/2025\/03\/image-1.png 697w, https:\/\/abc-cloud.de\/attina\/f1-hilfe\/wp-content\/uploads\/2025\/03\/image-1-300x184.png 300w\" sizes=\"auto, (max-width: 697px) 100vw, 697px\" \/><\/figure>\n\n\n\n<p>In den Feldern &#8222;Mitarbeiter Information&#8220; und &#8222;Kunden Information&#8220; k\u00f6nnen Sie Ihre Angaben einfach hineinschreiben. \u00c4nderungen in diesen Feldern speichern Sie mit Klick auf den dicken Haken oben im Modulfenster in der Toolbar. <\/p>\n\n\n\n<p><\/div>\n\t\t\t<\/div>\n\n\n\n<div class=\"spoiler-wrap\">\n\t\t\t\t<div class=\"spoiler-head folded\">Reiter - Erweitert<\/div>\n\t\t\t\t<div class=\"spoiler-body\"><\/p>\n\n\n\n<h3 class=\"wp-block-heading has-normal-font-size\">Erweitert<\/h3>\n\n\n\n<p>Im Reiter &#8222;Erweitert&#8220; haben Sie einige Freidef-Felder f\u00fcr die individuelle Auftragserstellung zur Verf\u00fcgung. Die Felder k\u00f6nnen Sie nach Belieben umbenennen. <br>Im unteren Bereich definiert man eine Importkennung f\u00fcr externe Programme.<br>Bei Fragen zu externen Programmen konsultieren Sie bitte das Handbuch des entsprechenden Programms. Durch Eingabe eines bestimmten Zahlencodes, kann man die Daten an ein externes Programm im- und auch exportieren. <\/p>\n\n\n\n<figure class=\"wp-block-image size-full\"><img loading=\"lazy\" decoding=\"async\" width=\"949\" height=\"456\" src=\"https:\/\/abc-cloud.de\/attina\/f1-hilfe\/wp-content\/uploads\/2025\/03\/image-4.png\" alt=\"\" class=\"wp-image-2316\" srcset=\"https:\/\/abc-cloud.de\/attina\/f1-hilfe\/wp-content\/uploads\/2025\/03\/image-4.png 949w, https:\/\/abc-cloud.de\/attina\/f1-hilfe\/wp-content\/uploads\/2025\/03\/image-4-300x144.png 300w, https:\/\/abc-cloud.de\/attina\/f1-hilfe\/wp-content\/uploads\/2025\/03\/image-4-768x369.png 768w\" sizes=\"auto, (max-width: 949px) 100vw, 949px\" \/><\/figure>\n\n\n\n<p><\/div>\n\t\t\t<\/div>\n\n\n\n<div class=\"spoiler-wrap\">\n\t\t\t\t<div class=\"spoiler-head folded\">Reiter - \u00c4nderungshistorie<\/div>\n\t\t\t\t<div class=\"spoiler-body\"><\/p>\n\n\n\n<h3 class=\"wp-block-heading has-normal-font-size\">\u00c4nderungenshistorie<\/h3>\n\n\n\n<p>Sobald wichtige Daten im Auftrag ge\u00e4ndert werden, z. B. \u00c4nderungen an den Zulagen, Lohnarten, etc&#8230;, wird automatisch hier eine Notiz f\u00fcr Sie erstellt. So haben Sie den \u00dcberblick, wer im Betrieb an dem Auftrag mitgearbeitet und \u00c4nderungen zu welchem Zeitpunkt vorgenommen hat.<\/p>\n\n\n\n<p><\/div>\n\t\t\t<\/div>\n\n\n\n<div class=\"spoiler-wrap\">\n\t\t\t\t<div class=\"spoiler-head folded\">Reiter - Schutz\/Vorsorge<\/div>\n\t\t\t\t<div class=\"spoiler-body\"><\/p>\n\n\n\n<h3 class=\"wp-block-heading has-normal-font-size\">Schutz \/ Vorsorge<\/h3>\n\n\n\n<p>Im Reiter &#8222;Schutz und Vorsorge&#8220; hinterlegen Sie Daten zum Thema Arbeitsschutz. Haben Sie zuvor in der Kundenmodul einen Ansprechpartner als Sicherheitsfachkraft deklariert, so k\u00f6nnen Sie diesen Ansprechpartner hier ausw\u00e4hlen und bekommen die dazugeh\u00f6rigen Daten zu der Person gleich angezeigt. <\/p>\n\n\n\n<figure class=\"wp-block-image size-full is-resized\"><img loading=\"lazy\" decoding=\"async\" width=\"949\" height=\"604\" src=\"https:\/\/abc-cloud.de\/attina\/f1-hilfe\/wp-content\/uploads\/2025\/03\/image-7.png\" alt=\"\" class=\"wp-image-2320\" style=\"width:554px;height:auto\" srcset=\"https:\/\/abc-cloud.de\/attina\/f1-hilfe\/wp-content\/uploads\/2025\/03\/image-7.png 949w, https:\/\/abc-cloud.de\/attina\/f1-hilfe\/wp-content\/uploads\/2025\/03\/image-7-300x191.png 300w, https:\/\/abc-cloud.de\/attina\/f1-hilfe\/wp-content\/uploads\/2025\/03\/image-7-768x489.png 768w\" sizes=\"auto, (max-width: 949px) 100vw, 949px\" \/><\/figure>\n\n\n\n<p><\/div>\n\t\t\t<\/div>\n\n\n\n<div class=\"spoiler-wrap\">\n\t\t\t\t<div class=\"spoiler-head folded\">Reiter - Konditionen<\/div>\n\t\t\t\t<div class=\"spoiler-body\"><\/p>\n\n\n\n<p>Im Reiter Konditionen k\u00f6nnen Sie weitere Details zum eingeteilten Mitarbeiter des Auftrags eingeben.<\/p>\n\n\n\n<figure class=\"wp-block-image size-full is-resized\"><img loading=\"lazy\" decoding=\"async\" width=\"774\" height=\"758\" src=\"https:\/\/abc-cloud.de\/attina\/f1-hilfe\/wp-content\/uploads\/2025\/03\/image-22.png\" alt=\"\" class=\"wp-image-2370\" style=\"width:554px;height:auto\" srcset=\"https:\/\/abc-cloud.de\/attina\/f1-hilfe\/wp-content\/uploads\/2025\/03\/image-22.png 774w, https:\/\/abc-cloud.de\/attina\/f1-hilfe\/wp-content\/uploads\/2025\/03\/image-22-300x294.png 300w, https:\/\/abc-cloud.de\/attina\/f1-hilfe\/wp-content\/uploads\/2025\/03\/image-22-768x752.png 768w\" sizes=\"auto, (max-width: 774px) 100vw, 774px\" \/><\/figure>\n\n\n\n<p>Die Liste der Merkmale der T\u00e4tigkeit k\u00f6nnen Sie in der Detailkonfiguration nach Belieben erweitern oder ver\u00e4ndern. Details zur Detailkonfiguration k\u00f6nnen Sie hier nachlesen: <br><a href=\"https:\/\/abc-cloud.de\/attina\/f1-hilfe\/detail-konfiguration\/\">Detail-Konfiguration \u2013 Attina Hilfe<\/a><\/p>\n\n\n\n<p><\/div>\n\t\t\t<\/div>\n\n\n\n<p>N\u00e4here Informationen zu den Reitern <br> &#8211; Branchentarif<br> &#8211; EqualPay<br> &#8211; Dynamische Zuschl\u00e4ge <br>werden hier in K\u00fcrze erscheinen.<\/p>\n\n\n\n<div class=\"spoiler-wrap\">\n\t\t\t\t<div class=\"spoiler-head folded\">Auftrag l\u00f6schen<\/div>\n\t\t\t\t<div class=\"spoiler-body\"><\/p>\n\n\n\n<figure class=\"wp-block-image size-full is-resized\"><img loading=\"lazy\" decoding=\"async\" width=\"148\" height=\"48\" src=\"https:\/\/abc-cloud.de\/attina\/f1-hilfe\/wp-content\/uploads\/2025\/03\/image-19.png\" alt=\"\" class=\"wp-image-2363\" style=\"width:156px;height:auto\" \/><\/figure>\n\n\n\n<p>Klicken Sie oben links im Fenster in der Toolbar auf das dicke Minus um einen Auftrag zu l\u00f6schen. <\/p>\n\n\n\n<p><strong>Wichtig:<\/strong> Sollten bereits auftragsbezogene Daten in der Fakturierung vorhanden sein, dann kann der Auftrag NICHT gel\u00f6scht werden. <br>In dem Fall m\u00fcssen die auftragsbezogenen Daten zun\u00e4chst aus der Fakturierung gel\u00f6scht werden, dann ist erst die L\u00f6schung des Auftrags m\u00f6glich. <\/p>\n\n\n\n<p><\/div>\n\t\t\t<\/div>\n","protected":false},"excerpt":{"rendered":"<p>Auftr\u00e4ge Erstellen Sie Auftr\u00e4ge f\u00fcr Ihre Mitarbeitenden und geben Sie dort alle Daten an, die f\u00fcr den Einsatz im Kundenbetrieb wichtig sind. Rufen Sie das Auftragsmodul auf, indem Sie auf die Kachel im Desktop klicken, oder im Men\u00fc auf &#8222;Abl\u00e4ufe&#8220; und dann &#8222;Auftrag&#8220; ausw\u00e4hlen: Im Auftragsmodul k\u00f6nnen bereits erstellte Auftr\u00e4ge angezeigt, oder neue Auftr\u00e4ge erzeugt [&hellip;]<\/p>\n","protected":false},"author":1,"featured_media":0,"parent":0,"menu_order":0,"comment_status":"closed","ping_status":"closed","template":"","meta":{"footnotes":""},"class_list":["post-839","page","type-page","status-publish","hentry"],"_links":{"self":[{"href":"https:\/\/abc-cloud.de\/attina\/f1-hilfe\/wp-json\/wp\/v2\/pages\/839","targetHints":{"allow":["GET"]}}],"collection":[{"href":"https:\/\/abc-cloud.de\/attina\/f1-hilfe\/wp-json\/wp\/v2\/pages"}],"about":[{"href":"https:\/\/abc-cloud.de\/attina\/f1-hilfe\/wp-json\/wp\/v2\/types\/page"}],"author":[{"embeddable":true,"href":"https:\/\/abc-cloud.de\/attina\/f1-hilfe\/wp-json\/wp\/v2\/users\/1"}],"replies":[{"embeddable":true,"href":"https:\/\/abc-cloud.de\/attina\/f1-hilfe\/wp-json\/wp\/v2\/comments?post=839"}],"version-history":[{"count":27,"href":"https:\/\/abc-cloud.de\/attina\/f1-hilfe\/wp-json\/wp\/v2\/pages\/839\/revisions"}],"predecessor-version":[{"id":2372,"href":"https:\/\/abc-cloud.de\/attina\/f1-hilfe\/wp-json\/wp\/v2\/pages\/839\/revisions\/2372"}],"wp:attachment":[{"href":"https:\/\/abc-cloud.de\/attina\/f1-hilfe\/wp-json\/wp\/v2\/media?parent=839"}],"curies":[{"name":"wp","href":"https:\/\/api.w.org\/{rel}","templated":true}]}}