{"id":898,"date":"2022-05-25T12:51:16","date_gmt":"2022-05-25T10:51:16","guid":{"rendered":"https:\/\/abc-cloud.de\/attina\/f1-hilfe\/?page_id=898"},"modified":"2024-08-12T11:42:37","modified_gmt":"2024-08-12T09:42:37","slug":"rechnungsverwaltung","status":"publish","type":"page","link":"https:\/\/abc-cloud.de\/attina\/f1-hilfe\/rechnungsverwaltung\/","title":{"rendered":"Rechnungsverwaltung"},"content":{"rendered":"\n<h2 class=\"wp-block-heading\">Rechnungsverwaltung<\/h2>\n\n\n\n<figure class=\"wp-block-video\"><video height=\"1080\" style=\"aspect-ratio: 1920 \/ 1080;\" width=\"1920\" controls src=\"https:\/\/abc-cloud.de\/attina\/f1-hilfe\/wp-content\/uploads\/2022\/05\/Endgueltiges-Video-4.mp4\"><\/video><\/figure>\n\n\n\n<p>Aus der <a href=\"https:\/\/abc-cloud.de\/attina\/f1-hilfe\/rechnungsvorbereitung\/\">Rechnungsvorbereitung<\/a>, oder <a href=\"https:\/\/abc-cloud.de\/attina\/f1-hilfe\/proberechnung\/\">Proberechnung<\/a>, l\u00e4sst sich eine ordentliche Rechnung erzeugen. Diese bekommt eine fortlaufende Rechnungsnummer und ist in der Rechnungsverwaltung gespeichert. <br>Die Rechnungsverwaltung rufen Sie \u00fcber das attina-Men\u00fc auf:<br><strong>Abl\u00e4ufe &#8211; Rechnungsverwaltung<\/strong>, <br>oder klicken Sie auf die entsprechende Kachel in Ihrem Startmen\u00fc (Dashboard).<\/p>\n\n\n\n<figure class=\"wp-block-image size-full is-resized\"><img loading=\"lazy\" decoding=\"async\" width=\"717\" height=\"643\" src=\"https:\/\/abc-cloud.de\/attina\/f1-hilfe\/wp-content\/uploads\/2024\/08\/image-48.png\" alt=\"\" class=\"wp-image-1919\" style=\"width:381px;height:auto\" srcset=\"https:\/\/abc-cloud.de\/attina\/f1-hilfe\/wp-content\/uploads\/2024\/08\/image-48.png 717w, https:\/\/abc-cloud.de\/attina\/f1-hilfe\/wp-content\/uploads\/2024\/08\/image-48-300x269.png 300w\" sizes=\"auto, (max-width: 717px) 100vw, 717px\" \/><\/figure>\n\n\n\n<p>In diesem Modul haben Sie viele Funktionen, wie Sie Ihre Rechnungen gestalten k\u00f6nnen: <\/p>\n\n\n\n<figure class=\"wp-block-image size-full is-resized\"><img loading=\"lazy\" decoding=\"async\" width=\"304\" height=\"78\" src=\"https:\/\/abc-cloud.de\/attina\/f1-hilfe\/wp-content\/uploads\/2024\/05\/Rechng.-drucken-senden.png\" alt=\"\" class=\"wp-image-1711\" style=\"width:442px;height:auto\" srcset=\"https:\/\/abc-cloud.de\/attina\/f1-hilfe\/wp-content\/uploads\/2024\/05\/Rechng.-drucken-senden.png 304w, https:\/\/abc-cloud.de\/attina\/f1-hilfe\/wp-content\/uploads\/2024\/05\/Rechng.-drucken-senden-300x77.png 300w\" sizes=\"auto, (max-width: 304px) 100vw, 304px\" \/><\/figure>\n\n\n\n<p><strong>1 \u2013 neuen Vorgang erstellen<\/strong><br>\u00dcber das &#8222;+&#8220; k\u00f6nnen Sie eine manuelle Rechnung erstellen<br><strong>2 &#8211;\u00a0 l\u00f6schen<\/strong><br>\u00dcber das &#8222;-&#8220; kann eine Rechnung gel\u00f6scht werden. Wichtig: eine bereits gedruckte oder per Mail versandte Rechnung kann nicht mehr gel\u00f6scht oder ver\u00e4ndert werden! <br><strong>3 &#8211;\u00a0 Bearbeiten<\/strong><br><strong>4 \u2013 Abspeichern<\/strong><br>Alle \u00c4nderungen sollten Sie unbedingt abspeichern. Klicken Sie auch einfach zwischendurch auf den Button um sich abzusichern. <br><strong>5 &#8211;\u00a0 Abbrechen<\/strong><br>Haben Sie einen Vorgang begonnen und noch nicht gespeichert, so k\u00f6nnen Sie ihn einfach abbrechen. <br><strong>6 \u2013 Aktualisieren<\/strong><br><strong>7\u00a0 &#8211; Drucken<\/strong><br>Hier\u00fcber k\u00f6nnen Sie sich das Rechnungsschreiben in einer Seitenansicht anzeigen lassen, als pdf speichern, per E-Mail versenden und nat\u00fcrlich auch ausdrucken. <strong>WICHTIG:<\/strong> sobald eine Rechnung gedruckt wurde, l\u00e4sst sie sich nicht mehr ver\u00e4ndern, l\u00f6schen o.\u00e4.! Bitte pr\u00fcfen Sie VOR dem Druck und Versand der Rechnung, ob alles korrekt ist. <br><strong>8\u00a0 &#8211; Vorgang duplizieren<\/strong><br>Haben Sie z. B. einen Kunden, der eine immer gleiche regelm\u00e4\u00dfige Rechnung bekommt, suchen Sie sich eine vergangene Rechnung dieser Arrt heraus und duplizieren sie den Vorgang. Die duplizierte Rechnung tr\u00e4gt eine neue Nummer, ist ansonsten aber genau gleich.<br><strong>9 \u2013 Export <\/strong><br>Hier\u00fcber l\u00e4sst sich die einzelne Rechnung exportieren, z. B. in einen Ordner auf Ihrem Rechner.<\/p>\n\n\n\n<figure class=\"wp-block-image size-full is-resized\"><img loading=\"lazy\" decoding=\"async\" width=\"931\" height=\"504\" src=\"https:\/\/abc-cloud.de\/attina\/f1-hilfe\/wp-content\/uploads\/2024\/08\/image-49.png\" alt=\"\" class=\"wp-image-1920\" style=\"width:569px;height:auto\" srcset=\"https:\/\/abc-cloud.de\/attina\/f1-hilfe\/wp-content\/uploads\/2024\/08\/image-49.png 931w, https:\/\/abc-cloud.de\/attina\/f1-hilfe\/wp-content\/uploads\/2024\/08\/image-49-300x162.png 300w, https:\/\/abc-cloud.de\/attina\/f1-hilfe\/wp-content\/uploads\/2024\/08\/image-49-768x416.png 768w\" sizes=\"auto, (max-width: 931px) 100vw, 931px\" \/><\/figure>\n\n\n\n<p>In der Zeile \u00fcber den Rechnungspositionen finden Sie verschiedene Buttons, \u00fcber die Sie z. B. eine Rechnungsposition mit einem Kunden oder Mitarbeiter verkn\u00fcpfen wollen. <br>Weiterhin k\u00f6nnen Sie auch \u00fcber diese Buttons w\u00e4hlen, ob Sie eine Position l\u00f6schen, stornieren, oder eine <a href=\"https:\/\/abc-cloud.de\/attina\/f1-hilfe\/gutschrift-rechnungskorrektur-schreiben\/\">Gutschrift<\/a> erstellen wollen. <br>Nach einem L\u00f6schvorgang, oder nach \u00c4nderung einer Summe in einer Position, klicken Sie mit den \u00e4u\u00dferen beiden Buttons die Positionsnummern neu anzeigen lassen und die Positions- und Gesamtsumme neu berechnen lassen. <\/p>\n","protected":false},"excerpt":{"rendered":"<p>Rechnungsverwaltung Aus der Rechnungsvorbereitung, oder Proberechnung, l\u00e4sst sich eine ordentliche Rechnung erzeugen. Diese bekommt eine fortlaufende Rechnungsnummer und ist in der Rechnungsverwaltung gespeichert. Die Rechnungsverwaltung rufen Sie \u00fcber das attina-Men\u00fc auf:Abl\u00e4ufe &#8211; Rechnungsverwaltung, oder klicken Sie auf die entsprechende Kachel in Ihrem Startmen\u00fc (Dashboard). In diesem Modul haben Sie viele Funktionen, wie Sie Ihre Rechnungen [&hellip;]<\/p>\n","protected":false},"author":1,"featured_media":0,"parent":0,"menu_order":0,"comment_status":"closed","ping_status":"closed","template":"","meta":{"footnotes":""},"class_list":["post-898","page","type-page","status-publish","hentry"],"_links":{"self":[{"href":"https:\/\/abc-cloud.de\/attina\/f1-hilfe\/wp-json\/wp\/v2\/pages\/898","targetHints":{"allow":["GET"]}}],"collection":[{"href":"https:\/\/abc-cloud.de\/attina\/f1-hilfe\/wp-json\/wp\/v2\/pages"}],"about":[{"href":"https:\/\/abc-cloud.de\/attina\/f1-hilfe\/wp-json\/wp\/v2\/types\/page"}],"author":[{"embeddable":true,"href":"https:\/\/abc-cloud.de\/attina\/f1-hilfe\/wp-json\/wp\/v2\/users\/1"}],"replies":[{"embeddable":true,"href":"https:\/\/abc-cloud.de\/attina\/f1-hilfe\/wp-json\/wp\/v2\/comments?post=898"}],"version-history":[{"count":11,"href":"https:\/\/abc-cloud.de\/attina\/f1-hilfe\/wp-json\/wp\/v2\/pages\/898\/revisions"}],"predecessor-version":[{"id":1925,"href":"https:\/\/abc-cloud.de\/attina\/f1-hilfe\/wp-json\/wp\/v2\/pages\/898\/revisions\/1925"}],"wp:attachment":[{"href":"https:\/\/abc-cloud.de\/attina\/f1-hilfe\/wp-json\/wp\/v2\/media?parent=898"}],"curies":[{"name":"wp","href":"https:\/\/api.w.org\/{rel}","templated":true}]}}