{"id":939,"date":"2022-05-25T10:33:17","date_gmt":"2022-05-25T08:33:17","guid":{"rendered":"https:\/\/abc-cloud.de\/attina\/f1-hilfe\/?page_id=939"},"modified":"2022-09-28T16:24:35","modified_gmt":"2022-09-28T14:24:35","slug":"erstellte-auftraege","status":"publish","type":"page","link":"https:\/\/abc-cloud.de\/attina\/f1-hilfe\/erstellte-auftraege\/","title":{"rendered":"Erstellte Auftr\u00e4ge"},"content":{"rendered":"\n<h2 class=\"has-normal-font-size wp-block-heading\">Auftr\u00e4ge<\/h2>\n\n\n\n<p>Nach dem Angebot und nach der Zusage des Kunden folgt der Auftrag. Attina bietet zwei M\u00f6glichkeiten einen Auftrag zu erstellen:<\/p>\n\n\n\n<ol class=\"wp-block-list\"><li>aus einem Angebot heraus einen Auftrag generieren oder<\/li><li>Men\u00fcpunkt \u201eAbl\u00e4ufe\u201c =&gt; \u201eAuftrag\u201c<\/li><\/ol>\n\n\n\n<figure class=\"wp-block-image size-full\"><a href=\"https:\/\/abc-cloud.de\/attina\/f1-hilfe\/wp-content\/uploads\/2022\/05\/Auftrg1-300x218-1.png\"><img loading=\"lazy\" decoding=\"async\" width=\"300\" height=\"218\" src=\"https:\/\/abc-cloud.de\/attina\/f1-hilfe\/wp-content\/uploads\/2022\/05\/Auftrg1-300x218-1.png\" alt=\"\" class=\"wp-image-940\"\/><\/a><\/figure>\n\n\n\n<p>Im Fenster Auftrag k\u00f6nnen bereits erstellte Auftr\u00e4ge angezeigt oder neue Auftr\u00e4ge eingepflegt werden. Mit einem Klick auf das Fernglas in der Toolbar zeigt Attina Ihnen ihre bereits angelegten Auftr\u00e4ge an.<br>Sobald Sie auf einen der Auftr\u00e4ge klicken, erscheint dieser im Fenster und kann ausgew\u00e4hlt werden.<br>Weitere Informationen zum Auftrag finden sie jeweils in den Kartenreitern (Auftrag, Einsatzstelle, Erweitert &amp; \u00c4nderungen) im unteren Bereich des Fensters.<\/p>\n\n\n\n<figure class=\"wp-block-image size-large is-resized\"><a href=\"https:\/\/abc-cloud.de\/attina\/f1-hilfe\/wp-content\/uploads\/2022\/09\/Screenshot-Erstellte-Auftraege-auftrag-w.webp\"><img loading=\"lazy\" decoding=\"async\" src=\"https:\/\/abc-cloud.de\/attina\/f1-hilfe\/wp-content\/uploads\/2022\/09\/Screenshot-Erstellte-Auftraege-auftrag-w-1024x575.webp\" alt=\"\" class=\"wp-image-1396\" width=\"734\" height=\"412\" srcset=\"https:\/\/abc-cloud.de\/attina\/f1-hilfe\/wp-content\/uploads\/2022\/09\/Screenshot-Erstellte-Auftraege-auftrag-w-1024x575.webp 1024w, https:\/\/abc-cloud.de\/attina\/f1-hilfe\/wp-content\/uploads\/2022\/09\/Screenshot-Erstellte-Auftraege-auftrag-w-300x168.webp 300w, https:\/\/abc-cloud.de\/attina\/f1-hilfe\/wp-content\/uploads\/2022\/09\/Screenshot-Erstellte-Auftraege-auftrag-w-768x431.webp 768w, https:\/\/abc-cloud.de\/attina\/f1-hilfe\/wp-content\/uploads\/2022\/09\/Screenshot-Erstellte-Auftraege-auftrag-w-1536x863.webp 1536w, https:\/\/abc-cloud.de\/attina\/f1-hilfe\/wp-content\/uploads\/2022\/09\/Screenshot-Erstellte-Auftraege-auftrag-w-1200x674.webp 1200w, https:\/\/abc-cloud.de\/attina\/f1-hilfe\/wp-content\/uploads\/2022\/09\/Screenshot-Erstellte-Auftraege-auftrag-w.webp 1681w\" sizes=\"auto, (max-width: 734px) 100vw, 734px\" \/><\/a><\/figure>\n","protected":false},"excerpt":{"rendered":"<p>Auftr\u00e4ge Nach dem Angebot und nach der Zusage des Kunden folgt der Auftrag. Attina bietet zwei M\u00f6glichkeiten einen Auftrag zu erstellen: aus einem Angebot heraus einen Auftrag generieren oder Men\u00fcpunkt \u201eAbl\u00e4ufe\u201c =&gt; \u201eAuftrag\u201c Im Fenster Auftrag k\u00f6nnen bereits erstellte Auftr\u00e4ge angezeigt oder neue Auftr\u00e4ge eingepflegt werden. Mit einem Klick auf das Fernglas in der Toolbar [&hellip;]<\/p>\n","protected":false},"author":1,"featured_media":0,"parent":0,"menu_order":0,"comment_status":"closed","ping_status":"closed","template":"","meta":{"footnotes":""},"class_list":["post-939","page","type-page","status-publish","hentry"],"_links":{"self":[{"href":"https:\/\/abc-cloud.de\/attina\/f1-hilfe\/wp-json\/wp\/v2\/pages\/939","targetHints":{"allow":["GET"]}}],"collection":[{"href":"https:\/\/abc-cloud.de\/attina\/f1-hilfe\/wp-json\/wp\/v2\/pages"}],"about":[{"href":"https:\/\/abc-cloud.de\/attina\/f1-hilfe\/wp-json\/wp\/v2\/types\/page"}],"author":[{"embeddable":true,"href":"https:\/\/abc-cloud.de\/attina\/f1-hilfe\/wp-json\/wp\/v2\/users\/1"}],"replies":[{"embeddable":true,"href":"https:\/\/abc-cloud.de\/attina\/f1-hilfe\/wp-json\/wp\/v2\/comments?post=939"}],"version-history":[{"count":4,"href":"https:\/\/abc-cloud.de\/attina\/f1-hilfe\/wp-json\/wp\/v2\/pages\/939\/revisions"}],"predecessor-version":[{"id":1471,"href":"https:\/\/abc-cloud.de\/attina\/f1-hilfe\/wp-json\/wp\/v2\/pages\/939\/revisions\/1471"}],"wp:attachment":[{"href":"https:\/\/abc-cloud.de\/attina\/f1-hilfe\/wp-json\/wp\/v2\/media?parent=939"}],"curies":[{"name":"wp","href":"https:\/\/api.w.org\/{rel}","templated":true}]}}